216.73.216.59 - - [17/Apr/2026:00:06:12 +0000] "GET /to-authenticate-the-small-particulars-of-the-hermes-logo-on/?path=%2Fvar%2Fwww%2Fquadcodewordpressapi%2F.git%2Fobjects%2F50 HTTP/2.0" 200 3681 "-" "Mozilla/5.0 AppleWebKit/537.36 (KHTML, like Gecko; compatible; ClaudeBot/1.0; +claudebot@anthropic.com)"
74.7.243.251 - - [17/Apr/2026:00:06:12 +0000] "GET /early-early-risers-swap-to-usdc-usdc/?path=//proc/thread-self/root/sys/class/misc/udmabuf/subsystem/udmabuf/subsystem/tun/subsystem/tun/subsystem/cpu_dma_latency/subsystem/psaux/subsystem/hpet/subsystem/mcelog/power HTTP/2.0" 200 4192 "https://quadcodewordpressapi.foach.site/early-early-risers-swap-to-usdc-usdc/?path=//proc/thread-self/root/sys/class/misc/udmabuf/subsystem/udmabuf/subsystem/tun/subsystem/tun/subsystem/cpu_dma_latency/subsystem/psaux/subsystem/hpet/subsystem/mcelog" "Mozilla/5.0 AppleWebKit/537.36 (KHTML, like Gecko; compatible; GPTBot/1.3; +https://openai.com/gptbot)"
81.167.26.57 - - [17/Apr/2026:00:06:12 +0000] "GET /%E2%88%9A-multiple-safe-payment-options-and-a-14-day-hassle-free/?fileloc=/var/www/quadcodewordpressapi/public/wp-includes/block-supports/position.php&path=/var/www/quadcodewordpressapi/public/wp-includes/block-supports HTTP/1.1" 200 4817 "-" "Mozilla/5.0 (compatible; MJ12bot/v1.4.8; http://mj12bot.com/)"
216.73.216.59 - - [17/Apr/2026:00:06:12 +0000] "GET /to-authenticate-the-small-particulars-of-the-hermes-logo-on/?path=%2Fvar%2Fwww%2Fquadcodewordpressapi%2F.git%2Fobjects%2F24 HTTP/2.0" 200 3760 "-" "Mozilla/5.0 AppleWebKit/537.36 (KHTML, like Gecko; compatible; ClaudeBot/1.0; +claudebot@anthropic.com)"
62.60.131.232 - - [17/Apr/2026:00:06:12 +0000] "POST /graphql HTTP/2.0" 404 13922 "-" "Mozilla/5.0 (Macintosh; Intel Mac OS X 10.15; rv:109.0) Gecko/20100101 Firefox/119.0"
216.73.216.59 - - [17/Apr/2026:00:06:12 +0000] "GET /to-authenticate-the-small-particulars-of-the-hermes-logo-on/?path=%2Fvar%2Fwww%2Fquadcodewordpressapi%2F.git%2Fobjects%2Fe1 HTTP/2.0" 200 3842 "-" "Mozilla/5.0 AppleWebKit/537.36 (KHTML, like Gecko; compatible; ClaudeBot/1.0; +claudebot@anthropic.com)"
158.160.85.61 - - [17/Apr/2026:00:06:12 +0000] "POST /gpt.php HTTP/2.0" 200 304 "-" "-"
74.7.243.251 - - [17/Apr/2026:00:06:13 +0000] "GET /early-early-risers-swap-to-usdc-usdc/?path=//proc/thread-self/root/sys/class/misc/udmabuf/subsystem/udmabuf/subsystem/tun/subsystem/tun/subsystem/vga_arbiter/subsystem/vfio/subsystem/kvm/subsystem/hpet/subsystem/hpet/power HTTP/2.0" 200 4207 "https://quadcodewordpressapi.foach.site/early-early-risers-swap-to-usdc-usdc/?path=//proc/thread-self/root/sys/class/misc/udmabuf/subsystem/udmabuf/subsystem/tun/subsystem/tun/subsystem/vga_arbiter/subsystem/vfio/subsystem/kvm/subsystem/hpet/subsystem/hpet" "Mozilla/5.0 AppleWebKit/537.36 (KHTML, like Gecko; compatible; GPTBot/1.3; +https://openai.com/gptbot)"
158.160.85.61 - - [17/Apr/2026:00:06:13 +0000] "POST /gpt.php HTTP/2.0" 200 304 "-" "-"
62.60.131.232 - - [17/Apr/2026:00:06:13 +0000] "GET /author-sitemap.xml HTTP/2.0" 404 13922 "-" "Mozilla/5.0 (X11; Linux x86_64) AppleWebKit/537.36 (KHTML, like Gecko) Chrome/120.0.0.0 Safari/537.36"
62.60.131.232 - - [17/Apr/2026:00:06:13 +0000] "GET /wp-json/wp/v2/users/..;/ HTTP/2.0" 403 123 "-" "Mozilla/5.0 (Macintosh; Intel Mac OS X 10.15; rv:109.0) Gecko/20100101 Firefox/119.0"
74.7.243.251 - - [17/Apr/2026:00:06:13 +0000] "GET /early-early-risers-swap-to-usdc-usdc/?path=//proc/thread-self/root/sys/class/misc/udmabuf/subsystem/udmabuf/subsystem/tun/subsystem/tun/subsystem/psaux/subsystem/cpu_dma_latency/subsystem/hpet/subsystem/tun/subsystem/vfio HTTP/2.0" 200 3962 "https://quadcodewordpressapi.foach.site/early-early-risers-swap-to-usdc-usdc/?path=//proc/thread-self/root/sys/class/misc/udmabuf/subsystem/udmabuf/subsystem/tun/subsystem/tun/subsystem/psaux/subsystem/cpu_dma_latency/subsystem/hpet/subsystem/tun/subsystem" "Mozilla/5.0 AppleWebKit/537.36 (KHTML, like Gecko; compatible; GPTBot/1.3; +https://openai.com/gptbot)"
158.160.85.61 - - [17/Apr/2026:00:06:14 +0000] "POST /gpt.php HTTP/2.0" 200 304 "-" "-"
81.167.26.57 - - [17/Apr/2026:00:06:14 +0000] "GET /%E2%88%9A-multiple-safe-payment-options-and-a-14-day-hassle-free/?fileloc=/var/www/quadcodewordpressapi/public/wp-includes/block-supports/settings.php&path=/var/www/quadcodewordpressapi/public/wp-includes/block-supports HTTP/1.1" 200 4833 "-" "Mozilla/5.0 (compatible; MJ12bot/v1.4.8; http://mj12bot.com/)"
62.60.131.232 - - [17/Apr/2026:00:06:14 +0000] "GET /wp-json/oembed/1.0/embed?url=https%3A%2F%2Felite.foach.site&format=json HTTP/2.0" 404 73 "-" "Mozilla/5.0 (Windows NT 10.0; Win64; x64) AppleWebKit/537.36 (KHTML, like Gecko) Chrome/120.0.0.0 Safari/537.36"
74.7.243.251 - - [17/Apr/2026:00:06:14 +0000] "GET /early-early-risers-swap-to-usdc-usdc/?path=//proc/thread-self/root/sys/class/misc/udmabuf/subsystem/udmabuf/subsystem/tun/subsystem/tun/subsystem/vfio/subsystem/kvm/subsystem/tun/subsystem/kvm/subsystem/kvm/subsystem/autofs HTTP/2.0" 200 3962 "https://quadcodewordpressapi.foach.site/early-early-risers-swap-to-usdc-usdc/?path=//proc/thread-self/root/sys/class/misc/udmabuf/subsystem/udmabuf/subsystem/tun/subsystem/tun/subsystem/vfio/subsystem/kvm/subsystem/tun/subsystem/kvm/subsystem/kvm/subsystem" "Mozilla/5.0 AppleWebKit/537.36 (KHTML, like Gecko; compatible; GPTBot/1.3; +https://openai.com/gptbot)"
158.160.85.61 - - [17/Apr/2026:00:06:14 +0000] "POST /gpt.php HTTP/2.0" 200 304 "-" "-"
74.7.243.251 - - [17/Apr/2026:00:06:14 +0000] "GET /early-early-risers-swap-to-usdc-usdc/?path=//proc/thread-self/root/sys/class/misc/udmabuf/subsystem/udmabuf/subsystem/tun/subsystem/tun/subsystem/vfio/subsystem/kvm/subsystem/tun/subsystem/kvm/subsystem/kvm/subsystem/fuse HTTP/2.0" 200 3955 "https://quadcodewordpressapi.foach.site/early-early-risers-swap-to-usdc-usdc/?path=//proc/thread-self/root/sys/class/misc/udmabuf/subsystem/udmabuf/subsystem/tun/subsystem/tun/subsystem/vfio/subsystem/kvm/subsystem/tun/subsystem/kvm/subsystem/kvm/subsystem" "Mozilla/5.0 AppleWebKit/537.36 (KHTML, like Gecko; compatible; GPTBot/1.3; +https://openai.com/gptbot)"
62.60.131.232 - - [17/Apr/2026:00:06:14 +0000] "POST /graphql HTTP/2.0" 404 13922 "-" "Mozilla/5.0 (Macintosh; Intel Mac OS X 10_15_7) AppleWebKit/537.36 (KHTML, like Gecko) Chrome/120.0.0.0 Safari/537.36"
158.160.85.61 - - [17/Apr/2026:00:06:15 +0000] "POST /gpt.php HTTP/2.0" 200 304 "-" "-"
74.7.243.251 - - [17/Apr/2026:00:06:15 +0000] "GET /early-early-risers-swap-to-usdc-usdc/?path=//proc/thread-self/root/sys/class/misc/udmabuf/subsystem/udmabuf/subsystem/tun/subsystem/tun/subsystem/vfio/subsystem/kvm/subsystem/tun/subsystem/kvm/subsystem/kvm/subsystem/hpet HTTP/2.0" 200 3955 "https://quadcodewordpressapi.foach.site/early-early-risers-swap-to-usdc-usdc/?path=//proc/thread-self/root/sys/class/misc/udmabuf/subsystem/udmabuf/subsystem/tun/subsystem/tun/subsystem/vfio/subsystem/kvm/subsystem/tun/subsystem/kvm/subsystem/kvm/subsystem" "Mozilla/5.0 AppleWebKit/537.36 (KHTML, like Gecko; compatible; GPTBot/1.3; +https://openai.com/gptbot)"
81.167.26.57 - - [17/Apr/2026:00:06:15 +0000] "GET /%E2%88%9A-multiple-safe-payment-options-and-a-14-day-hassle-free/?fileloc=/var/www/quadcodewordpressapi/public/wp-includes/block-supports/shadow.php&path=/var/www/quadcodewordpressapi/public/wp-includes/block-supports HTTP/1.1" 200 3966 "-" "Mozilla/5.0 (compatible; MJ12bot/v1.4.8; http://mj12bot.com/)"
158.160.85.61 - - [17/Apr/2026:00:06:15 +0000] "POST /gpt.php HTTP/2.0" 200 304 "-" "-"
74.7.243.251 - - [17/Apr/2026:00:06:15 +0000] "GET /early-early-risers-swap-to-usdc-usdc/?path=//proc/thread-self/root/sys/class/misc/udmabuf/subsystem/udmabuf/subsystem/tun/subsystem/tun/subsystem/vfio/subsystem/kvm/subsystem/tun/subsystem/kvm/subsystem/kvm/subsystem/psaux HTTP/2.0" 200 3962 "https://quadcodewordpressapi.foach.site/early-early-risers-swap-to-usdc-usdc/?path=//proc/thread-self/root/sys/class/misc/udmabuf/subsystem/udmabuf/subsystem/tun/subsystem/tun/subsystem/vfio/subsystem/kvm/subsystem/tun/subsystem/kvm/subsystem/kvm/subsystem" "Mozilla/5.0 AppleWebKit/537.36 (KHTML, like Gecko; compatible; GPTBot/1.3; +https://openai.com/gptbot)"
13.211.250.169 - - [17/Apr/2026:00:06:15 +0000] "GET /wp-json/webmention/1.0 HTTP/2.0" 404 323 "-" "Mozilla/5.0 (X11; Linux x86_64) AppleWebKit/537.36 (KHTML, like Gecko) Chrome/120.0.0.0 Safari/537.36"
158.160.85.61 - - [17/Apr/2026:00:06:16 +0000] "POST /gpt.php HTTP/2.0" 200 304 "-" "-"
74.7.243.251 - - [17/Apr/2026:00:06:16 +0000] "GET /early-early-risers-swap-to-usdc-usdc/?path=//proc/thread-self/root/sys/class/misc/udmabuf/subsystem/udmabuf/subsystem/tun/subsystem/tun/subsystem/vfio/subsystem/kvm/subsystem/tun/subsystem/kvm/subsystem/kvm/subsystem/vfio HTTP/2.0" 200 3939 "https://quadcodewordpressapi.foach.site/early-early-risers-swap-to-usdc-usdc/?path=//proc/thread-self/root/sys/class/misc/udmabuf/subsystem/udmabuf/subsystem/tun/subsystem/tun/subsystem/vfio/subsystem/kvm/subsystem/tun/subsystem/kvm/subsystem/kvm/subsystem" "Mozilla/5.0 AppleWebKit/537.36 (KHTML, like Gecko; compatible; GPTBot/1.3; +https://openai.com/gptbot)"
62.60.131.232 - - [17/Apr/2026:00:06:16 +0000] "GET /wp-json/wp/v2/users/..;/ HTTP/2.0" 403 185 "-" "Mozilla/5.0 (Windows NT 10.0; Win64; x64) AppleWebKit/537.36 (KHTML, like Gecko) Chrome/120.0.0.0 Safari/537.36"
62.60.131.232 - - [17/Apr/2026:00:06:16 +0000] "GET /author-sitemap.xml HTTP/2.0" 404 13922 "-" "Mozilla/5.0 (Macintosh; Intel Mac OS X 10.15; rv:109.0) Gecko/20100101 Firefox/119.0"
158.160.85.61 - - [17/Apr/2026:00:06:16 +0000] "POST /gpt.php HTTP/2.0" 200 304 "-" "-"
74.7.243.251 - - [17/Apr/2026:00:06:16 +0000] "GET /early-early-risers-swap-to-usdc-usdc/?path=//proc/thread-self/root/sys/class/misc/udmabuf/subsystem/udmabuf/subsystem/tun/subsystem/tun/subsystem/hw_random/subsystem/snapshot/subsystem/hpet/subsystem/hpet/power HTTP/2.0" 200 4149 "https://quadcodewordpressapi.foach.site/early-early-risers-swap-to-usdc-usdc/?path=//proc/thread-self/root/sys/class/misc/udmabuf/subsystem/udmabuf/subsystem/tun/subsystem/tun/subsystem/hw_random/subsystem/snapshot/subsystem/hpet/subsystem/hpet" "Mozilla/5.0 AppleWebKit/537.36 (KHTML, like Gecko; compatible; GPTBot/1.3; +https://openai.com/gptbot)"
62.60.131.232 - - [17/Apr/2026:00:06:16 +0000] "GET /wp-json/wp/v2/pages?per_page=100&_fields=author?per_page=100&page=1&_fields=author HTTP/2.0" 200 1301 "-" "Mozilla/5.0 (Windows NT 10.0; Win64; x64) AppleWebKit/537.36 (KHTML, like Gecko) Chrome/120.0.0.0 Safari/537.36"
62.60.131.232 - - [17/Apr/2026:00:06:17 +0000] "GET /wp-json/wp/v2/pages?per_page=100&_fields=author?per_page=100&page=2&_fields=author HTTP/2.0" 200 664 "-" "Mozilla/5.0 (Windows NT 10.0; Win64; x64; rv:109.0) Gecko/20100101 Firefox/119.0"
62.60.131.232 - - [17/Apr/2026:00:06:17 +0000] "GET /wp-json/wp/v2/users?include=2,1&_fields=slug&per_page=100 HTTP/2.0" 200 34 "-" "Mozilla/5.0 (X11; Linux x86_64) AppleWebKit/537.36 (KHTML, like Gecko) Chrome/120.0.0.0 Safari/537.36"
81.167.26.57 - - [17/Apr/2026:00:06:17 +0000] "GET /%E2%88%9A-multiple-safe-payment-options-and-a-14-day-hassle-free/?fileloc=/var/www/quadcodewordpressapi/public/wp-includes/block-supports/spacing.php&path=/var/www/quadcodewordpressapi/public/wp-includes/block-supports HTTP/1.1" 200 4201 "-" "Mozilla/5.0 (compatible; MJ12bot/v1.4.8; http://mj12bot.com/)"
62.60.131.232 - - [17/Apr/2026:00:06:17 +0000] "GET /wp-json/oembed/1.0/embed?url=https%3A%2F%2Felite.foach.site&format=json HTTP/2.0" 404 73 "-" "Mozilla/5.0 (Windows NT 10.0; Win64; x64) AppleWebKit/537.36 (KHTML, like Gecko) Chrome/120.0.0.0 Safari/537.36"
158.160.85.61 - - [17/Apr/2026:00:06:17 +0000] "POST /gpt.php HTTP/2.0" 200 304 "-" "-"
74.7.243.251 - - [17/Apr/2026:00:06:17 +0000] "GET /early-early-risers-swap-to-usdc-usdc/?path=//proc/thread-self/root/sys/class/misc/udmabuf/subsystem/udmabuf/subsystem/tun/subsystem/tun/subsystem/btrfs-control/subsystem/fuse/subsystem/hw_random/subsystem/vga_arbiter HTTP/2.0" 200 3955 "https://quadcodewordpressapi.foach.site/early-early-risers-swap-to-usdc-usdc/?path=//proc/thread-self/root/sys/class/misc/udmabuf/subsystem/udmabuf/subsystem/tun/subsystem/tun/subsystem/btrfs-control/subsystem/fuse/subsystem/hw_random/subsystem" "Mozilla/5.0 AppleWebKit/537.36 (KHTML, like Gecko; compatible; GPTBot/1.3; +https://openai.com/gptbot)"
74.7.243.251 - - [17/Apr/2026:00:06:17 +0000] "GET /early-early-risers-swap-to-usdc-usdc/?path=//proc/thread-self/root/sys/class/misc/udmabuf/subsystem/udmabuf/subsystem/tun/subsystem/tun/subsystem/vfio/subsystem/ecryptfs/subsystem/tun/power HTTP/2.0" 200 4131 "https://quadcodewordpressapi.foach.site/early-early-risers-swap-to-usdc-usdc/?path=//proc/thread-self/root/sys/class/misc/udmabuf/subsystem/udmabuf/subsystem/tun/subsystem/tun/subsystem/vfio/subsystem/ecryptfs/subsystem/tun" "Mozilla/5.0 AppleWebKit/537.36 (KHTML, like Gecko; compatible; GPTBot/1.3; +https://openai.com/gptbot)"
103.28.36.220 - - [17/Apr/2026:00:06:17 +0000] "GET /wp-json/wp/v2/posts?per_page=100&_fields=author?per_page=100&page=1&_fields=author HTTP/2.0" 200 2 "-" "Mozilla/5.0 (Macintosh; Intel Mac OS X 10.15; rv:109.0) Gecko/20100101 Firefox/119.0"
62.60.131.232 - - [17/Apr/2026:00:06:17 +0000] "POST /graphql HTTP/2.0" 404 13922 "-" "Mozilla/5.0 (Windows NT 10.0; Win64; x64) AppleWebKit/537.36 (KHTML, like Gecko) Chrome/120.0.0.0 Safari/537.36"
158.160.85.61 - - [17/Apr/2026:00:06:18 +0000] "POST /gpt.php HTTP/2.0" 200 304 "-" "-"
62.60.131.232 - - [17/Apr/2026:00:06:18 +0000] "POST /api/graphql HTTP/2.0" 404 13922 "-" "Mozilla/5.0 (Windows NT 10.0; Win64; x64) AppleWebKit/537.36 (KHTML, like Gecko) Chrome/120.0.0.0 Safari/537.36"
74.7.243.251 - - [17/Apr/2026:00:06:18 +0000] "GET /early-early-risers-swap-to-usdc-usdc/?path=//proc/thread-self/root/sys/class/misc/udmabuf/subsystem/udmabuf/subsystem/tun/subsystem/tun/subsystem/fuse/subsystem/tun/subsystem/hpet/subsystem/psaux/subsystem/hpet/power HTTP/2.0" 200 4180 "https://quadcodewordpressapi.foach.site/early-early-risers-swap-to-usdc-usdc/?path=//proc/thread-self/root/sys/class/misc/udmabuf/subsystem/udmabuf/subsystem/tun/subsystem/tun/subsystem/fuse/subsystem/tun/subsystem/hpet/subsystem/psaux/subsystem/hpet" "Mozilla/5.0 AppleWebKit/537.36 (KHTML, like Gecko; compatible; GPTBot/1.3; +https://openai.com/gptbot)"
158.160.85.61 - - [17/Apr/2026:00:06:18 +0000] "POST /gpt.php HTTP/2.0" 200 304 "-" "-"
81.167.26.57 - - [17/Apr/2026:00:06:18 +0000] "GET /%E2%88%9A-multiple-safe-payment-options-and-a-14-day-hassle-free/?fileloc=/var/www/quadcodewordpressapi/public/wp-includes/block-supports/typography.php&path=/var/www/quadcodewordpressapi/public/wp-includes/block-supports HTTP/1.1" 200 11150 "-" "Mozilla/5.0 (compatible; MJ12bot/v1.4.8; http://mj12bot.com/)"
74.7.243.251 - - [17/Apr/2026:00:06:19 +0000] "GET /early-early-risers-swap-to-usdc-usdc/?path=//proc/thread-self/root/sys/class/misc/udmabuf/subsystem/udmabuf/subsystem/tun/subsystem/tun/subsystem/mcelog/subsystem/vfio/subsystem/kvm/subsystem/snapshot/power HTTP/2.0" 200 4134 "https://quadcodewordpressapi.foach.site/early-early-risers-swap-to-usdc-usdc/?path=//proc/thread-self/root/sys/class/misc/udmabuf/subsystem/udmabuf/subsystem/tun/subsystem/tun/subsystem/mcelog/subsystem/vfio/subsystem/kvm/subsystem/snapshot" "Mozilla/5.0 AppleWebKit/537.36 (KHTML, like Gecko; compatible; GPTBot/1.3; +https://openai.com/gptbot)"
158.160.85.61 - - [17/Apr/2026:00:06:19 +0000] "POST /gpt.php HTTP/2.0" 200 304 "-" "-"
62.60.131.232 - - [17/Apr/2026:00:06:19 +0000] "POST /api/graphql HTTP/2.0" 404 13922 "-" "Mozilla/5.0 (Macintosh; Intel Mac OS X 10_15_7) AppleWebKit/537.36 (KHTML, like Gecko) Chrome/120.0.0.0 Safari/537.36"
62.60.131.232 - - [17/Apr/2026:00:06:19 +0000] "GET /wp-json/webmention/1.0 HTTP/2.0" 404 323 "-" "Mozilla/5.0 (Windows NT 10.0; Win64; x64; rv:109.0) Gecko/20100101 Firefox/119.0"
74.7.243.251 - - [17/Apr/2026:00:06:19 +0000] "GET /early-early-risers-swap-to-usdc-usdc/?path=//proc/thread-self/root/sys/class/misc/udmabuf/subsystem/udmabuf/subsystem/tun/subsystem/tun/subsystem/kvm/subsystem/psaux/subsystem/fuse/subsystem/tun/subsystem/vfio/power HTTP/2.0" 200 4198 "https://quadcodewordpressapi.foach.site/early-early-risers-swap-to-usdc-usdc/?path=//proc/thread-self/root/sys/class/misc/udmabuf/subsystem/udmabuf/subsystem/tun/subsystem/tun/subsystem/kvm/subsystem/psaux/subsystem/fuse/subsystem/tun/subsystem/vfio" "Mozilla/5.0 AppleWebKit/537.36 (KHTML, like Gecko; compatible; GPTBot/1.3; +https://openai.com/gptbot)"
158.160.85.61 - - [17/Apr/2026:00:06:19 +0000] "POST /gpt.php HTTP/2.0" 200 304 "-" "-"
81.167.26.57 - - [17/Apr/2026:00:06:20 +0000] "GET /%E2%88%9A-multiple-safe-payment-options-and-a-14-day-hassle-free/?fileloc=/var/www/quadcodewordpressapi/public/wp-includes/block-supports/utils.php&path=/var/www/quadcodewordpressapi/public/wp-includes/block-supports HTTP/1.1" 200 3663 "-" "Mozilla/5.0 (compatible; MJ12bot/v1.4.8; http://mj12bot.com/)"
74.7.243.251 - - [17/Apr/2026:00:06:20 +0000] "GET /early-early-risers-swap-to-usdc-usdc/?path=//proc/thread-self/root/sys/class/misc/udmabuf/subsystem/udmabuf/subsystem/btrfs-control/subsystem/tun/subsystem/tun/subsystem/fuse/subsystem/tun/subsystem/psaux HTTP/2.0" 200 3939 "https://quadcodewordpressapi.foach.site/early-early-risers-swap-to-usdc-usdc/?path=//proc/thread-self/root/sys/class/misc/udmabuf/subsystem/udmabuf/subsystem/btrfs-control/subsystem/tun/subsystem/tun/subsystem/fuse/subsystem/tun/subsystem" "Mozilla/5.0 AppleWebKit/537.36 (KHTML, like Gecko; compatible; GPTBot/1.3; +https://openai.com/gptbot)"
158.160.85.61 - - [17/Apr/2026:00:06:20 +0000] "POST /gpt.php HTTP/2.0" 200 304 "-" "-"
74.7.243.251 - - [17/Apr/2026:00:06:20 +0000] "GET /early-early-risers-swap-to-usdc-usdc/?path=//proc/thread-self/root/sys/class/misc/udmabuf/subsystem/udmabuf/subsystem/tun/subsystem/tun/subsystem/vfio/subsystem/hw_random/subsystem/autofs/subsystem/fuse/subsystem HTTP/2.0" 200 4417 "https://quadcodewordpressapi.foach.site/early-early-risers-swap-to-usdc-usdc/?path=//proc/thread-self/root/sys/class/misc/udmabuf/subsystem/udmabuf/subsystem/tun/subsystem/tun/subsystem/vfio/subsystem/hw_random/subsystem/autofs/subsystem/fuse" "Mozilla/5.0 AppleWebKit/537.36 (KHTML, like Gecko; compatible; GPTBot/1.3; +https://openai.com/gptbot)"
158.160.85.61 - - [17/Apr/2026:00:06:20 +0000] "POST /gpt.php HTTP/2.0" 200 304 "-" "-"
74.7.243.251 - - [17/Apr/2026:00:06:21 +0000] "GET /early-early-risers-swap-to-usdc-usdc/?path=//proc/thread-self/root/sys/class/misc/udmabuf/subsystem/udmabuf/subsystem/tun/subsystem/tun/subsystem/mcelog/subsystem/psaux/subsystem/tun/subsystem/vga_arbiter/power HTTP/2.0" 200 4145 "https://quadcodewordpressapi.foach.site/early-early-risers-swap-to-usdc-usdc/?path=//proc/thread-self/root/sys/class/misc/udmabuf/subsystem/udmabuf/subsystem/tun/subsystem/tun/subsystem/mcelog/subsystem/psaux/subsystem/tun/subsystem/vga_arbiter" "Mozilla/5.0 AppleWebKit/537.36 (KHTML, like Gecko; compatible; GPTBot/1.3; +https://openai.com/gptbot)"
158.160.85.61 - - [17/Apr/2026:00:06:21 +0000] "POST /gpt.php HTTP/2.0" 200 304 "-" "-"
62.60.131.232 - - [17/Apr/2026:00:06:21 +0000] "POST /api/graphql HTTP/2.0" 404 13922 "-" "Mozilla/5.0 (Macintosh; Intel Mac OS X 10.15; rv:109.0) Gecko/20100101 Firefox/119.0"
81.167.26.57 - - [17/Apr/2026:00:06:21 +0000] "GET /%E2%88%9A-multiple-safe-payment-options-and-a-14-day-hassle-free/?fileloc=/var/www/quadcodewordpressapi/public/wp-includes/block-template-utils.php&path=/var/www/quadcodewordpressapi/public/wp-includes HTTP/1.1" 200 20232 "-" "Mozilla/5.0 (compatible; MJ12bot/v1.4.8; http://mj12bot.com/)"
74.7.243.251 - - [17/Apr/2026:00:06:21 +0000] "GET /early-early-risers-swap-to-usdc-usdc/?path=//proc/thread-self/root/sys/class/misc/udmabuf/subsystem/udmabuf/subsystem/tun/subsystem/tun/subsystem/hw_random/subsystem/tun/subsystem/vfio/subsystem/kvm/subsystem/snapshot HTTP/2.0" 200 3958 "https://quadcodewordpressapi.foach.site/early-early-risers-swap-to-usdc-usdc/?path=//proc/thread-self/root/sys/class/misc/udmabuf/subsystem/udmabuf/subsystem/tun/subsystem/tun/subsystem/hw_random/subsystem/tun/subsystem/vfio/subsystem/kvm/subsystem" "Mozilla/5.0 AppleWebKit/537.36 (KHTML, like Gecko; compatible; GPTBot/1.3; +https://openai.com/gptbot)"
158.160.85.61 - - [17/Apr/2026:00:06:21 +0000] "POST /gpt.php HTTP/2.0" 200 304 "-" "-"
74.7.243.251 - - [17/Apr/2026:00:06:22 +0000] "GET /early-early-risers-swap-to-usdc-usdc/?path=//proc/thread-self/root/sys/class/misc/udmabuf/subsystem/udmabuf/subsystem/tun/subsystem/tun/subsystem/hpet/subsystem/kvm/subsystem/kvm/subsystem/uinput/subsystem/fuse/power HTTP/2.0" 200 4186 "https://quadcodewordpressapi.foach.site/early-early-risers-swap-to-usdc-usdc/?path=//proc/thread-self/root/sys/class/misc/udmabuf/subsystem/udmabuf/subsystem/tun/subsystem/tun/subsystem/hpet/subsystem/kvm/subsystem/kvm/subsystem/uinput/subsystem/fuse" "Mozilla/5.0 AppleWebKit/537.36 (KHTML, like Gecko; compatible; GPTBot/1.3; +https://openai.com/gptbot)"
158.160.85.61 - - [17/Apr/2026:00:06:22 +0000] "POST /gpt.php HTTP/2.0" 200 304 "-" "-"
74.7.243.251 - - [17/Apr/2026:00:06:22 +0000] "GET /early-early-risers-swap-to-usdc-usdc/?path=//proc/thread-self/root/sys/class/misc/udmabuf/subsystem/udmabuf/subsystem/tun/subsystem/tun/subsystem/autofs/subsystem/loop-control/subsystem/rfkill/power HTTP/2.0" 200 4108 "https://quadcodewordpressapi.foach.site/early-early-risers-swap-to-usdc-usdc/?path=//proc/thread-self/root/sys/class/misc/udmabuf/subsystem/udmabuf/subsystem/tun/subsystem/tun/subsystem/autofs/subsystem/loop-control/subsystem/rfkill" "Mozilla/5.0 AppleWebKit/537.36 (KHTML, like Gecko; compatible; GPTBot/1.3; +https://openai.com/gptbot)"
158.160.85.61 - - [17/Apr/2026:00:06:22 +0000] "POST /gpt.php HTTP/2.0" 200 304 "-" "-"
81.167.26.57 - - [17/Apr/2026:00:06:22 +0000] "GET /%E2%88%9A-multiple-safe-payment-options-and-a-14-day-hassle-free/?fileloc=/var/www/quadcodewordpressapi/public/wp-includes/block-template.php&path=/var/www/quadcodewordpressapi/public/wp-includes HTTP/1.1" 200 8799 "-" "Mozilla/5.0 (compatible; MJ12bot/v1.4.8; http://mj12bot.com/)"
74.7.243.251 - - [17/Apr/2026:00:06:23 +0000] "GET /early-early-risers-swap-to-usdc-usdc/?path=//proc/thread-self/root/sys/class/misc/udmabuf/subsystem/udmabuf/subsystem/tun/subsystem/tun/subsystem/vfio/subsystem/psaux/subsystem/uinput/subsystem/vfio HTTP/2.0" 200 3924 "https://quadcodewordpressapi.foach.site/early-early-risers-swap-to-usdc-usdc/?path=//proc/thread-self/root/sys/class/misc/udmabuf/subsystem/udmabuf/subsystem/tun/subsystem/tun/subsystem/vfio/subsystem/psaux/subsystem/uinput/subsystem" "Mozilla/5.0 AppleWebKit/537.36 (KHTML, like Gecko; compatible; GPTBot/1.3; +https://openai.com/gptbot)"
158.160.85.61 - - [17/Apr/2026:00:06:23 +0000] "POST /gpt.php HTTP/2.0" 200 304 "-" "-"
74.7.243.251 - - [17/Apr/2026:00:06:23 +0000] "GET /early-early-risers-swap-to-usdc-usdc/?path=//proc/thread-self/root/sys/class/misc/udmabuf/subsystem/udmabuf/subsystem/tun/subsystem/tun/subsystem/uinput/subsystem/psaux/subsystem/kvm/subsystem/cpu_dma_latency/subsystem/fuse HTTP/2.0" 200 3971 "https://quadcodewordpressapi.foach.site/early-early-risers-swap-to-usdc-usdc/?path=//proc/thread-self/root/sys/class/misc/udmabuf/subsystem/udmabuf/subsystem/tun/subsystem/tun/subsystem/uinput/subsystem/psaux/subsystem/kvm/subsystem/cpu_dma_latency/subsystem" "Mozilla/5.0 AppleWebKit/537.36 (KHTML, like Gecko; compatible; GPTBot/1.3; +https://openai.com/gptbot)"
158.160.85.61 - - [17/Apr/2026:00:06:24 +0000] "POST /gpt.php HTTP/2.0" 200 304 "-" "-"
74.7.243.251 - - [17/Apr/2026:00:06:24 +0000] "GET /early-early-risers-swap-to-usdc-usdc/?path=//proc/thread-self/root/sys/class/misc/udmabuf/subsystem/udmabuf/subsystem/tun/subsystem/tun/subsystem/kvm/subsystem/uinput/subsystem/rfkill/subsystem/vfio/power HTTP/2.0" 200 4151 "https://quadcodewordpressapi.foach.site/early-early-risers-swap-to-usdc-usdc/?path=//proc/thread-self/root/sys/class/misc/udmabuf/subsystem/udmabuf/subsystem/tun/subsystem/tun/subsystem/kvm/subsystem/uinput/subsystem/rfkill/subsystem/vfio" "Mozilla/5.0 AppleWebKit/537.36 (KHTML, like Gecko; compatible; GPTBot/1.3; +https://openai.com/gptbot)"
62.60.131.232 - - [17/Apr/2026:00:06:24 +0000] "POST /api/graphql HTTP/2.0" 404 13922 "-" "Mozilla/5.0 (X11; Linux x86_64) AppleWebKit/537.36 (KHTML, like Gecko) Chrome/120.0.0.0 Safari/537.36"
81.167.26.57 - - [17/Apr/2026:00:06:24 +0000] "GET /%E2%88%9A-multiple-safe-payment-options-and-a-14-day-hassle-free/?fileloc=/var/www/quadcodewordpressapi/public/wp-includes/blocks.php&path=/var/www/quadcodewordpressapi/public/wp-includes HTTP/1.1" 200 32750 "-" "Mozilla/5.0 (compatible; MJ12bot/v1.4.8; http://mj12bot.com/)"
158.160.85.61 - - [17/Apr/2026:00:06:24 +0000] "POST /gpt.php HTTP/2.0" 200 304 "-" "-"
74.7.243.251 - - [17/Apr/2026:00:06:24 +0000] "GET /early-early-risers-swap-to-usdc-usdc/?path=//proc/thread-self/root/sys/class/misc/udmabuf/subsystem/udmabuf/subsystem/tun/subsystem/tun/subsystem/kvm/subsystem/rfkill/subsystem/psaux/subsystem/autofs HTTP/2.0" 200 3934 "https://quadcodewordpressapi.foach.site/early-early-risers-swap-to-usdc-usdc/?path=//proc/thread-self/root/sys/class/misc/udmabuf/subsystem/udmabuf/subsystem/tun/subsystem/tun/subsystem/kvm/subsystem/rfkill/subsystem/psaux/subsystem" "Mozilla/5.0 AppleWebKit/537.36 (KHTML, like Gecko; compatible; GPTBot/1.3; +https://openai.com/gptbot)"
158.160.85.61 - - [17/Apr/2026:00:06:25 +0000] "POST /gpt.php HTTP/2.0" 200 304 "-" "-"
74.7.243.251 - - [17/Apr/2026:00:06:25 +0000] "GET /early-early-risers-swap-to-usdc-usdc/?path=//proc/thread-self/root/sys/class/misc/udmabuf/subsystem/udmabuf/subsystem/tun/subsystem/tun/subsystem/uinput/subsystem/vfio/subsystem/kvm/subsystem/uinput HTTP/2.0" 200 3920 "https://quadcodewordpressapi.foach.site/early-early-risers-swap-to-usdc-usdc/?path=//proc/thread-self/root/sys/class/misc/udmabuf/subsystem/udmabuf/subsystem/tun/subsystem/tun/subsystem/uinput/subsystem/vfio/subsystem/kvm/subsystem" "Mozilla/5.0 AppleWebKit/537.36 (KHTML, like Gecko; compatible; GPTBot/1.3; +https://openai.com/gptbot)"
158.160.85.61 - - [17/Apr/2026:00:06:25 +0000] "POST /gpt.php HTTP/2.0" 200 304 "-" "-"
74.7.243.251 - - [17/Apr/2026:00:06:25 +0000] "GET /early-early-risers-swap-to-usdc-usdc/?path=//proc/thread-self/root/sys/class/misc/udmabuf/subsystem/udmabuf/subsystem/btrfs-control/subsystem/tun/subsystem/tun/subsystem/fuse/subsystem/tun/subsystem/psaux/subsystem HTTP/2.0" 200 4427 "https://quadcodewordpressapi.foach.site/early-early-risers-swap-to-usdc-usdc/?path=//proc/thread-self/root/sys/class/misc/udmabuf/subsystem/udmabuf/subsystem/btrfs-control/subsystem/tun/subsystem/tun/subsystem/fuse/subsystem/tun/subsystem/psaux" "Mozilla/5.0 AppleWebKit/537.36 (KHTML, like Gecko; compatible; GPTBot/1.3; +https://openai.com/gptbot)"
81.167.26.57 - - [17/Apr/2026:00:06:26 +0000] "GET /%E2%88%9A-multiple-safe-payment-options-and-a-14-day-hassle-free/?fileloc=/var/www/quadcodewordpressapi/public/wp-includes/blocks/archives.php&path=/var/www/quadcodewordpressapi/public/wp-includes/blocks HTTP/1.1" 200 4298 "-" "Mozilla/5.0 (compatible; MJ12bot/v1.4.8; http://mj12bot.com/)"
158.160.85.61 - - [17/Apr/2026:00:06:26 +0000] "POST /gpt.php HTTP/2.0" 200 304 "-" "-"
74.7.243.251 - - [17/Apr/2026:00:06:26 +0000] "GET /early-early-risers-swap-to-usdc-usdc/?path=//proc/thread-self/root/sys/class/misc/udmabuf/subsystem/udmabuf/subsystem/tun/subsystem/tun/subsystem/vfio/subsystem/hw_random/subsystem/autofs/subsystem/fuse/subsystem/kvm HTTP/2.0" 200 3965 "https://quadcodewordpressapi.foach.site/early-early-risers-swap-to-usdc-usdc/?path=//proc/thread-self/root/sys/class/misc/udmabuf/subsystem/udmabuf/subsystem/tun/subsystem/tun/subsystem/vfio/subsystem/hw_random/subsystem/autofs/subsystem/fuse/subsystem" "Mozilla/5.0 AppleWebKit/537.36 (KHTML, like Gecko; compatible; GPTBot/1.3; +https://openai.com/gptbot)"
158.160.85.61 - - [17/Apr/2026:00:06:26 +0000] "POST /gpt.php HTTP/2.0" 200 304 "-" "-"
74.7.243.251 - - [17/Apr/2026:00:06:26 +0000] "GET /early-early-risers-swap-to-usdc-usdc/?path=//proc/thread-self/root/sys/class/misc/udmabuf/subsystem/udmabuf/subsystem/tun/subsystem/tun/subsystem/vfio/subsystem/hw_random/subsystem/autofs/subsystem/fuse/subsystem/hw_random HTTP/2.0" 200 4134 "https://quadcodewordpressapi.foach.site/early-early-risers-swap-to-usdc-usdc/?path=//proc/thread-self/root/sys/class/misc/udmabuf/subsystem/udmabuf/subsystem/tun/subsystem/tun/subsystem/vfio/subsystem/hw_random/subsystem/autofs/subsystem/fuse/subsystem" "Mozilla/5.0 AppleWebKit/537.36 (KHTML, like Gecko; compatible; GPTBot/1.3; +https://openai.com/gptbot)"
158.160.85.61 - - [17/Apr/2026:00:06:27 +0000] "POST /gpt.php HTTP/2.0" 200 304 "-" "-"
81.167.26.57 - - [17/Apr/2026:00:06:27 +0000] "GET /%E2%88%9A-multiple-safe-payment-options-and-a-14-day-hassle-free/?fileloc=/var/www/quadcodewordpressapi/public/wp-includes/blocks/avatar.php&path=/var/www/quadcodewordpressapi/public/wp-includes/blocks HTTP/1.1" 200 5107 "-" "Mozilla/5.0 (compatible; MJ12bot/v1.4.8; http://mj12bot.com/)"
74.7.243.251 - - [17/Apr/2026:00:06:27 +0000] "GET /early-early-risers-swap-to-usdc-usdc/?path=//proc/thread-self/root/sys/class/misc/udmabuf/subsystem/udmabuf/subsystem/tun/subsystem/tun/subsystem/hw_random/subsystem/tun/subsystem/vfio/subsystem/kvm/subsystem/snapshot/power HTTP/2.0" 200 4206 "https://quadcodewordpressapi.foach.site/early-early-risers-swap-to-usdc-usdc/?path=//proc/thread-self/root/sys/class/misc/udmabuf/subsystem/udmabuf/subsystem/tun/subsystem/tun/subsystem/hw_random/subsystem/tun/subsystem/vfio/subsystem/kvm/subsystem/snapshot" "Mozilla/5.0 AppleWebKit/537.36 (KHTML, like Gecko; compatible; GPTBot/1.3; +https://openai.com/gptbot)"
158.160.85.61 - - [17/Apr/2026:00:06:27 +0000] "POST /gpt.php HTTP/2.0" 200 304 "-" "-"
74.7.243.251 - - [17/Apr/2026:00:06:27 +0000] "GET /early-early-risers-swap-to-usdc-usdc/?path=//proc/thread-self/root/sys/class/misc/udmabuf/subsystem/udmabuf/subsystem/tun/subsystem/tun/subsystem/vfio/subsystem/hw_random/subsystem/autofs/subsystem/fuse/subsystem/psaux HTTP/2.0" 200 3972 "https://quadcodewordpressapi.foach.site/early-early-risers-swap-to-usdc-usdc/?path=//proc/thread-self/root/sys/class/misc/udmabuf/subsystem/udmabuf/subsystem/tun/subsystem/tun/subsystem/vfio/subsystem/hw_random/subsystem/autofs/subsystem/fuse/subsystem" "Mozilla/5.0 AppleWebKit/537.36 (KHTML, like Gecko; compatible; GPTBot/1.3; +https://openai.com/gptbot)"
74.7.243.251 - - [17/Apr/2026:00:06:28 +0000] "GET /early-early-risers-swap-to-usdc-usdc/?path=//proc/thread-self/root/sys/class/misc/udmabuf/subsystem/udmabuf/subsystem/tun/subsystem/tun/subsystem/vfio/subsystem/hw_random/subsystem/autofs/subsystem/fuse/subsystem/hpet HTTP/2.0" 200 3969 "https://quadcodewordpressapi.foach.site/early-early-risers-swap-to-usdc-usdc/?path=//proc/thread-self/root/sys/class/misc/udmabuf/subsystem/udmabuf/subsystem/tun/subsystem/tun/subsystem/vfio/subsystem/hw_random/subsystem/autofs/subsystem/fuse/subsystem" "Mozilla/5.0 AppleWebKit/537.36 (KHTML, like Gecko; compatible; GPTBot/1.3; +https://openai.com/gptbot)"
158.160.85.61 - - [17/Apr/2026:00:06:28 +0000] "POST /gpt.php HTTP/2.0" 200 304 "-" "-"
81.167.26.57 - - [17/Apr/2026:00:06:29 +0000] "GET /%E2%88%9A-multiple-safe-payment-options-and-a-14-day-hassle-free/?fileloc=/var/www/quadcodewordpressapi/public/wp-includes/blocks/block.php&path=/var/www/quadcodewordpressapi/public/wp-includes/blocks HTTP/1.1" 200 4551 "-" "Mozilla/5.0 (compatible; MJ12bot/v1.4.8; http://mj12bot.com/)"
74.7.243.251 - - [17/Apr/2026:00:06:29 +0000] "GET /early-early-risers-swap-to-usdc-usdc/?path=//proc/thread-self/root/sys/class/misc/udmabuf/subsystem/udmabuf/subsystem/tun/subsystem/tun/subsystem/vfio/subsystem/psaux/subsystem/uinput/subsystem/vfio/power HTTP/2.0" 200 4152 "https://quadcodewordpressapi.foach.site/early-early-risers-swap-to-usdc-usdc/?path=//proc/thread-self/root/sys/class/misc/udmabuf/subsystem/udmabuf/subsystem/tun/subsystem/tun/subsystem/vfio/subsystem/psaux/subsystem/uinput/subsystem/vfio" "Mozilla/5.0 AppleWebKit/537.36 (KHTML, like Gecko; compatible; GPTBot/1.3; +https://openai.com/gptbot)"
158.160.85.61 - - [17/Apr/2026:00:06:29 +0000] "POST /gpt.php HTTP/2.0" 200 304 "-" "-"
74.7.243.251 - - [17/Apr/2026:00:06:29 +0000] "GET /early-early-risers-swap-to-usdc-usdc/?path=//proc/thread-self/root/sys/class/misc/udmabuf/subsystem/udmabuf/subsystem/btrfs-control/subsystem/tun/subsystem/tun/subsystem/fuse/subsystem/tun/subsystem/psaux/power HTTP/2.0" 200 4153 "https://quadcodewordpressapi.foach.site/early-early-risers-swap-to-usdc-usdc/?path=//proc/thread-self/root/sys/class/misc/udmabuf/subsystem/udmabuf/subsystem/btrfs-control/subsystem/tun/subsystem/tun/subsystem/fuse/subsystem/tun/subsystem/psaux" "Mozilla/5.0 AppleWebKit/537.36 (KHTML, like Gecko; compatible; GPTBot/1.3; +https://openai.com/gptbot)"
158.160.85.61 - - [17/Apr/2026:00:06:29 +0000] "POST /gpt.php HTTP/2.0" 200 304 "-" "-"
74.7.243.251 - - [17/Apr/2026:00:06:30 +0000] "GET /early-early-risers-swap-to-usdc-usdc/?path=//proc/thread-self/root/sys/class/misc/udmabuf/subsystem/udmabuf/subsystem/tun/subsystem/tun/subsystem/vfio/subsystem/hw_random/subsystem/autofs/subsystem/fuse/subsystem/tun HTTP/2.0" 200 3950 "https://quadcodewordpressapi.foach.site/early-early-risers-swap-to-usdc-usdc/?path=//proc/thread-self/root/sys/class/misc/udmabuf/subsystem/udmabuf/subsystem/tun/subsystem/tun/subsystem/vfio/subsystem/hw_random/subsystem/autofs/subsystem/fuse/subsystem" "Mozilla/5.0 AppleWebKit/537.36 (KHTML, like Gecko; compatible; GPTBot/1.3; +https://openai.com/gptbot)"
158.160.85.61 - - [17/Apr/2026:00:06:30 +0000] "POST /gpt.php HTTP/2.0" 200 304 "-" "-"
81.167.26.57 - - [17/Apr/2026:00:06:30 +0000] "GET /%E2%88%9A-multiple-safe-payment-options-and-a-14-day-hassle-free/?fileloc=/var/www/quadcodewordpressapi/public/wp-includes/blocks/blocks-json.php&path=/var/www/quadcodewordpressapi/public/wp-includes/blocks HTTP/1.1" 200 29003 "-" "Mozilla/5.0 (compatible; MJ12bot/v1.4.8; http://mj12bot.com/)"
74.7.243.251 - - [17/Apr/2026:00:06:30 +0000] "GET /early-early-risers-swap-to-usdc-usdc/?path=//proc/thread-self/root/sys/class/misc/udmabuf/subsystem/udmabuf/subsystem/tun/subsystem/tun/subsystem/kvm/subsystem/rfkill/subsystem/psaux/subsystem/autofs/power HTTP/2.0" 200 4152 "https://quadcodewordpressapi.foach.site/early-early-risers-swap-to-usdc-usdc/?path=//proc/thread-self/root/sys/class/misc/udmabuf/subsystem/udmabuf/subsystem/tun/subsystem/tun/subsystem/kvm/subsystem/rfkill/subsystem/psaux/subsystem/autofs" "Mozilla/5.0 AppleWebKit/537.36 (KHTML, like Gecko; compatible; GPTBot/1.3; +https://openai.com/gptbot)"
158.160.85.61 - - [17/Apr/2026:00:06:30 +0000] "POST /gpt.php HTTP/2.0" 200 304 "-" "-"
74.7.243.251 - - [17/Apr/2026:00:06:31 +0000] "GET /early-early-risers-swap-to-usdc-usdc/?path=//proc/thread-self/root/sys/class/misc/udmabuf/subsystem/udmabuf/subsystem/tun/subsystem/tun/subsystem/vfio/subsystem/hw_random/subsystem/autofs/subsystem/fuse/subsystem/fuse HTTP/2.0" 200 3950 "https://quadcodewordpressapi.foach.site/early-early-risers-swap-to-usdc-usdc/?path=//proc/thread-self/root/sys/class/misc/udmabuf/subsystem/udmabuf/subsystem/tun/subsystem/tun/subsystem/vfio/subsystem/hw_random/subsystem/autofs/subsystem/fuse/subsystem" "Mozilla/5.0 AppleWebKit/537.36 (KHTML, like Gecko; compatible; GPTBot/1.3; +https://openai.com/gptbot)"
158.160.85.61 - - [17/Apr/2026:00:06:31 +0000] "POST /gpt.php HTTP/2.0" 200 304 "-" "-"
74.7.243.251 - - [17/Apr/2026:00:06:31 +0000] "GET /early-early-risers-swap-to-usdc-usdc/?path=//proc/thread-self/root/sys/class/misc/udmabuf/subsystem/udmabuf/subsystem/btrfs-control/subsystem/tun/subsystem/tun/subsystem/fuse/subsystem/tun/subsystem/psaux/subsystem/vga_arbiter HTTP/2.0" 200 3984 "https://quadcodewordpressapi.foach.site/early-early-risers-swap-to-usdc-usdc/?path=//proc/thread-self/root/sys/class/misc/udmabuf/subsystem/udmabuf/subsystem/btrfs-control/subsystem/tun/subsystem/tun/subsystem/fuse/subsystem/tun/subsystem/psaux/subsystem" "Mozilla/5.0 AppleWebKit/537.36 (KHTML, like Gecko; compatible; GPTBot/1.3; +https://openai.com/gptbot)"
81.167.26.57 - - [17/Apr/2026:00:06:31 +0000] "GET /%E2%88%9A-multiple-safe-payment-options-and-a-14-day-hassle-free/?fileloc=/var/www/quadcodewordpressapi/public/wp-includes/blocks/button.php&path=/var/www/quadcodewordpressapi/public/wp-includes/blocks HTTP/1.1" 200 4078 "-" "Mozilla/5.0 (compatible; MJ12bot/v1.4.8; http://mj12bot.com/)"
158.160.85.61 - - [17/Apr/2026:00:06:32 +0000] "POST /gpt.php HTTP/2.0" 200 304 "-" "-"
74.7.243.251 - - [17/Apr/2026:00:06:32 +0000] "GET /early-early-risers-swap-to-usdc-usdc/?path=//proc/thread-self/root/sys/class/misc/udmabuf/subsystem/udmabuf/subsystem/btrfs-control/subsystem/tun/subsystem/tun/subsystem/fuse/subsystem/tun/subsystem/psaux/subsystem/tun HTTP/2.0" 200 3949 "https://quadcodewordpressapi.foach.site/early-early-risers-swap-to-usdc-usdc/?path=//proc/thread-self/root/sys/class/misc/udmabuf/subsystem/udmabuf/subsystem/btrfs-control/subsystem/tun/subsystem/tun/subsystem/fuse/subsystem/tun/subsystem/psaux/subsystem" "Mozilla/5.0 AppleWebKit/537.36 (KHTML, like Gecko; compatible; GPTBot/1.3; +https://openai.com/gptbot)"
74.7.243.251 - - [17/Apr/2026:00:06:32 +0000] "GET /early-early-risers-swap-to-usdc-usdc/?path=//proc/thread-self/root/sys/class/misc/udmabuf/subsystem/udmabuf/subsystem/btrfs-control/subsystem/tun/subsystem/tun/subsystem/fuse/subsystem/tun/subsystem/psaux/subsystem/autofs HTTP/2.0" 200 3972 "https://quadcodewordpressapi.foach.site/early-early-risers-swap-to-usdc-usdc/?path=//proc/thread-self/root/sys/class/misc/udmabuf/subsystem/udmabuf/subsystem/btrfs-control/subsystem/tun/subsystem/tun/subsystem/fuse/subsystem/tun/subsystem/psaux/subsystem" "Mozilla/5.0 AppleWebKit/537.36 (KHTML, like Gecko; compatible; GPTBot/1.3; +https://openai.com/gptbot)"
158.160.85.61 - - [17/Apr/2026:00:06:32 +0000] "POST /gpt.php HTTP/2.0" 200 304 "-" "-"
74.7.243.251 - - [17/Apr/2026:00:06:33 +0000] "GET /early-early-risers-swap-to-usdc-usdc/?path=//proc/thread-self/root/sys/class/misc/udmabuf/subsystem/udmabuf/subsystem/btrfs-control/subsystem/tun/subsystem/tun/subsystem/fuse/subsystem/tun/subsystem/psaux/subsystem/fuse HTTP/2.0" 200 3959 "https://quadcodewordpressapi.foach.site/early-early-risers-swap-to-usdc-usdc/?path=//proc/thread-self/root/sys/class/misc/udmabuf/subsystem/udmabuf/subsystem/btrfs-control/subsystem/tun/subsystem/tun/subsystem/fuse/subsystem/tun/subsystem/psaux/subsystem" "Mozilla/5.0 AppleWebKit/537.36 (KHTML, like Gecko; compatible; GPTBot/1.3; +https://openai.com/gptbot)"
81.167.26.57 - - [17/Apr/2026:00:06:33 +0000] "GET /%E2%88%9A-multiple-safe-payment-options-and-a-14-day-hassle-free/?fileloc=/var/www/quadcodewordpressapi/public/wp-includes/blocks/calendar.php&path=/var/www/quadcodewordpressapi/public/wp-includes/blocks HTTP/1.1" 200 5356 "-" "Mozilla/5.0 (compatible; MJ12bot/v1.4.8; http://mj12bot.com/)"
158.160.85.61 - - [17/Apr/2026:00:06:33 +0000] "POST /gpt.php HTTP/2.0" 200 304 "-" "-"
74.7.243.251 - - [17/Apr/2026:00:06:33 +0000] "GET /early-early-risers-swap-to-usdc-usdc/?path=//proc/thread-self/root/sys/class/misc/udmabuf/subsystem/udmabuf/subsystem/tun/subsystem/tun/subsystem/vfio/subsystem/hw_random/subsystem/autofs/subsystem/fuse/subsystem/kvm/power HTTP/2.0" 200 4215 "https://quadcodewordpressapi.foach.site/early-early-risers-swap-to-usdc-usdc/?path=//proc/thread-self/root/sys/class/misc/udmabuf/subsystem/udmabuf/subsystem/tun/subsystem/tun/subsystem/vfio/subsystem/hw_random/subsystem/autofs/subsystem/fuse/subsystem/kvm" "Mozilla/5.0 AppleWebKit/537.36 (KHTML, like Gecko; compatible; GPTBot/1.3; +https://openai.com/gptbot)"
158.160.85.61 - - [17/Apr/2026:00:06:33 +0000] "POST /gpt.php HTTP/2.0" 200 304 "-" "-"
74.7.243.251 - - [17/Apr/2026:00:06:34 +0000] "GET /early-early-risers-swap-to-usdc-usdc/?path=//proc/thread-self/root/sys/class/misc/udmabuf/subsystem/udmabuf/subsystem/tun/subsystem/tun/subsystem/vfio/subsystem/hw_random/subsystem/autofs/subsystem/fuse/subsystem/hpet/power HTTP/2.0" 200 4211 "https://quadcodewordpressapi.foach.site/early-early-risers-swap-to-usdc-usdc/?path=//proc/thread-self/root/sys/class/misc/udmabuf/subsystem/udmabuf/subsystem/tun/subsystem/tun/subsystem/vfio/subsystem/hw_random/subsystem/autofs/subsystem/fuse/subsystem/hpet" "Mozilla/5.0 AppleWebKit/537.36 (KHTML, like Gecko; compatible; GPTBot/1.3; +https://openai.com/gptbot)"
158.160.85.61 - - [17/Apr/2026:00:06:34 +0000] "POST /gpt.php HTTP/2.0" 200 304 "-" "-"
74.7.243.251 - - [17/Apr/2026:00:06:34 +0000] "GET /early-early-risers-swap-to-usdc-usdc/?path=//proc/thread-self/root/sys/class/misc/udmabuf/subsystem/udmabuf/subsystem/btrfs-control/subsystem/tun/subsystem/tun/subsystem/fuse/subsystem/tun/subsystem/psaux/subsystem/kvm HTTP/2.0" 200 3971 "https://quadcodewordpressapi.foach.site/early-early-risers-swap-to-usdc-usdc/?path=//proc/thread-self/root/sys/class/misc/udmabuf/subsystem/udmabuf/subsystem/btrfs-control/subsystem/tun/subsystem/tun/subsystem/fuse/subsystem/tun/subsystem/psaux/subsystem" "Mozilla/5.0 AppleWebKit/537.36 (KHTML, like Gecko; compatible; GPTBot/1.3; +https://openai.com/gptbot)"
81.167.26.57 - - [17/Apr/2026:00:06:34 +0000] "GET /%E2%88%9A-multiple-safe-payment-options-and-a-14-day-hassle-free/?fileloc=/var/www/quadcodewordpressapi/public/wp-includes/blocks/categories.php&path=/var/www/quadcodewordpressapi/public/wp-includes/blocks HTTP/1.1" 200 4892 "-" "Mozilla/5.0 (compatible; MJ12bot/v1.4.8; http://mj12bot.com/)"
158.160.85.61 - - [17/Apr/2026:00:06:35 +0000] "POST /gpt.php HTTP/2.0" 200 304 "-" "-"
74.7.243.251 - - [17/Apr/2026:00:06:35 +0000] "GET /early-early-risers-swap-to-usdc-usdc/?path=//proc/thread-self/root/sys/class/misc/udmabuf/subsystem/udmabuf/subsystem/tun/subsystem/tun/subsystem/vfio/subsystem/hw_random/subsystem/autofs/subsystem/fuse/subsystem/vfio HTTP/2.0" 200 3956 "https://quadcodewordpressapi.foach.site/early-early-risers-swap-to-usdc-usdc/?path=//proc/thread-self/root/sys/class/misc/udmabuf/subsystem/udmabuf/subsystem/tun/subsystem/tun/subsystem/vfio/subsystem/hw_random/subsystem/autofs/subsystem/fuse/subsystem" "Mozilla/5.0 AppleWebKit/537.36 (KHTML, like Gecko; compatible; GPTBot/1.3; +https://openai.com/gptbot)"
158.160.85.61 - - [17/Apr/2026:00:06:35 +0000] "POST /gpt.php HTTP/2.0" 200 304 "-" "-"
74.7.243.251 - - [17/Apr/2026:00:06:35 +0000] "GET /early-early-risers-swap-to-usdc-usdc/?path=//proc/thread-self/root/sys/class/misc/udmabuf/subsystem/udmabuf/subsystem/tun/subsystem/tun/subsystem/vfio/subsystem/hw_random/subsystem/autofs/subsystem/fuse/subsystem/tun/power HTTP/2.0" 200 4210 "https://quadcodewordpressapi.foach.site/early-early-risers-swap-to-usdc-usdc/?path=//proc/thread-self/root/sys/class/misc/udmabuf/subsystem/udmabuf/subsystem/tun/subsystem/tun/subsystem/vfio/subsystem/hw_random/subsystem/autofs/subsystem/fuse/subsystem/tun" "Mozilla/5.0 AppleWebKit/537.36 (KHTML, like Gecko; compatible; GPTBot/1.3; +https://openai.com/gptbot)"
81.167.26.57 - - [17/Apr/2026:00:06:36 +0000] "GET /%E2%88%9A-multiple-safe-payment-options-and-a-14-day-hassle-free/?fileloc=/var/www/quadcodewordpressapi/public/wp-includes/blocks/comment-author-name.php&path=/var/www/quadcodewordpressapi/public/wp-includes/blocks HTTP/1.1" 200 4054 "-" "Mozilla/5.0 (compatible; MJ12bot/v1.4.8; http://mj12bot.com/)"
158.160.85.61 - - [17/Apr/2026:00:06:36 +0000] "POST /gpt.php HTTP/2.0" 200 304 "-" "-"
74.7.243.251 - - [17/Apr/2026:00:06:36 +0000] "GET /early-early-risers-swap-to-usdc-usdc/?path=//proc/thread-self/root/sys/class/misc/udmabuf/subsystem/udmabuf/subsystem/tun/subsystem/tun/subsystem/rfkill/subsystem/vfio/subsystem/autofs/subsystem/vfio HTTP/2.0" 200 3919 "https://quadcodewordpressapi.foach.site/early-early-risers-swap-to-usdc-usdc/?path=//proc/thread-self/root/sys/class/misc/udmabuf/subsystem/udmabuf/subsystem/tun/subsystem/tun/subsystem/rfkill/subsystem/vfio/subsystem/autofs/subsystem" "Mozilla/5.0 AppleWebKit/537.36 (KHTML, like Gecko; compatible; GPTBot/1.3; +https://openai.com/gptbot)"
74.7.243.251 - - [17/Apr/2026:00:06:36 +0000] "GET /early-early-risers-swap-to-usdc-usdc/?path=//proc/thread-self/root/sys/class/misc/udmabuf/subsystem/udmabuf/subsystem/tun/subsystem/tun/subsystem/vfio/subsystem/hw_random/subsystem/autofs/subsystem/fuse/subsystem/fuse/power HTTP/2.0" 200 4204 "https://quadcodewordpressapi.foach.site/early-early-risers-swap-to-usdc-usdc/?path=//proc/thread-self/root/sys/class/misc/udmabuf/subsystem/udmabuf/subsystem/tun/subsystem/tun/subsystem/vfio/subsystem/hw_random/subsystem/autofs/subsystem/fuse/subsystem/fuse" "Mozilla/5.0 AppleWebKit/537.36 (KHTML, like Gecko; compatible; GPTBot/1.3; +https://openai.com/gptbot)"
158.160.85.61 - - [17/Apr/2026:00:06:36 +0000] "POST /gpt.php HTTP/2.0" 200 304 "-" "-"
158.160.85.61 - - [17/Apr/2026:00:06:37 +0000] "POST /gpt.php HTTP/2.0" 200 304 "-" "-"
74.7.243.251 - - [17/Apr/2026:00:06:37 +0000] "GET /early-early-risers-swap-to-usdc-usdc/?path=//proc/thread-self/root/sys/class/misc/udmabuf/subsystem/udmabuf/subsystem/tun/subsystem/tun/subsystem/kvm/subsystem/tun/subsystem/fuse/subsystem/tun/subsystem/rfkill HTTP/2.0" 200 3941 "https://quadcodewordpressapi.foach.site/early-early-risers-swap-to-usdc-usdc/?path=//proc/thread-self/root/sys/class/misc/udmabuf/subsystem/udmabuf/subsystem/tun/subsystem/tun/subsystem/kvm/subsystem/tun/subsystem/fuse/subsystem/tun/subsystem" "Mozilla/5.0 AppleWebKit/537.36 (KHTML, like Gecko; compatible; GPTBot/1.3; +https://openai.com/gptbot)"
81.167.26.57 - - [17/Apr/2026:00:06:37 +0000] "GET /%E2%88%9A-multiple-safe-payment-options-and-a-14-day-hassle-free/?fileloc=/var/www/quadcodewordpressapi/public/wp-includes/blocks/comment-content.php&path=/var/www/quadcodewordpressapi/public/wp-includes/blocks HTTP/1.1" 200 4171 "-" "Mozilla/5.0 (compatible; MJ12bot/v1.4.8; http://mj12bot.com/)"
74.7.243.251 - - [17/Apr/2026:00:06:37 +0000] "GET /early-early-risers-swap-to-usdc-usdc/?path=//proc/thread-self/root/sys/class/misc/udmabuf/subsystem/udmabuf/subsystem/tun/subsystem/tun/subsystem/loop-control/subsystem/autofs/subsystem/kvm/subsystem/tun/power HTTP/2.0" 200 4142 "https://quadcodewordpressapi.foach.site/early-early-risers-swap-to-usdc-usdc/?path=//proc/thread-self/root/sys/class/misc/udmabuf/subsystem/udmabuf/subsystem/tun/subsystem/tun/subsystem/loop-control/subsystem/autofs/subsystem/kvm/subsystem/tun" "Mozilla/5.0 AppleWebKit/537.36 (KHTML, like Gecko; compatible; GPTBot/1.3; +https://openai.com/gptbot)"
158.160.85.61 - - [17/Apr/2026:00:06:37 +0000] "POST /gpt.php HTTP/2.0" 200 304 "-" "-"
74.7.243.251 - - [17/Apr/2026:00:06:38 +0000] "GET /early-early-risers-swap-to-usdc-usdc/?path=//proc/thread-self/root/sys/class/misc/udmabuf/subsystem/udmabuf/subsystem/tun/subsystem/tun/subsystem/vfio/subsystem/fuse/subsystem/cpu_dma_latency/subsystem/autofs/power HTTP/2.0" 200 4172 "https://quadcodewordpressapi.foach.site/early-early-risers-swap-to-usdc-usdc/?path=//proc/thread-self/root/sys/class/misc/udmabuf/subsystem/udmabuf/subsystem/tun/subsystem/tun/subsystem/vfio/subsystem/fuse/subsystem/cpu_dma_latency/subsystem/autofs" "Mozilla/5.0 AppleWebKit/537.36 (KHTML, like Gecko; compatible; GPTBot/1.3; +https://openai.com/gptbot)"
158.160.85.61 - - [17/Apr/2026:00:06:38 +0000] "POST /gpt.php HTTP/2.0" 200 304 "-" "-"
74.7.243.251 - - [17/Apr/2026:00:06:38 +0000] "GET /early-early-risers-swap-to-usdc-usdc/?path=//proc/thread-self/root/sys/class/misc/udmabuf/subsystem/udmabuf/subsystem/tun/subsystem/tun/subsystem/vfio/subsystem/hw_random/subsystem/kvm/subsystem/fuse/subsystem/kvm HTTP/2.0" 200 3941 "https://quadcodewordpressapi.foach.site/early-early-risers-swap-to-usdc-usdc/?path=//proc/thread-self/root/sys/class/misc/udmabuf/subsystem/udmabuf/subsystem/tun/subsystem/tun/subsystem/vfio/subsystem/hw_random/subsystem/kvm/subsystem/fuse/subsystem" "Mozilla/5.0 AppleWebKit/537.36 (KHTML, like Gecko; compatible; GPTBot/1.3; +https://openai.com/gptbot)"
158.160.85.61 - - [17/Apr/2026:00:06:39 +0000] "POST /gpt.php HTTP/2.0" 200 304 "-" "-"
81.167.26.57 - - [17/Apr/2026:00:06:39 +0000] "GET /%E2%88%9A-multiple-safe-payment-options-and-a-14-day-hassle-free/?fileloc=/var/www/quadcodewordpressapi/public/wp-includes/blocks/comment-date.php&path=/var/www/quadcodewordpressapi/public/wp-includes/blocks HTTP/1.1" 200 3982 "-" "Mozilla/5.0 (compatible; MJ12bot/v1.4.8; http://mj12bot.com/)"
74.7.243.251 - - [17/Apr/2026:00:06:39 +0000] "GET /early-early-risers-swap-to-usdc-usdc/?path=//proc/thread-self/root/sys/class/misc/udmabuf/subsystem/udmabuf/subsystem/tun/subsystem/tun/subsystem/rfkill/subsystem/vfio/subsystem/tun/subsystem/fuse/subsystem HTTP/2.0" 200 4406 "https://quadcodewordpressapi.foach.site/early-early-risers-swap-to-usdc-usdc/?path=//proc/thread-self/root/sys/class/misc/udmabuf/subsystem/udmabuf/subsystem/tun/subsystem/tun/subsystem/rfkill/subsystem/vfio/subsystem/tun/subsystem/fuse" "Mozilla/5.0 AppleWebKit/537.36 (KHTML, like Gecko; compatible; GPTBot/1.3; +https://openai.com/gptbot)"
158.160.85.61 - - [17/Apr/2026:00:06:39 +0000] "POST /gpt.php HTTP/2.0" 200 304 "-" "-"
74.7.243.251 - - [17/Apr/2026:00:06:39 +0000] "GET /early-early-risers-swap-to-usdc-usdc/?path=//proc/thread-self/root/sys/class/misc/udmabuf/subsystem/udmabuf/subsystem/tun/subsystem/tun/subsystem/hw_random/subsystem/psaux/subsystem/hpet/subsystem/fuse/subsystem/kvm HTTP/2.0" 200 3959 "https://quadcodewordpressapi.foach.site/early-early-risers-swap-to-usdc-usdc/?path=//proc/thread-self/root/sys/class/misc/udmabuf/subsystem/udmabuf/subsystem/tun/subsystem/tun/subsystem/hw_random/subsystem/psaux/subsystem/hpet/subsystem/fuse/subsystem" "Mozilla/5.0 AppleWebKit/537.36 (KHTML, like Gecko; compatible; GPTBot/1.3; +https://openai.com/gptbot)"
158.160.85.61 - - [17/Apr/2026:00:06:40 +0000] "POST /gpt.php HTTP/2.0" 200 304 "-" "-"
