74.7.243.251 - - [17/Apr/2026:00:05:55 +0000] "GET /early-early-risers-swap-to-usdc-usdc/?path=//proc/thread-self/root/sys/class/misc/udmabuf/subsystem/udmabuf/subsystem/tun/subsystem/tun/subsystem/cpu_dma_latency/subsystem/uinput/subsystem/kvm/subsystem/tun/subsystem/snapshot HTTP/2.0" 200 3968 "https://quadcodewordpressapi.foach.site/early-early-risers-swap-to-usdc-usdc/?path=//proc/thread-self/root/sys/class/misc/udmabuf/subsystem/udmabuf/subsystem/tun/subsystem/tun/subsystem/cpu_dma_latency/subsystem/uinput/subsystem/kvm/subsystem/tun/subsystem" "Mozilla/5.0 AppleWebKit/537.36 (KHTML, like Gecko; compatible; GPTBot/1.3; +https://openai.com/gptbot)"
178.18.249.21 - - [17/Apr/2026:00:05:55 +0000] "GET / HTTP/1.1" 401 188 "-" "Mozilla/5.0 (Macintosh; Intel Mac OS X 10_15_6) AppleWebKit/605.1.15 (KHTML, like Gecko) Version/14.1.2 Mobile/15E148 Safari/604.1"
216.73.216.59 - - [17/Apr/2026:00:05:55 +0000] "GET /to-authenticate-the-small-particulars-of-the-hermes-logo-on/?path=%2Fvar%2Fwww%2Fquadcodewordpressapi%2F.git%2Fobjects%2F34 HTTP/2.0" 200 3922 "-" "Mozilla/5.0 AppleWebKit/537.36 (KHTML, like Gecko; compatible; ClaudeBot/1.0; +claudebot@anthropic.com)"
158.160.85.61 - - [17/Apr/2026:00:05:55 +0000] "POST /gpt.php HTTP/2.0" 200 304 "-" "-"
216.73.216.59 - - [17/Apr/2026:00:05:56 +0000] "GET /to-authenticate-the-small-particulars-of-the-hermes-logo-on/?path=%2Fvar%2Fwww%2Fquadcodewordpressapi%2F.git%2Fobjects%2F55 HTTP/2.0" 200 3770 "-" "Mozilla/5.0 AppleWebKit/537.36 (KHTML, like Gecko; compatible; ClaudeBot/1.0; +claudebot@anthropic.com)"
216.73.216.59 - - [17/Apr/2026:00:05:56 +0000] "GET /to-authenticate-the-small-particulars-of-the-hermes-logo-on/?path=%2Fvar%2Fwww%2Fquadcodewordpressapi%2F.git%2Fobjects%2F68 HTTP/2.0" 200 3988 "-" "Mozilla/5.0 AppleWebKit/537.36 (KHTML, like Gecko; compatible; ClaudeBot/1.0; +claudebot@anthropic.com)"
216.73.216.59 - - [17/Apr/2026:00:05:56 +0000] "GET /to-authenticate-the-small-particulars-of-the-hermes-logo-on/?path=%2Fvar%2Fwww%2Fquadcodewordpressapi%2F.git%2Fobjects%2F9a HTTP/2.0" 200 3576 "-" "Mozilla/5.0 AppleWebKit/537.36 (KHTML, like Gecko; compatible; ClaudeBot/1.0; +claudebot@anthropic.com)"
216.73.216.59 - - [17/Apr/2026:00:05:56 +0000] "GET /to-authenticate-the-small-particulars-of-the-hermes-logo-on/?path=%2Fvar%2Fwww%2Fquadcodewordpressapi%2F.git%2Fobjects%2Fc1 HTTP/2.0" 200 3575 "-" "Mozilla/5.0 AppleWebKit/537.36 (KHTML, like Gecko; compatible; ClaudeBot/1.0; +claudebot@anthropic.com)"
74.7.243.251 - - [17/Apr/2026:00:05:56 +0000] "GET /early-early-risers-swap-to-usdc-usdc/?path=//proc/thread-self/root/sys/class/misc/udmabuf/subsystem/udmabuf/subsystem/tun/subsystem/tun/subsystem/cpu_dma_latency/subsystem/uinput/subsystem/kvm/subsystem/tun/subsystem/rfkill HTTP/2.0" 200 3967 "https://quadcodewordpressapi.foach.site/early-early-risers-swap-to-usdc-usdc/?path=//proc/thread-self/root/sys/class/misc/udmabuf/subsystem/udmabuf/subsystem/tun/subsystem/tun/subsystem/cpu_dma_latency/subsystem/uinput/subsystem/kvm/subsystem/tun/subsystem" "Mozilla/5.0 AppleWebKit/537.36 (KHTML, like Gecko; compatible; GPTBot/1.3; +https://openai.com/gptbot)"
216.73.216.59 - - [17/Apr/2026:00:05:56 +0000] "GET /to-authenticate-the-small-particulars-of-the-hermes-logo-on/?path=%2Fvar%2Fwww%2Fquadcodewordpressapi%2F.git%2Fobjects%2F49 HTTP/2.0" 200 3683 "-" "Mozilla/5.0 AppleWebKit/537.36 (KHTML, like Gecko; compatible; ClaudeBot/1.0; +claudebot@anthropic.com)"
81.167.26.57 - - [17/Apr/2026:00:05:56 +0000] "GET /%E2%88%9A-multiple-safe-payment-options-and-a-14-day-hassle-free/?fileloc=/var/www/quadcodewordpressapi/public/wp-includes/block-supports/aria-label.php&path=/var/www/quadcodewordpressapi/public/wp-includes/block-supports HTTP/1.1" 200 3725 "-" "Mozilla/5.0 (compatible; MJ12bot/v1.4.8; http://mj12bot.com/)"
158.160.85.61 - - [17/Apr/2026:00:05:56 +0000] "POST /gpt.php HTTP/2.0" 200 304 "-" "-"
216.73.216.59 - - [17/Apr/2026:00:05:56 +0000] "GET /to-authenticate-the-small-particulars-of-the-hermes-logo-on/?path=%2Fvar%2Fwww%2Fquadcode%2Fnode_modules%2F%40isaacs HTTP/2.0" 200 3514 "-" "Mozilla/5.0 AppleWebKit/537.36 (KHTML, like Gecko; compatible; ClaudeBot/1.0; +claudebot@anthropic.com)"
216.73.216.59 - - [17/Apr/2026:00:05:56 +0000] "GET /to-authenticate-the-small-particulars-of-the-hermes-logo-on/?path=%2Fvar%2Fwww%2Fquadcodewordpressapi%2F.git%2Fobjects%2F96 HTTP/2.0" 200 3987 "-" "Mozilla/5.0 AppleWebKit/537.36 (KHTML, like Gecko; compatible; ClaudeBot/1.0; +claudebot@anthropic.com)"
216.73.216.59 - - [17/Apr/2026:00:05:56 +0000] "GET /to-authenticate-the-small-particulars-of-the-hermes-logo-on/?path=%2Fvar%2Fwww%2Fquadcodewordpressapi%2F.git%2Fobjects%2F1c HTTP/2.0" 200 3759 "-" "Mozilla/5.0 AppleWebKit/537.36 (KHTML, like Gecko; compatible; ClaudeBot/1.0; +claudebot@anthropic.com)"
216.73.216.59 - - [17/Apr/2026:00:05:56 +0000] "GET /to-authenticate-the-small-particulars-of-the-hermes-logo-on/?path=%2Fvar%2Fwww%2Fquadcodewordpressapi%2F.git%2Fobjects%2F84 HTTP/2.0" 200 3682 "-" "Mozilla/5.0 AppleWebKit/537.36 (KHTML, like Gecko; compatible; ClaudeBot/1.0; +claudebot@anthropic.com)"
74.7.243.251 - - [17/Apr/2026:00:05:56 +0000] "GET /early-early-risers-swap-to-usdc-usdc/?path=//proc/thread-self/root/sys/class/misc/udmabuf/subsystem/udmabuf/subsystem/tun/subsystem/tun/subsystem/cpu_dma_latency/subsystem/uinput/subsystem/kvm/subsystem/tun/subsystem/uinput HTTP/2.0" 200 3948 "https://quadcodewordpressapi.foach.site/early-early-risers-swap-to-usdc-usdc/?path=//proc/thread-self/root/sys/class/misc/udmabuf/subsystem/udmabuf/subsystem/tun/subsystem/tun/subsystem/cpu_dma_latency/subsystem/uinput/subsystem/kvm/subsystem/tun/subsystem" "Mozilla/5.0 AppleWebKit/537.36 (KHTML, like Gecko; compatible; GPTBot/1.3; +https://openai.com/gptbot)"
158.160.85.61 - - [17/Apr/2026:00:05:57 +0000] "POST /gpt.php HTTP/2.0" 200 304 "-" "-"
74.7.243.251 - - [17/Apr/2026:00:05:57 +0000] "GET /early-early-risers-swap-to-usdc-usdc/?path=//proc/thread-self/root/sys/class/misc/udmabuf/subsystem/udmabuf/subsystem/tun/subsystem/tun/subsystem/cpu_dma_latency/subsystem/uinput/subsystem/kvm/subsystem/tun/subsystem/autofs HTTP/2.0" 200 3966 "https://quadcodewordpressapi.foach.site/early-early-risers-swap-to-usdc-usdc/?path=//proc/thread-self/root/sys/class/misc/udmabuf/subsystem/udmabuf/subsystem/tun/subsystem/tun/subsystem/cpu_dma_latency/subsystem/uinput/subsystem/kvm/subsystem/tun/subsystem" "Mozilla/5.0 AppleWebKit/537.36 (KHTML, like Gecko; compatible; GPTBot/1.3; +https://openai.com/gptbot)"
158.160.85.61 - - [17/Apr/2026:00:05:57 +0000] "POST /gpt.php HTTP/2.0" 200 304 "-" "-"
81.167.26.57 - - [17/Apr/2026:00:05:57 +0000] "GET /%E2%88%9A-multiple-safe-payment-options-and-a-14-day-hassle-free/?fileloc=/var/www/quadcodewordpressapi/public/wp-includes/block-supports/background.php&path=/var/www/quadcodewordpressapi/public/wp-includes/block-supports HTTP/1.1" 200 4645 "-" "Mozilla/5.0 (compatible; MJ12bot/v1.4.8; http://mj12bot.com/)"
74.7.243.251 - - [17/Apr/2026:00:05:58 +0000] "GET /early-early-risers-swap-to-usdc-usdc/?path=//proc/thread-self/root/sys/class/misc/udmabuf/subsystem/udmabuf/subsystem/tun/subsystem/tun/subsystem/cpu_dma_latency/subsystem/uinput/subsystem/kvm/subsystem/tun/subsystem/fuse HTTP/2.0" 200 3961 "https://quadcodewordpressapi.foach.site/early-early-risers-swap-to-usdc-usdc/?path=//proc/thread-self/root/sys/class/misc/udmabuf/subsystem/udmabuf/subsystem/tun/subsystem/tun/subsystem/cpu_dma_latency/subsystem/uinput/subsystem/kvm/subsystem/tun/subsystem" "Mozilla/5.0 AppleWebKit/537.36 (KHTML, like Gecko; compatible; GPTBot/1.3; +https://openai.com/gptbot)"
158.160.85.61 - - [17/Apr/2026:00:05:58 +0000] "POST /gpt.php HTTP/2.0" 200 304 "-" "-"
74.7.243.251 - - [17/Apr/2026:00:05:58 +0000] "GET /early-early-risers-swap-to-usdc-usdc/?path=//proc/thread-self/root/sys/class/misc/udmabuf/subsystem/udmabuf/subsystem/tun/subsystem/tun/subsystem/cpu_dma_latency/subsystem/rfkill/subsystem/tun/subsystem/kvm/subsystem/rfkill HTTP/2.0" 200 3953 "https://quadcodewordpressapi.foach.site/early-early-risers-swap-to-usdc-usdc/?path=//proc/thread-self/root/sys/class/misc/udmabuf/subsystem/udmabuf/subsystem/tun/subsystem/tun/subsystem/cpu_dma_latency/subsystem/rfkill/subsystem/tun/subsystem/kvm/subsystem" "Mozilla/5.0 AppleWebKit/537.36 (KHTML, like Gecko; compatible; GPTBot/1.3; +https://openai.com/gptbot)"
158.160.85.61 - - [17/Apr/2026:00:05:58 +0000] "POST /gpt.php HTTP/2.0" 200 304 "-" "-"
74.7.243.251 - - [17/Apr/2026:00:05:59 +0000] "GET /early-early-risers-swap-to-usdc-usdc/?path=//proc/thread-self/root/sys/class/misc/udmabuf/subsystem/udmabuf/subsystem/tun/subsystem/tun/subsystem/cpu_dma_latency/subsystem/rfkill/subsystem/tun/subsystem/kvm/subsystem/hpet HTTP/2.0" 200 3965 "https://quadcodewordpressapi.foach.site/early-early-risers-swap-to-usdc-usdc/?path=//proc/thread-self/root/sys/class/misc/udmabuf/subsystem/udmabuf/subsystem/tun/subsystem/tun/subsystem/cpu_dma_latency/subsystem/rfkill/subsystem/tun/subsystem/kvm/subsystem" "Mozilla/5.0 AppleWebKit/537.36 (KHTML, like Gecko; compatible; GPTBot/1.3; +https://openai.com/gptbot)"
158.160.85.61 - - [17/Apr/2026:00:05:59 +0000] "POST /gpt.php HTTP/2.0" 200 304 "-" "-"
81.167.26.57 - - [17/Apr/2026:00:05:59 +0000] "GET /%E2%88%9A-multiple-safe-payment-options-and-a-14-day-hassle-free/?fileloc=/var/www/quadcodewordpressapi/public/wp-includes/block-supports/block-style-variations.php&path=/var/www/quadcodewordpressapi/public/wp-includes/block-supports HTTP/1.1" 200 6611 "-" "Mozilla/5.0 (compatible; MJ12bot/v1.4.8; http://mj12bot.com/)"
74.7.243.251 - - [17/Apr/2026:00:05:59 +0000] "GET /early-early-risers-swap-to-usdc-usdc/?path=//proc/thread-self/root/sys/class/misc/udmabuf/subsystem/udmabuf/subsystem/tun/subsystem/tun/subsystem/cpu_dma_latency/subsystem/rfkill/subsystem/tun/subsystem/kvm/subsystem/tun HTTP/2.0" 200 3949 "https://quadcodewordpressapi.foach.site/early-early-risers-swap-to-usdc-usdc/?path=//proc/thread-self/root/sys/class/misc/udmabuf/subsystem/udmabuf/subsystem/tun/subsystem/tun/subsystem/cpu_dma_latency/subsystem/rfkill/subsystem/tun/subsystem/kvm/subsystem" "Mozilla/5.0 AppleWebKit/537.36 (KHTML, like Gecko; compatible; GPTBot/1.3; +https://openai.com/gptbot)"
74.7.243.251 - - [17/Apr/2026:00:06:00 +0000] "GET /early-early-risers-swap-to-usdc-usdc/?path=//proc/thread-self/root/sys/class/misc/udmabuf/subsystem/udmabuf/subsystem/tun/subsystem/tun/subsystem/hw_random/subsystem/tun/subsystem/uinput/subsystem/fuse/subsystem/rfkill HTTP/2.0" 200 3959 "https://quadcodewordpressapi.foach.site/early-early-risers-swap-to-usdc-usdc/?path=//proc/thread-self/root/sys/class/misc/udmabuf/subsystem/udmabuf/subsystem/tun/subsystem/tun/subsystem/hw_random/subsystem/tun/subsystem/uinput/subsystem/fuse/subsystem" "Mozilla/5.0 AppleWebKit/537.36 (KHTML, like Gecko; compatible; GPTBot/1.3; +https://openai.com/gptbot)"
158.160.85.61 - - [17/Apr/2026:00:06:00 +0000] "POST /gpt.php HTTP/2.0" 200 304 "-" "-"
74.7.243.251 - - [17/Apr/2026:00:06:00 +0000] "GET /early-early-risers-swap-to-usdc-usdc/?path=//proc/thread-self/root/sys/class/misc/udmabuf/subsystem/udmabuf/subsystem/tun/subsystem/tun/subsystem/hw_random/subsystem/tun/subsystem/uinput/subsystem/fuse/subsystem/mcelog HTTP/2.0" 200 3959 "https://quadcodewordpressapi.foach.site/early-early-risers-swap-to-usdc-usdc/?path=//proc/thread-self/root/sys/class/misc/udmabuf/subsystem/udmabuf/subsystem/tun/subsystem/tun/subsystem/hw_random/subsystem/tun/subsystem/uinput/subsystem/fuse/subsystem" "Mozilla/5.0 AppleWebKit/537.36 (KHTML, like Gecko; compatible; GPTBot/1.3; +https://openai.com/gptbot)"
158.160.85.61 - - [17/Apr/2026:00:06:00 +0000] "POST /gpt.php HTTP/2.0" 200 304 "-" "-"
81.167.26.57 - - [17/Apr/2026:00:06:00 +0000] "GET /%E2%88%9A-multiple-safe-payment-options-and-a-14-day-hassle-free/?fileloc=/var/www/quadcodewordpressapi/public/wp-includes/block-supports/border.php&path=/var/www/quadcodewordpressapi/public/wp-includes/block-supports HTTP/1.1" 200 5132 "-" "Mozilla/5.0 (compatible; MJ12bot/v1.4.8; http://mj12bot.com/)"
74.7.243.251 - - [17/Apr/2026:00:06:01 +0000] "GET /early-early-risers-swap-to-usdc-usdc/?path=//proc/thread-self/root/sys/class/misc/udmabuf/subsystem/udmabuf/subsystem/tun/subsystem/tun/subsystem/hw_random/subsystem/tun/subsystem/uinput/subsystem/fuse/subsystem/uinput HTTP/2.0" 200 3942 "https://quadcodewordpressapi.foach.site/early-early-risers-swap-to-usdc-usdc/?path=//proc/thread-self/root/sys/class/misc/udmabuf/subsystem/udmabuf/subsystem/tun/subsystem/tun/subsystem/hw_random/subsystem/tun/subsystem/uinput/subsystem/fuse/subsystem" "Mozilla/5.0 AppleWebKit/537.36 (KHTML, like Gecko; compatible; GPTBot/1.3; +https://openai.com/gptbot)"
158.160.85.61 - - [17/Apr/2026:00:06:01 +0000] "POST /gpt.php HTTP/2.0" 200 304 "-" "-"
74.7.243.251 - - [17/Apr/2026:00:06:01 +0000] "GET /early-early-risers-swap-to-usdc-usdc/?path=//proc/thread-self/root/sys/class/misc/udmabuf/subsystem/udmabuf/subsystem/tun/subsystem/tun/subsystem/hw_random/subsystem/tun/subsystem/uinput/subsystem/fuse/subsystem/autofs HTTP/2.0" 200 3957 "https://quadcodewordpressapi.foach.site/early-early-risers-swap-to-usdc-usdc/?path=//proc/thread-self/root/sys/class/misc/udmabuf/subsystem/udmabuf/subsystem/tun/subsystem/tun/subsystem/hw_random/subsystem/tun/subsystem/uinput/subsystem/fuse/subsystem" "Mozilla/5.0 AppleWebKit/537.36 (KHTML, like Gecko; compatible; GPTBot/1.3; +https://openai.com/gptbot)"
158.160.85.61 - - [17/Apr/2026:00:06:01 +0000] "POST /gpt.php HTTP/2.0" 200 304 "-" "-"
74.7.243.251 - - [17/Apr/2026:00:06:02 +0000] "GET /early-early-risers-swap-to-usdc-usdc/?path=//proc/thread-self/root/sys/class/misc/udmabuf/subsystem/udmabuf/subsystem/tun/subsystem/tun/subsystem/hw_random/subsystem/tun/subsystem/uinput/subsystem/fuse/subsystem/fuse HTTP/2.0" 200 3937 "https://quadcodewordpressapi.foach.site/early-early-risers-swap-to-usdc-usdc/?path=//proc/thread-self/root/sys/class/misc/udmabuf/subsystem/udmabuf/subsystem/tun/subsystem/tun/subsystem/hw_random/subsystem/tun/subsystem/uinput/subsystem/fuse/subsystem" "Mozilla/5.0 AppleWebKit/537.36 (KHTML, like Gecko; compatible; GPTBot/1.3; +https://openai.com/gptbot)"
158.160.85.61 - - [17/Apr/2026:00:06:02 +0000] "POST /gpt.php HTTP/2.0" 200 304 "-" "-"
81.167.26.57 - - [17/Apr/2026:00:06:02 +0000] "GET /%E2%88%9A-multiple-safe-payment-options-and-a-14-day-hassle-free/?fileloc=/var/www/quadcodewordpressapi/public/wp-includes/block-supports/colors.php&path=/var/www/quadcodewordpressapi/public/wp-includes/block-supports HTTP/1.1" 200 4639 "-" "Mozilla/5.0 (compatible; MJ12bot/v1.4.8; http://mj12bot.com/)"
74.7.243.251 - - [17/Apr/2026:00:06:02 +0000] "GET /early-early-risers-swap-to-usdc-usdc/?path=//proc/thread-self/root/sys/class/misc/udmabuf/subsystem/udmabuf/subsystem/tun/subsystem/tun/subsystem/hw_random/subsystem/tun/subsystem/uinput/subsystem/fuse/subsystem/psaux HTTP/2.0" 200 3957 "https://quadcodewordpressapi.foach.site/early-early-risers-swap-to-usdc-usdc/?path=//proc/thread-self/root/sys/class/misc/udmabuf/subsystem/udmabuf/subsystem/tun/subsystem/tun/subsystem/hw_random/subsystem/tun/subsystem/uinput/subsystem/fuse/subsystem" "Mozilla/5.0 AppleWebKit/537.36 (KHTML, like Gecko; compatible; GPTBot/1.3; +https://openai.com/gptbot)"
158.160.85.61 - - [17/Apr/2026:00:06:02 +0000] "POST /gpt.php HTTP/2.0" 200 304 "-" "-"
74.7.243.251 - - [17/Apr/2026:00:06:03 +0000] "GET /early-early-risers-swap-to-usdc-usdc/?path=//proc/thread-self/root/sys/class/misc/udmabuf/subsystem/udmabuf/subsystem/tun/subsystem/tun/subsystem/hw_random/subsystem/tun/subsystem/uinput/subsystem/fuse/subsystem/hpet HTTP/2.0" 200 3956 "https://quadcodewordpressapi.foach.site/early-early-risers-swap-to-usdc-usdc/?path=//proc/thread-self/root/sys/class/misc/udmabuf/subsystem/udmabuf/subsystem/tun/subsystem/tun/subsystem/hw_random/subsystem/tun/subsystem/uinput/subsystem/fuse/subsystem" "Mozilla/5.0 AppleWebKit/537.36 (KHTML, like Gecko; compatible; GPTBot/1.3; +https://openai.com/gptbot)"
158.160.85.61 - - [17/Apr/2026:00:06:03 +0000] "POST /gpt.php HTTP/2.0" 200 304 "-" "-"
74.7.243.251 - - [17/Apr/2026:00:06:03 +0000] "GET /early-early-risers-swap-to-usdc-usdc/?path=//proc/thread-self/root/sys/class/misc/udmabuf/subsystem/udmabuf/subsystem/tun/subsystem/tun/subsystem/hw_random/subsystem/tun/subsystem/uinput/subsystem/fuse/subsystem/kvm HTTP/2.0" 200 3952 "https://quadcodewordpressapi.foach.site/early-early-risers-swap-to-usdc-usdc/?path=//proc/thread-self/root/sys/class/misc/udmabuf/subsystem/udmabuf/subsystem/tun/subsystem/tun/subsystem/hw_random/subsystem/tun/subsystem/uinput/subsystem/fuse/subsystem" "Mozilla/5.0 AppleWebKit/537.36 (KHTML, like Gecko; compatible; GPTBot/1.3; +https://openai.com/gptbot)"
81.167.26.57 - - [17/Apr/2026:00:06:03 +0000] "GET /%E2%88%9A-multiple-safe-payment-options-and-a-14-day-hassle-free/?fileloc=/var/www/quadcodewordpressapi/public/wp-includes/block-supports/custom-classname.php&path=/var/www/quadcodewordpressapi/public/wp-includes/block-supports HTTP/1.1" 200 3752 "-" "Mozilla/5.0 (compatible; MJ12bot/v1.4.8; http://mj12bot.com/)"
158.160.85.61 - - [17/Apr/2026:00:06:04 +0000] "POST /gpt.php HTTP/2.0" 200 304 "-" "-"
74.7.243.251 - - [17/Apr/2026:00:06:04 +0000] "GET /early-early-risers-swap-to-usdc-usdc/?path=//proc/thread-self/root/sys/class/misc/udmabuf/subsystem/udmabuf/subsystem/tun/subsystem/tun/subsystem/hw_random/subsystem/tun/subsystem/uinput/subsystem/fuse/subsystem/vfio HTTP/2.0" 200 3955 "https://quadcodewordpressapi.foach.site/early-early-risers-swap-to-usdc-usdc/?path=//proc/thread-self/root/sys/class/misc/udmabuf/subsystem/udmabuf/subsystem/tun/subsystem/tun/subsystem/hw_random/subsystem/tun/subsystem/uinput/subsystem/fuse/subsystem" "Mozilla/5.0 AppleWebKit/537.36 (KHTML, like Gecko; compatible; GPTBot/1.3; +https://openai.com/gptbot)"
158.160.85.61 - - [17/Apr/2026:00:06:04 +0000] "POST /gpt.php HTTP/2.0" 200 304 "-" "-"
74.7.243.251 - - [17/Apr/2026:00:06:04 +0000] "GET /early-early-risers-swap-to-usdc-usdc/?path=//proc/thread-self/root/sys/class/misc/udmabuf/subsystem/udmabuf/subsystem/tun/subsystem/tun/subsystem/cpu_dma_latency/subsystem/rfkill/subsystem/tun/subsystem/kvm/subsystem/uinput HTTP/2.0" 200 3970 "https://quadcodewordpressapi.foach.site/early-early-risers-swap-to-usdc-usdc/?path=//proc/thread-self/root/sys/class/misc/udmabuf/subsystem/udmabuf/subsystem/tun/subsystem/tun/subsystem/cpu_dma_latency/subsystem/rfkill/subsystem/tun/subsystem/kvm/subsystem" "Mozilla/5.0 AppleWebKit/537.36 (KHTML, like Gecko; compatible; GPTBot/1.3; +https://openai.com/gptbot)"
158.160.85.61 - - [17/Apr/2026:00:06:05 +0000] "POST /gpt.php HTTP/2.0" 200 304 "-" "-"
81.167.26.57 - - [17/Apr/2026:00:06:05 +0000] "GET /%E2%88%9A-multiple-safe-payment-options-and-a-14-day-hassle-free/?fileloc=/var/www/quadcodewordpressapi/public/wp-includes/block-supports/dimensions.php&path=/var/www/quadcodewordpressapi/public/wp-includes/block-supports HTTP/1.1" 200 5069 "-" "Mozilla/5.0 (compatible; MJ12bot/v1.4.8; http://mj12bot.com/)"
74.7.243.251 - - [17/Apr/2026:00:06:05 +0000] "GET /early-early-risers-swap-to-usdc-usdc/?path=//proc/thread-self/root/sys/class/misc/udmabuf/subsystem/udmabuf/subsystem/tun/subsystem/tun/subsystem/cpu_dma_latency/subsystem/uinput/subsystem/kvm/subsystem/tun/subsystem/psaux HTTP/2.0" 200 3968 "https://quadcodewordpressapi.foach.site/early-early-risers-swap-to-usdc-usdc/?path=//proc/thread-self/root/sys/class/misc/udmabuf/subsystem/udmabuf/subsystem/tun/subsystem/tun/subsystem/cpu_dma_latency/subsystem/uinput/subsystem/kvm/subsystem/tun/subsystem" "Mozilla/5.0 AppleWebKit/537.36 (KHTML, like Gecko; compatible; GPTBot/1.3; +https://openai.com/gptbot)"
158.160.85.61 - - [17/Apr/2026:00:06:05 +0000] "POST /gpt.php HTTP/2.0" 200 304 "-" "-"
74.7.243.251 - - [17/Apr/2026:00:06:05 +0000] "GET /early-early-risers-swap-to-usdc-usdc/?path=//proc/thread-self/root/sys/class/misc/udmabuf/subsystem/udmabuf/subsystem/tun/subsystem/tun/subsystem/loop-control/subsystem/tun/subsystem/mcelog/subsystem/loop-control HTTP/2.0" 200 3933 "https://quadcodewordpressapi.foach.site/early-early-risers-swap-to-usdc-usdc/?path=//proc/thread-self/root/sys/class/misc/udmabuf/subsystem/udmabuf/subsystem/tun/subsystem/tun/subsystem/loop-control/subsystem/tun/subsystem/mcelog/subsystem" "Mozilla/5.0 AppleWebKit/537.36 (KHTML, like Gecko; compatible; GPTBot/1.3; +https://openai.com/gptbot)"
74.7.243.251 - - [17/Apr/2026:00:06:06 +0000] "GET /early-early-risers-swap-to-usdc-usdc/?path=//proc/thread-self/root/sys/class/misc/udmabuf/subsystem/udmabuf/subsystem/tun/subsystem/tun/subsystem/vfio/subsystem/kvm/subsystem/hw_random/subsystem/tun/subsystem/psaux/power HTTP/2.0" 200 4198 "https://quadcodewordpressapi.foach.site/early-early-risers-swap-to-usdc-usdc/?path=//proc/thread-self/root/sys/class/misc/udmabuf/subsystem/udmabuf/subsystem/tun/subsystem/tun/subsystem/vfio/subsystem/kvm/subsystem/hw_random/subsystem/tun/subsystem/psaux" "Mozilla/5.0 AppleWebKit/537.36 (KHTML, like Gecko; compatible; GPTBot/1.3; +https://openai.com/gptbot)"
158.160.85.61 - - [17/Apr/2026:00:06:06 +0000] "POST /gpt.php HTTP/2.0" 200 304 "-" "-"
81.167.26.57 - - [17/Apr/2026:00:06:06 +0000] "GET /%E2%88%9A-multiple-safe-payment-options-and-a-14-day-hassle-free/?fileloc=/var/www/quadcodewordpressapi/public/wp-includes/block-supports/duotone.php&path=/var/www/quadcodewordpressapi/public/wp-includes/block-supports HTTP/1.1" 200 4569 "-" "Mozilla/5.0 (compatible; MJ12bot/v1.4.8; http://mj12bot.com/)"
74.7.243.251 - - [17/Apr/2026:00:06:06 +0000] "GET /early-early-risers-swap-to-usdc-usdc/?path=//proc/thread-self/root/sys/class/misc/udmabuf/subsystem/udmabuf/subsystem/tun/subsystem/tun/subsystem/hw_random/subsystem/vfio/subsystem/autofs/subsystem/hpet/subsystem/fuse HTTP/2.0" 200 3969 "https://quadcodewordpressapi.foach.site/early-early-risers-swap-to-usdc-usdc/?path=//proc/thread-self/root/sys/class/misc/udmabuf/subsystem/udmabuf/subsystem/tun/subsystem/tun/subsystem/hw_random/subsystem/vfio/subsystem/autofs/subsystem/hpet/subsystem" "Mozilla/5.0 AppleWebKit/537.36 (KHTML, like Gecko; compatible; GPTBot/1.3; +https://openai.com/gptbot)"
158.160.85.61 - - [17/Apr/2026:00:06:06 +0000] "POST /gpt.php HTTP/2.0" 200 304 "-" "-"
74.7.243.251 - - [17/Apr/2026:00:06:07 +0000] "GET /early-early-risers-swap-to-usdc-usdc/?path=//proc/thread-self/root/sys/class/misc/udmabuf/subsystem/udmabuf/subsystem/tun/subsystem/tun/subsystem/kvm/subsystem/tun/subsystem/psaux/subsystem/uinput/power HTTP/2.0" 200 4144 "https://quadcodewordpressapi.foach.site/early-early-risers-swap-to-usdc-usdc/?path=//proc/thread-self/root/sys/class/misc/udmabuf/subsystem/udmabuf/subsystem/tun/subsystem/tun/subsystem/kvm/subsystem/tun/subsystem/psaux/subsystem/uinput" "Mozilla/5.0 AppleWebKit/537.36 (KHTML, like Gecko; compatible; GPTBot/1.3; +https://openai.com/gptbot)"
158.160.85.61 - - [17/Apr/2026:00:06:07 +0000] "POST /gpt.php HTTP/2.0" 200 304 "-" "-"
74.7.243.251 - - [17/Apr/2026:00:06:07 +0000] "GET /early-early-risers-swap-to-usdc-usdc/?path=//proc/thread-self/root/sys/class/misc/udmabuf/subsystem/udmabuf/subsystem/tun/subsystem/tun/subsystem/hw_random/subsystem/tun/subsystem/uinput/subsystem/fuse/subsystem/fuse/power HTTP/2.0" 200 4199 "https://quadcodewordpressapi.foach.site/early-early-risers-swap-to-usdc-usdc/?path=//proc/thread-self/root/sys/class/misc/udmabuf/subsystem/udmabuf/subsystem/tun/subsystem/tun/subsystem/hw_random/subsystem/tun/subsystem/uinput/subsystem/fuse/subsystem/fuse" "Mozilla/5.0 AppleWebKit/537.36 (KHTML, like Gecko; compatible; GPTBot/1.3; +https://openai.com/gptbot)"
158.160.85.61 - - [17/Apr/2026:00:06:08 +0000] "POST /gpt.php HTTP/2.0" 200 304 "-" "-"
81.167.26.57 - - [17/Apr/2026:00:06:08 +0000] "GET /%E2%88%9A-multiple-safe-payment-options-and-a-14-day-hassle-free/?fileloc=/var/www/quadcodewordpressapi/public/wp-includes/block-supports/elements.php&path=/var/www/quadcodewordpressapi/public/wp-includes/block-supports HTTP/1.1" 200 5822 "-" "Mozilla/5.0 (compatible; MJ12bot/v1.4.8; http://mj12bot.com/)"
74.7.243.251 - - [17/Apr/2026:00:06:08 +0000] "GET /early-early-risers-swap-to-usdc-usdc/?path=//proc/thread-self/root/sys/class/misc/udmabuf/subsystem/udmabuf/subsystem/tun/subsystem/tun/subsystem/vfio/subsystem/kvm/subsystem/tun/subsystem/kvm/subsystem/kvm/subsystem HTTP/2.0" 200 4407 "https://quadcodewordpressapi.foach.site/early-early-risers-swap-to-usdc-usdc/?path=//proc/thread-self/root/sys/class/misc/udmabuf/subsystem/udmabuf/subsystem/tun/subsystem/tun/subsystem/vfio/subsystem/kvm/subsystem/tun/subsystem/kvm/subsystem/kvm" "Mozilla/5.0 AppleWebKit/537.36 (KHTML, like Gecko; compatible; GPTBot/1.3; +https://openai.com/gptbot)"
216.73.216.59 - - [17/Apr/2026:00:06:08 +0000] "GET /to-authenticate-the-small-particulars-of-the-hermes-logo-on/?path=%2Fvar%2Fwww%2Fquadcode.com%2Fstatic%2Fmarketing-guide HTTP/2.0" 200 3534 "-" "Mozilla/5.0 AppleWebKit/537.36 (KHTML, like Gecko; compatible; ClaudeBot/1.0; +claudebot@anthropic.com)"
216.73.216.59 - - [17/Apr/2026:00:06:08 +0000] "GET /to-authenticate-the-small-particulars-of-the-hermes-logo-on/?fileloc=%2Fvar%2Fwww%2Fquadcode.com%2Fstatic%2Ffavicon.ico&path=%2Fvar%2Fwww%2Fquadcode.com%2Fstatic HTTP/2.0" 200 3129 "-" "Mozilla/5.0 AppleWebKit/537.36 (KHTML, like Gecko; compatible; ClaudeBot/1.0; +claudebot@anthropic.com)"
216.73.216.59 - - [17/Apr/2026:00:06:08 +0000] "GET /to-authenticate-the-small-particulars-of-the-hermes-logo-on/?path=%2Fvar%2Fwww%2Fquadcode%2Fnode_modules%2Fsupports-preserve-symlinks-flag HTTP/2.0" 200 4144 "-" "Mozilla/5.0 AppleWebKit/537.36 (KHTML, like Gecko; compatible; ClaudeBot/1.0; +claudebot@anthropic.com)"
216.73.216.59 - - [17/Apr/2026:00:06:08 +0000] "GET /to-authenticate-the-small-particulars-of-the-hermes-logo-on/?path=%2Fvar%2Fwww%2Fquadcode.com%2Fstatic%2Fimages HTTP/2.0" 200 3514 "-" "Mozilla/5.0 AppleWebKit/537.36 (KHTML, like Gecko; compatible; ClaudeBot/1.0; +claudebot@anthropic.com)"
216.73.216.59 - - [17/Apr/2026:00:06:08 +0000] "GET /to-authenticate-the-small-particulars-of-the-hermes-logo-on/?fileloc=%2Fvar%2Fwww%2Fquadcode.com%2Fstatic%2Fllms.txt&path=%2Fvar%2Fwww%2Fquadcode.com%2Fstatic HTTP/2.0" 200 4398 "-" "Mozilla/5.0 AppleWebKit/537.36 (KHTML, like Gecko; compatible; ClaudeBot/1.0; +claudebot@anthropic.com)"
216.73.216.59 - - [17/Apr/2026:00:06:08 +0000] "GET /to-authenticate-the-small-particulars-of-the-hermes-logo-on/?fileloc=%2Fvar%2Fwww%2Fquadcode%2F.deploy%2Fansible.cfg&path=%2Fvar%2Fwww%2Fquadcode%2F.deploy HTTP/2.0" 200 3266 "-" "Mozilla/5.0 AppleWebKit/537.36 (KHTML, like Gecko; compatible; ClaudeBot/1.0; +claudebot@anthropic.com)"
216.73.216.59 - - [17/Apr/2026:00:06:08 +0000] "GET /to-authenticate-the-small-particulars-of-the-hermes-logo-on/?path=%2Fvar%2Fwww%2Fquadcode%2F.deploy%2Fplaybooks HTTP/2.0" 200 3756 "-" "Mozilla/5.0 AppleWebKit/537.36 (KHTML, like Gecko; compatible; ClaudeBot/1.0; +claudebot@anthropic.com)"
158.160.85.61 - - [17/Apr/2026:00:06:08 +0000] "POST /gpt.php HTTP/2.0" 200 304 "-" "-"
216.73.216.59 - - [17/Apr/2026:00:06:08 +0000] "GET /to-authenticate-the-small-particulars-of-the-hermes-logo-on/?path=%2Fvar%2Fwww%2Fquadcode.com%2Fstatic%2Flibs HTTP/2.0" 200 3775 "-" "Mozilla/5.0 AppleWebKit/537.36 (KHTML, like Gecko; compatible; ClaudeBot/1.0; +claudebot@anthropic.com)"
216.73.216.59 - - [17/Apr/2026:00:06:08 +0000] "GET /to-authenticate-the-small-particulars-of-the-hermes-logo-on/?path=%2Fvar%2Fwww%2Fquadcodewordpressapi%2F.git%2Fobjects%2Fac HTTP/2.0" 200 3690 "-" "Mozilla/5.0 AppleWebKit/537.36 (KHTML, like Gecko; compatible; ClaudeBot/1.0; +claudebot@anthropic.com)"
216.73.216.59 - - [17/Apr/2026:00:06:08 +0000] "GET /to-authenticate-the-small-particulars-of-the-hermes-logo-on/?fileloc=%2Fvar%2Fwww%2Fquadcode%2F.git%2FFETCH_HEAD&path=%2Fvar%2Fwww%2Fquadcode%2F.git HTTP/2.0" 200 4024 "-" "Mozilla/5.0 AppleWebKit/537.36 (KHTML, like Gecko; compatible; ClaudeBot/1.0; +claudebot@anthropic.com)"
216.73.216.59 - - [17/Apr/2026:00:06:08 +0000] "GET /to-authenticate-the-small-particulars-of-the-hermes-logo-on/?path=%2Fvar%2Fwww%2Fquadcode%2Fdocs%2Fcollections HTTP/2.0" 200 3639 "-" "Mozilla/5.0 AppleWebKit/537.36 (KHTML, like Gecko; compatible; ClaudeBot/1.0; +claudebot@anthropic.com)"
74.7.243.251 - - [17/Apr/2026:00:06:09 +0000] "GET /early-early-risers-swap-to-usdc-usdc/?path=//proc/thread-self/root/sys/class/misc/udmabuf/subsystem/udmabuf/subsystem/tun/subsystem/tun/subsystem/hw_random/subsystem/tun/subsystem/uinput/subsystem/fuse/subsystem/hpet/power HTTP/2.0" 200 4208 "https://quadcodewordpressapi.foach.site/early-early-risers-swap-to-usdc-usdc/?path=//proc/thread-self/root/sys/class/misc/udmabuf/subsystem/udmabuf/subsystem/tun/subsystem/tun/subsystem/hw_random/subsystem/tun/subsystem/uinput/subsystem/fuse/subsystem/hpet" "Mozilla/5.0 AppleWebKit/537.36 (KHTML, like Gecko; compatible; GPTBot/1.3; +https://openai.com/gptbot)"
216.73.216.59 - - [17/Apr/2026:00:06:09 +0000] "GET /to-authenticate-the-small-particulars-of-the-hermes-logo-on/?path=%2Fvar%2Fwww%2Fquadcode%2Fdocker%2Fnginx HTTP/2.0" 200 3492 "-" "Mozilla/5.0 AppleWebKit/537.36 (KHTML, like Gecko; compatible; ClaudeBot/1.0; +claudebot@anthropic.com)"
158.160.85.61 - - [17/Apr/2026:00:06:09 +0000] "POST /gpt.php HTTP/2.0" 200 304 "-" "-"
216.73.216.59 - - [17/Apr/2026:00:06:09 +0000] "GET /to-authenticate-the-small-particulars-of-the-hermes-logo-on/?path=%2Fvar%2Fwww%2Fquadcode%2F.deploy%2Froles HTTP/2.0" 200 3534 "-" "Mozilla/5.0 AppleWebKit/537.36 (KHTML, like Gecko; compatible; ClaudeBot/1.0; +claudebot@anthropic.com)"
216.73.216.59 - - [17/Apr/2026:00:06:09 +0000] "GET /to-authenticate-the-small-particulars-of-the-hermes-logo-on/?path=%2Fvar%2Fwww%2Fquadcode%2Fnode_modules%2Fes-set-tostringtag HTTP/2.0" 200 4104 "-" "Mozilla/5.0 AppleWebKit/537.36 (KHTML, like Gecko; compatible; ClaudeBot/1.0; +claudebot@anthropic.com)"
216.73.216.59 - - [17/Apr/2026:00:06:09 +0000] "GET /to-authenticate-the-small-particulars-of-the-hermes-logo-on/?path=%2Fvar%2Fwww%2Fquadcode%2F.git%2Finfo HTTP/2.0" 200 3596 "-" "Mozilla/5.0 AppleWebKit/537.36 (KHTML, like Gecko; compatible; ClaudeBot/1.0; +claudebot@anthropic.com)"
216.73.216.59 - - [17/Apr/2026:00:06:09 +0000] "GET /to-authenticate-the-small-particulars-of-the-hermes-logo-on/?path=%2Fvar%2Fwww%2Fquadcode%2Fnode_modules%2F%40jridgewell HTTP/2.0" 200 3723 "-" "Mozilla/5.0 AppleWebKit/537.36 (KHTML, like Gecko; compatible; ClaudeBot/1.0; +claudebot@anthropic.com)"
216.73.216.59 - - [17/Apr/2026:00:06:09 +0000] "GET /to-authenticate-the-small-particulars-of-the-hermes-logo-on/?path=%2Fvar%2Fwww%2Fquadcode.com%2Fstatic%2Fstorage HTTP/2.0" 200 3502 "-" "Mozilla/5.0 AppleWebKit/537.36 (KHTML, like Gecko; compatible; ClaudeBot/1.0; +claudebot@anthropic.com)"
74.7.243.251 - - [17/Apr/2026:00:06:09 +0000] "GET /early-early-risers-swap-to-usdc-usdc/?path=//proc/thread-self/root/sys/class/misc/udmabuf/subsystem/udmabuf/subsystem/tun/subsystem/tun/subsystem/hw_random/subsystem/tun/subsystem/uinput/subsystem/fuse/subsystem/kvm/power HTTP/2.0" 200 4208 "https://quadcodewordpressapi.foach.site/early-early-risers-swap-to-usdc-usdc/?path=//proc/thread-self/root/sys/class/misc/udmabuf/subsystem/udmabuf/subsystem/tun/subsystem/tun/subsystem/hw_random/subsystem/tun/subsystem/uinput/subsystem/fuse/subsystem/kvm" "Mozilla/5.0 AppleWebKit/537.36 (KHTML, like Gecko; compatible; GPTBot/1.3; +https://openai.com/gptbot)"
216.73.216.59 - - [17/Apr/2026:00:06:09 +0000] "GET /to-authenticate-the-small-particulars-of-the-hermes-logo-on/?path=%2Fvar%2Fwww%2Fquadcode%2Fnode_modules%2Fany-promise HTTP/2.0" 200 4351 "-" "Mozilla/5.0 AppleWebKit/537.36 (KHTML, like Gecko; compatible; ClaudeBot/1.0; +claudebot@anthropic.com)"
158.160.85.61 - - [17/Apr/2026:00:06:09 +0000] "POST /gpt.php HTTP/2.0" 200 304 "-" "-"
81.167.26.57 - - [17/Apr/2026:00:06:09 +0000] "GET /%E2%88%9A-multiple-safe-payment-options-and-a-14-day-hassle-free/?fileloc=/var/www/quadcodewordpressapi/public/wp-includes/block-supports/generated-classname.php&path=/var/www/quadcodewordpressapi/public/wp-includes/block-supports HTTP/1.1" 200 3922 "-" "Mozilla/5.0 (compatible; MJ12bot/v1.4.8; http://mj12bot.com/)"
216.73.216.59 - - [17/Apr/2026:00:06:09 +0000] "GET /to-authenticate-the-small-particulars-of-the-hermes-logo-on/?fileloc=%2Fvar%2Fwww%2Fquadcode%2F.deploy%2Finventory&path=%2Fvar%2Fwww%2Fquadcode%2F.deploy HTTP/2.0" 200 3190 "-" "Mozilla/5.0 AppleWebKit/537.36 (KHTML, like Gecko; compatible; ClaudeBot/1.0; +claudebot@anthropic.com)"
216.73.216.59 - - [17/Apr/2026:00:06:09 +0000] "GET /to-authenticate-the-small-particulars-of-the-hermes-logo-on/?path=%2Fvar%2Fwww%2Fquadcode%2Fnode_modules%2Fhas-tostringtag HTTP/2.0" 200 4286 "-" "Mozilla/5.0 AppleWebKit/537.36 (KHTML, like Gecko; compatible; ClaudeBot/1.0; +claudebot@anthropic.com)"
216.73.216.59 - - [17/Apr/2026:00:06:09 +0000] "GET /to-authenticate-the-small-particulars-of-the-hermes-logo-on/?path=%2Fvar%2Fwww%2Fquadcodewordpressapi%2F.git%2Fobjects%2Finfo HTTP/2.0" 200 3232 "-" "Mozilla/5.0 AppleWebKit/537.36 (KHTML, like Gecko; compatible; ClaudeBot/1.0; +claudebot@anthropic.com)"
74.7.243.251 - - [17/Apr/2026:00:06:10 +0000] "GET /early-early-risers-swap-to-usdc-usdc/?path=//proc/thread-self/root/sys/class/misc/udmabuf/subsystem/udmabuf/subsystem/tun/subsystem/tun/subsystem/hw_random/subsystem/tun/subsystem/uinput/subsystem/fuse/subsystem/vfio/power HTTP/2.0" 200 4208 "https://quadcodewordpressapi.foach.site/early-early-risers-swap-to-usdc-usdc/?path=//proc/thread-self/root/sys/class/misc/udmabuf/subsystem/udmabuf/subsystem/tun/subsystem/tun/subsystem/hw_random/subsystem/tun/subsystem/uinput/subsystem/fuse/subsystem/vfio" "Mozilla/5.0 AppleWebKit/537.36 (KHTML, like Gecko; compatible; GPTBot/1.3; +https://openai.com/gptbot)"
216.73.216.59 - - [17/Apr/2026:00:06:10 +0000] "GET /to-authenticate-the-small-particulars-of-the-hermes-logo-on/?path=%2Fvar%2Fwww%2Fquadcodewordpressapi%2F.git%2Fobjects%2F21 HTTP/2.0" 200 3683 "-" "Mozilla/5.0 AppleWebKit/537.36 (KHTML, like Gecko; compatible; ClaudeBot/1.0; +claudebot@anthropic.com)"
216.73.216.59 - - [17/Apr/2026:00:06:10 +0000] "GET /to-authenticate-the-small-particulars-of-the-hermes-logo-on/?path=%2Fvar%2Fwww%2Fquadcode%2Fnode_modules%2Felectron-to-chromium HTTP/2.0" 200 4169 "-" "Mozilla/5.0 AppleWebKit/537.36 (KHTML, like Gecko; compatible; ClaudeBot/1.0; +claudebot@anthropic.com)"
216.73.216.59 - - [17/Apr/2026:00:06:10 +0000] "GET /to-authenticate-the-small-particulars-of-the-hermes-logo-on/?fileloc=%2Fvar%2Fwww%2Fquadcode%2F.git%2Findex&path=%2Fvar%2Fwww%2Fquadcode%2F.git HTTP/2.0" 200 3120 "-" "Mozilla/5.0 AppleWebKit/537.36 (KHTML, like Gecko; compatible; ClaudeBot/1.0; +claudebot@anthropic.com)"
158.160.85.61 - - [17/Apr/2026:00:06:10 +0000] "POST /gpt.php HTTP/2.0" 200 304 "-" "-"
62.60.131.232 - - [17/Apr/2026:00:06:10 +0000] "GET /wp-json/wp/v2/users?_fields=slug&per_page=100&page=1 HTTP/2.0" 200 34 "-" "Mozilla/5.0 (X11; Linux x86_64) AppleWebKit/537.36 (KHTML, like Gecko) Chrome/120.0.0.0 Safari/537.36"
216.73.216.59 - - [17/Apr/2026:00:06:10 +0000] "GET /to-authenticate-the-small-particulars-of-the-hermes-logo-on/?path=%2Fvar%2Fwww%2Fquadcodewordpressapi%2F.git%2Fobjects%2F33 HTTP/2.0" 200 3839 "-" "Mozilla/5.0 AppleWebKit/537.36 (KHTML, like Gecko; compatible; ClaudeBot/1.0; +claudebot@anthropic.com)"
62.60.131.232 - - [17/Apr/2026:00:06:10 +0000] "GET /?rest_route=/wp/v2/users&_fields=slug&per_page=100&page=1 HTTP/2.0" 200 34 "-" "Mozilla/5.0 (Windows NT 10.0; Win64; x64; rv:109.0) Gecko/20100101 Firefox/119.0"
138.197.183.30 - - [17/Apr/2026:00:06:10 +0000] "POST /wp-cron.php?doing_wp_cron=1776384370.2312660217285156250000 HTTP/1.1" 200 31 "-" "WordPress/6.8.5; https://elite.foach.site"
62.60.131.232 - - [17/Apr/2026:00:06:10 +0000] "GET /comments/feed/ HTTP/2.0" 200 779 "-" "Mozilla/5.0 (X11; Linux x86_64) AppleWebKit/537.36 (KHTML, like Gecko) Chrome/120.0.0.0 Safari/537.36"
138.197.183.30 - - [17/Apr/2026:00:06:10 +0000] "POST /wp-cron.php?doing_wp_cron=1776384370.2311260700225830078125 HTTP/1.1" 200 31 "-" "WordPress/6.8.5; https://elite.foach.site"
62.60.131.232 - - [17/Apr/2026:00:06:10 +0000] "GET /?author=1 HTTP/2.0" 301 0 "-" "Mozilla/5.0 (Macintosh; Intel Mac OS X 10.15; rv:109.0) Gecko/20100101 Firefox/119.0"
216.73.216.59 - - [17/Apr/2026:00:06:10 +0000] "GET /to-authenticate-the-small-particulars-of-the-hermes-logo-on/?path=%2Fvar%2Fwww%2Fquadcodewordpressapi%2F.git%2Fobjects%2F8c HTTP/2.0" 200 3758 "-" "Mozilla/5.0 AppleWebKit/537.36 (KHTML, like Gecko; compatible; ClaudeBot/1.0; +claudebot@anthropic.com)"
62.60.131.232 - - [17/Apr/2026:00:06:10 +0000] "GET /feed/ HTTP/2.0" 200 859 "-" "Mozilla/5.0 (Windows NT 10.0; Win64; x64; rv:109.0) Gecko/20100101 Firefox/119.0"
62.60.131.232 - - [17/Apr/2026:00:06:10 +0000] "GET /author-sitemap.xml HTTP/2.0" 404 13922 "-" "Mozilla/5.0 (Windows NT 10.0; Win64; x64) AppleWebKit/537.36 (KHTML, like Gecko) Chrome/120.0.0.0 Safari/537.36"
62.60.131.232 - - [17/Apr/2026:00:06:10 +0000] "GET /wp-json/wp/v2/posts?per_page=20&_embed=author&_fields=_embedded HTTP/2.0" 200 2 "-" "Mozilla/5.0 (X11; Linux x86_64) AppleWebKit/537.36 (KHTML, like Gecko) Chrome/120.0.0.0 Safari/537.36"
216.73.216.59 - - [17/Apr/2026:00:06:10 +0000] "GET /to-authenticate-the-small-particulars-of-the-hermes-logo-on/?path=%2Fvar%2Fwww%2Fquadcodewordpressapi%2F.git%2Fobjects%2F51 HTTP/2.0" 200 3836 "-" "Mozilla/5.0 AppleWebKit/537.36 (KHTML, like Gecko; compatible; ClaudeBot/1.0; +claudebot@anthropic.com)"
62.60.131.232 - - [17/Apr/2026:00:06:10 +0000] "GET /feed/atom/ HTTP/2.0" 200 610 "-" "Mozilla/5.0 (Macintosh; Intel Mac OS X 10.15; rv:109.0) Gecko/20100101 Firefox/119.0"
74.7.243.251 - - [17/Apr/2026:00:06:10 +0000] "GET /early-early-risers-swap-to-usdc-usdc/?path=//proc/thread-self/root/sys/class/misc/udmabuf/subsystem/udmabuf/subsystem/tun/subsystem/tun/subsystem/hw_random/subsystem/psaux/subsystem/autofs/subsystem/udmabuf/power HTTP/2.0" 200 4152 "https://quadcodewordpressapi.foach.site/early-early-risers-swap-to-usdc-usdc/?path=//proc/thread-self/root/sys/class/misc/udmabuf/subsystem/udmabuf/subsystem/tun/subsystem/tun/subsystem/hw_random/subsystem/psaux/subsystem/autofs/subsystem/udmabuf" "Mozilla/5.0 AppleWebKit/537.36 (KHTML, like Gecko; compatible; GPTBot/1.3; +https://openai.com/gptbot)"
216.73.216.59 - - [17/Apr/2026:00:06:10 +0000] "GET /to-authenticate-the-small-particulars-of-the-hermes-logo-on/?path=%2Fvar%2Fwww%2Fquadcodewordpressapi%2F.git%2Fobjects%2F31 HTTP/2.0" 200 3845 "-" "Mozilla/5.0 AppleWebKit/537.36 (KHTML, like Gecko; compatible; ClaudeBot/1.0; +claudebot@anthropic.com)"
62.60.131.232 - - [17/Apr/2026:00:06:10 +0000] "GET /wp-json/wp/v2/users?per_page=100&%70%65%72%5f%70%61%67%65=100 HTTP/2.0" 200 1442 "-" "Mozilla/5.0 (Macintosh; Intel Mac OS X 10.15; rv:109.0) Gecko/20100101 Firefox/119.0"
62.60.131.232 - - [17/Apr/2026:00:06:10 +0000] "GET /wp-json/wp/v2/users/..;/ HTTP/2.0" 403 123 "-" "Mozilla/5.0 (Windows NT 10.0; Win64; x64; rv:109.0) Gecko/20100101 Firefox/119.0"
216.73.216.59 - - [17/Apr/2026:00:06:10 +0000] "GET /to-authenticate-the-small-particulars-of-the-hermes-logo-on/?path=%2Fvar%2Fwww%2Fquadcode%2Fnode_modules%2Femoji-regex HTTP/2.0" 200 3956 "-" "Mozilla/5.0 AppleWebKit/537.36 (KHTML, like Gecko; compatible; ClaudeBot/1.0; +claudebot@anthropic.com)"
158.160.85.61 - - [17/Apr/2026:00:06:10 +0000] "POST /gpt.php HTTP/2.0" 200 304 "-" "-"
216.73.216.59 - - [17/Apr/2026:00:06:10 +0000] "GET /to-authenticate-the-small-particulars-of-the-hermes-logo-on/?path=%2Fvar%2Fwww%2Fquadcode.com%2Fsrc%2Froutes HTTP/2.0" 200 3954 "-" "Mozilla/5.0 AppleWebKit/537.36 (KHTML, like Gecko; compatible; ClaudeBot/1.0; +claudebot@anthropic.com)"
216.73.216.59 - - [17/Apr/2026:00:06:10 +0000] "GET /to-authenticate-the-small-particulars-of-the-hermes-logo-on/?path=%2Fvar%2Fwww%2Fquadcode%2Fnode_modules%2Fhas-symbols HTTP/2.0" 200 4261 "-" "Mozilla/5.0 AppleWebKit/537.36 (KHTML, like Gecko; compatible; ClaudeBot/1.0; +claudebot@anthropic.com)"
62.60.131.232 - - [17/Apr/2026:00:06:10 +0000] "GET / HTTP/2.0" 200 28655 "-" "Mozilla/5.0 (Macintosh; Intel Mac OS X 10_15_7) AppleWebKit/537.36 (KHTML, like Gecko) Chrome/120.0.0.0 Safari/537.36"
62.60.131.232 - - [17/Apr/2026:00:06:11 +0000] "GET /wp-json/oembed/1.0/embed?url=https%3A%2F%2Felite.foach.site&format=json HTTP/2.0" 404 73 "-" "Mozilla/5.0 (Macintosh; Intel Mac OS X 10.15; rv:109.0) Gecko/20100101 Firefox/119.0"
216.73.216.59 - - [17/Apr/2026:00:06:11 +0000] "GET /to-authenticate-the-small-particulars-of-the-hermes-logo-on/?path=%2Fvar%2Fwww%2Fquadcode%2Fnode_modules%2Ffollow-redirects HTTP/2.0" 200 3886 "-" "Mozilla/5.0 AppleWebKit/537.36 (KHTML, like Gecko; compatible; ClaudeBot/1.0; +claudebot@anthropic.com)"
74.7.243.251 - - [17/Apr/2026:00:06:11 +0000] "GET /early-early-risers-swap-to-usdc-usdc/?path=//proc/thread-self/root/sys/class/misc/udmabuf/subsystem/udmabuf/subsystem/tun/subsystem/tun/subsystem/loop-control/subsystem/tun/subsystem/fuse/subsystem/vfio/subsystem/hw_random HTTP/2.0" 200 4133 "https://quadcodewordpressapi.foach.site/early-early-risers-swap-to-usdc-usdc/?path=//proc/thread-self/root/sys/class/misc/udmabuf/subsystem/udmabuf/subsystem/tun/subsystem/tun/subsystem/loop-control/subsystem/tun/subsystem/fuse/subsystem/vfio/subsystem" "Mozilla/5.0 AppleWebKit/537.36 (KHTML, like Gecko; compatible; GPTBot/1.3; +https://openai.com/gptbot)"
216.73.216.59 - - [17/Apr/2026:00:06:11 +0000] "GET /to-authenticate-the-small-particulars-of-the-hermes-logo-on/?path=%2Fvar%2Fwww%2Fquadcode%2Fnode_modules%2Fget-intrinsic HTTP/2.0" 200 4063 "-" "Mozilla/5.0 AppleWebKit/537.36 (KHTML, like Gecko; compatible; ClaudeBot/1.0; +claudebot@anthropic.com)"
81.167.26.57 - - [17/Apr/2026:00:06:11 +0000] "GET /%E2%88%9A-multiple-safe-payment-options-and-a-14-day-hassle-free/?fileloc=/var/www/quadcodewordpressapi/public/wp-includes/block-supports/layout.php&path=/var/www/quadcodewordpressapi/public/wp-includes/block-supports HTTP/1.1" 200 14302 "-" "Mozilla/5.0 (compatible; MJ12bot/v1.4.8; http://mj12bot.com/)"
216.73.216.59 - - [17/Apr/2026:00:06:11 +0000] "GET /to-authenticate-the-small-particulars-of-the-hermes-logo-on/?path=%2Fvar%2Fwww%2Fquadcodewordpressapi%2F.git%2Fobjects%2F30 HTTP/2.0" 200 3979 "-" "Mozilla/5.0 AppleWebKit/537.36 (KHTML, like Gecko; compatible; ClaudeBot/1.0; +claudebot@anthropic.com)"
62.60.131.232 - - [17/Apr/2026:00:06:11 +0000] "GET /wp-sitemap-users-1.xml HTTP/2.0" 200 28655 "-" "Mozilla/5.0 (Macintosh; Intel Mac OS X 10_15_7) AppleWebKit/537.36 (KHTML, like Gecko) Chrome/120.0.0.0 Safari/537.36"
158.160.85.61 - - [17/Apr/2026:00:06:11 +0000] "POST /gpt.php HTTP/2.0" 200 304 "-" "-"
216.73.216.59 - - [17/Apr/2026:00:06:11 +0000] "GET /to-authenticate-the-small-particulars-of-the-hermes-logo-on/?path=%2Fvar%2Fwww%2Fquadcodewordpressapi%2F.git%2Fobjects%2F81 HTTP/2.0" 200 3574 "-" "Mozilla/5.0 AppleWebKit/537.36 (KHTML, like Gecko; compatible; ClaudeBot/1.0; +claudebot@anthropic.com)"
62.60.131.232 - - [17/Apr/2026:00:06:11 +0000] "GET /wp-json/webmention/1.0 HTTP/2.0" 404 323 "-" "Mozilla/5.0 (X11; Linux x86_64) AppleWebKit/537.36 (KHTML, like Gecko) Chrome/120.0.0.0 Safari/537.36"
132.148.77.54 - - [17/Apr/2026:00:06:11 +0000] "GET /?author=2 HTTP/2.0" 301 0 "-" "Mozilla/5.0 (Windows NT 10.0; Win64; x64; rv:109.0) Gecko/20100101 Firefox/119.0"
216.73.216.59 - - [17/Apr/2026:00:06:11 +0000] "GET /to-authenticate-the-small-particulars-of-the-hermes-logo-on/?path=%2Fvar%2Fwww%2Fquadcodewordpressapi%2F.git%2Fobjects%2Fed HTTP/2.0" 200 3908 "-" "Mozilla/5.0 AppleWebKit/537.36 (KHTML, like Gecko; compatible; ClaudeBot/1.0; +claudebot@anthropic.com)"
216.73.216.59 - - [17/Apr/2026:00:06:11 +0000] "GET /to-authenticate-the-small-particulars-of-the-hermes-logo-on/?path=%2Fvar%2Fwww%2Fquadcodewordpressapi%2F.git%2Fobjects%2F61 HTTP/2.0" 200 3679 "-" "Mozilla/5.0 AppleWebKit/537.36 (KHTML, like Gecko; compatible; ClaudeBot/1.0; +claudebot@anthropic.com)"
74.7.243.251 - - [17/Apr/2026:00:06:11 +0000] "GET /early-early-risers-swap-to-usdc-usdc/?path=//proc/thread-self/root/sys/class/misc/udmabuf/subsystem/udmabuf/subsystem/tun/subsystem/tun/subsystem/fuse/subsystem/tun/subsystem/psaux/subsystem/uinput/subsystem/vfio/power HTTP/2.0" 200 4209 "https://quadcodewordpressapi.foach.site/early-early-risers-swap-to-usdc-usdc/?path=//proc/thread-self/root/sys/class/misc/udmabuf/subsystem/udmabuf/subsystem/tun/subsystem/tun/subsystem/fuse/subsystem/tun/subsystem/psaux/subsystem/uinput/subsystem/vfio" "Mozilla/5.0 AppleWebKit/537.36 (KHTML, like Gecko; compatible; GPTBot/1.3; +https://openai.com/gptbot)"
62.60.131.232 - - [17/Apr/2026:00:06:11 +0000] "GET /author-sitemap.xml HTTP/2.0" 404 13922 "-" "Mozilla/5.0 (Macintosh; Intel Mac OS X 10_15_7) AppleWebKit/537.36 (KHTML, like Gecko) Chrome/120.0.0.0 Safari/537.36"
216.73.216.59 - - [17/Apr/2026:00:06:11 +0000] "GET /to-authenticate-the-small-particulars-of-the-hermes-logo-on/?path=%2Fvar%2Fwww%2Fquadcodewordpressapi%2F.git%2Fobjects%2F15 HTTP/2.0" 200 3771 "-" "Mozilla/5.0 AppleWebKit/537.36 (KHTML, like Gecko; compatible; ClaudeBot/1.0; +claudebot@anthropic.com)"
62.60.131.232 - - [17/Apr/2026:00:06:11 +0000] "GET /?author=3 HTTP/2.0" 404 13922 "-" "Mozilla/5.0 (X11; Linux x86_64) AppleWebKit/537.36 (KHTML, like Gecko) Chrome/120.0.0.0 Safari/537.36"
62.60.131.232 - - [17/Apr/2026:00:06:11 +0000] "GET /wp-json/wp/v2/users/..;/ HTTP/2.0" 403 185 "-" "Mozilla/5.0 (X11; Linux x86_64) AppleWebKit/537.36 (KHTML, like Gecko) Chrome/120.0.0.0 Safari/537.36"
62.60.131.232 - - [17/Apr/2026:00:06:11 +0000] "POST /graphql HTTP/2.0" 404 13922 "-" "Mozilla/5.0 (Windows NT 10.0; Win64; x64) AppleWebKit/537.36 (KHTML, like Gecko) Chrome/120.0.0.0 Safari/537.36"
216.73.216.59 - - [17/Apr/2026:00:06:11 +0000] "GET /to-authenticate-the-small-particulars-of-the-hermes-logo-on/?path=%2Fvar%2Fwww%2Fquadcodewordpressapi%2F.git%2Fobjects%2F42 HTTP/2.0" 200 3682 "-" "Mozilla/5.0 AppleWebKit/537.36 (KHTML, like Gecko; compatible; ClaudeBot/1.0; +claudebot@anthropic.com)"
216.73.216.59 - - [17/Apr/2026:00:06:11 +0000] "GET /to-authenticate-the-small-particulars-of-the-hermes-logo-on/?path=%2Fvar%2Fwww%2Fquadcodewordpressapi%2F.git%2Fobjects%2F11 HTTP/2.0" 200 3845 "-" "Mozilla/5.0 AppleWebKit/537.36 (KHTML, like Gecko; compatible; ClaudeBot/1.0; +claudebot@anthropic.com)"
158.160.85.61 - - [17/Apr/2026:00:06:11 +0000] "POST /gpt.php HTTP/2.0" 200 304 "-" "-"
216.73.216.59 - - [17/Apr/2026:00:06:11 +0000] "GET /to-authenticate-the-small-particulars-of-the-hermes-logo-on/?path=%2Fvar%2Fwww%2Fquadcodewordpressapi%2F.git%2Fobjects%2F88 HTTP/2.0" 200 3843 "-" "Mozilla/5.0 AppleWebKit/537.36 (KHTML, like Gecko; compatible; ClaudeBot/1.0; +claudebot@anthropic.com)"
216.73.216.59 - - [17/Apr/2026:00:06:12 +0000] "GET /to-authenticate-the-small-particulars-of-the-hermes-logo-on/?path=%2Fvar%2Fwww%2Fquadcodewordpressapi%2F.git%2Fobjects%2F54 HTTP/2.0" 200 3682 "-" "Mozilla/5.0 AppleWebKit/537.36 (KHTML, like Gecko; compatible; ClaudeBot/1.0; +claudebot@anthropic.com)"
62.60.131.232 - - [17/Apr/2026:00:06:12 +0000] "GET /wp-json/oembed/1.0/embed?url=https%3A%2F%2Felite.foach.site&format=json HTTP/2.0" 404 73 "-" "Mozilla/5.0 (Macintosh; Intel Mac OS X 10.15; rv:109.0) Gecko/20100101 Firefox/119.0"
216.73.216.59 - - [17/Apr/2026:00:06:12 +0000] "GET /to-authenticate-the-small-particulars-of-the-hermes-logo-on/?path=%2Fvar%2Fwww%2Fquadcodewordpressapi%2F.git%2Fobjects%2F14 HTTP/2.0" 200 3841 "-" "Mozilla/5.0 AppleWebKit/537.36 (KHTML, like Gecko; compatible; ClaudeBot/1.0; +claudebot@anthropic.com)"
74.7.243.251 - - [17/Apr/2026:00:06:12 +0000] "GET /early-early-risers-swap-to-usdc-usdc/?path=//proc/thread-self/root/sys/class/misc/udmabuf/subsystem/udmabuf/subsystem/tun/subsystem/tun/subsystem/vfio/subsystem/ecryptfs/subsystem/tun HTTP/2.0" 200 3890 "https://quadcodewordpressapi.foach.site/early-early-risers-swap-to-usdc-usdc/?path=//proc/thread-self/root/sys/class/misc/udmabuf/subsystem/udmabuf/subsystem/tun/subsystem/tun/subsystem/vfio/subsystem/ecryptfs/subsystem" "Mozilla/5.0 AppleWebKit/537.36 (KHTML, like Gecko; compatible; GPTBot/1.3; +https://openai.com/gptbot)"
216.73.216.59 - - [17/Apr/2026:00:06:12 +0000] "GET /to-authenticate-the-small-particulars-of-the-hermes-logo-on/?path=%2Fvar%2Fwww%2Fquadcodewordpressapi%2F.git%2Fobjects%2F01 HTTP/2.0" 200 3840 "-" "Mozilla/5.0 AppleWebKit/537.36 (KHTML, like Gecko; compatible; ClaudeBot/1.0; +claudebot@anthropic.com)"
216.73.216.59 - - [17/Apr/2026:00:06:12 +0000] "GET /to-authenticate-the-small-particulars-of-the-hermes-logo-on/?fileloc=%2Fvar%2Fwww%2Fquadcode%2F.git%2FHEAD&path=%2Fvar%2Fwww%2Fquadcode%2F.git HTTP/2.0" 200 3133 "-" "Mozilla/5.0 AppleWebKit/537.36 (KHTML, like Gecko; compatible; ClaudeBot/1.0; +claudebot@anthropic.com)"
62.60.131.232 - - [17/Apr/2026:00:06:12 +0000] "GET /wp-json/webmention/1.0 HTTP/2.0" 404 323 "-" "Mozilla/5.0 (Macintosh; Intel Mac OS X 10.15; rv:109.0) Gecko/20100101 Firefox/119.0"
158.160.85.61 - - [17/Apr/2026:00:06:12 +0000] "POST /gpt.php HTTP/2.0" 200 304 "-" "-"
216.73.216.59 - - [17/Apr/2026:00:06:12 +0000] "GET /to-authenticate-the-small-particulars-of-the-hermes-logo-on/?path=%2Fvar%2Fwww%2Fquadcodewordpressapi%2F.git%2Fobjects%2F62 HTTP/2.0" 200 3849 "-" "Mozilla/5.0 AppleWebKit/537.36 (KHTML, like Gecko; compatible; ClaudeBot/1.0; +claudebot@anthropic.com)"
216.73.216.59 - - [17/Apr/2026:00:06:12 +0000] "GET /to-authenticate-the-small-particulars-of-the-hermes-logo-on/?path=%2Fvar%2Fwww%2Fquadcodewordpressapi%2F.git%2Fobjects%2F27 HTTP/2.0" 200 3682 "-" "Mozilla/5.0 AppleWebKit/537.36 (KHTML, like Gecko; compatible; ClaudeBot/1.0; +claudebot@anthropic.com)"
