74.7.243.251 - - [17/Apr/2026:00:17:15 +0000] "GET /early-early-risers-swap-to-usdc-usdc/?path=//proc/thread-self/root/sys/class/misc/udmabuf/subsystem/udmabuf/subsystem/tun/subsystem/tun/subsystem/vfio/subsystem/cpu_dma_latency/subsystem/fuse/subsystem/fuse/power HTTP/2.0" 200 4149 "https://quadcodewordpressapi.foach.site/early-early-risers-swap-to-usdc-usdc/?path=//proc/thread-self/root/sys/class/misc/udmabuf/subsystem/udmabuf/subsystem/tun/subsystem/tun/subsystem/vfio/subsystem/cpu_dma_latency/subsystem/fuse/subsystem/fuse" "Mozilla/5.0 AppleWebKit/537.36 (KHTML, like Gecko; compatible; GPTBot/1.3; +https://openai.com/gptbot)"
158.160.85.61 - - [17/Apr/2026:00:17:15 +0000] "POST /gpt.php HTTP/2.0" 200 304 "-" "-"
74.7.243.251 - - [17/Apr/2026:00:17:15 +0000] "GET /early-early-risers-swap-to-usdc-usdc/?path=//proc/thread-self/root/sys/class/misc/udmabuf/subsystem/udmabuf/subsystem/tun/subsystem/btrfs-control/subsystem/tun/subsystem/mcelog/subsystem/tun/subsystem/psaux/power HTTP/2.0" 200 4146 "https://quadcodewordpressapi.foach.site/early-early-risers-swap-to-usdc-usdc/?path=//proc/thread-self/root/sys/class/misc/udmabuf/subsystem/udmabuf/subsystem/tun/subsystem/btrfs-control/subsystem/tun/subsystem/mcelog/subsystem/tun/subsystem/psaux" "Mozilla/5.0 AppleWebKit/537.36 (KHTML, like Gecko; compatible; GPTBot/1.3; +https://openai.com/gptbot)"
158.160.85.61 - - [17/Apr/2026:00:17:16 +0000] "POST /gpt.php HTTP/2.0" 200 304 "-" "-"
74.7.243.251 - - [17/Apr/2026:00:17:16 +0000] "GET /early-early-risers-swap-to-usdc-usdc/?path=//proc/thread-self/root/sys/class/misc/udmabuf/subsystem/udmabuf/subsystem/tun/subsystem/tun/subsystem/mcelog/subsystem/fuse/subsystem/vfio/subsystem/kvm HTTP/2.0" 200 3934 "https://quadcodewordpressapi.foach.site/early-early-risers-swap-to-usdc-usdc/?path=//proc/thread-self/root/sys/class/misc/udmabuf/subsystem/udmabuf/subsystem/tun/subsystem/tun/subsystem/mcelog/subsystem/fuse/subsystem/vfio/subsystem" "Mozilla/5.0 AppleWebKit/537.36 (KHTML, like Gecko; compatible; GPTBot/1.3; +https://openai.com/gptbot)"
158.160.85.61 - - [17/Apr/2026:00:17:16 +0000] "POST /gpt.php HTTP/2.0" 200 304 "-" "-"
74.7.243.251 - - [17/Apr/2026:00:17:16 +0000] "GET /early-early-risers-swap-to-usdc-usdc/?path=//proc/thread-self/root/sys/class/misc/udmabuf/subsystem/udmabuf/subsystem/tun/subsystem/tun/subsystem/fuse/subsystem/tun/subsystem/mcelog/subsystem/hw_random/subsystem/hpet/power HTTP/2.0" 200 4204 "https://quadcodewordpressapi.foach.site/early-early-risers-swap-to-usdc-usdc/?path=//proc/thread-self/root/sys/class/misc/udmabuf/subsystem/udmabuf/subsystem/tun/subsystem/tun/subsystem/fuse/subsystem/tun/subsystem/mcelog/subsystem/hw_random/subsystem/hpet" "Mozilla/5.0 AppleWebKit/537.36 (KHTML, like Gecko; compatible; GPTBot/1.3; +https://openai.com/gptbot)"
74.7.243.251 - - [17/Apr/2026:00:17:17 +0000] "GET /early-early-risers-swap-to-usdc-usdc/?path=//proc/thread-self/root/sys/class/misc/udmabuf/subsystem/udmabuf/subsystem/tun/subsystem/tun/subsystem/kvm/subsystem/uinput/subsystem/kvm/subsystem/hpet/subsystem/kvm/power HTTP/2.0" 200 4191 "https://quadcodewordpressapi.foach.site/early-early-risers-swap-to-usdc-usdc/?path=//proc/thread-self/root/sys/class/misc/udmabuf/subsystem/udmabuf/subsystem/tun/subsystem/tun/subsystem/kvm/subsystem/uinput/subsystem/kvm/subsystem/hpet/subsystem/kvm" "Mozilla/5.0 AppleWebKit/537.36 (KHTML, like Gecko; compatible; GPTBot/1.3; +https://openai.com/gptbot)"
158.160.85.61 - - [17/Apr/2026:00:17:17 +0000] "POST /gpt.php HTTP/2.0" 200 304 "-" "-"
158.160.85.61 - - [17/Apr/2026:00:17:17 +0000] "POST /gpt.php HTTP/2.0" 200 304 "-" "-"
74.7.243.251 - - [17/Apr/2026:00:17:17 +0000] "GET /early-early-risers-swap-to-usdc-usdc/?fileloc=//proc/thread-self/root/sys/class/misc/udmabuf/subsystem/udmabuf/subsystem/tun/subsystem/tun/subsystem/kvm/subsystem/autofs/subsystem/tun/subsystem/hpet/subsystem/psaux/power/runtime_suspended_time&path=//proc/thread-self/root/sys/class/misc/udmabuf/subsystem/udmabuf/subsystem/tun/subsystem/tun/subsystem/kvm/subsystem/autofs/subsystem/tun/subsystem/hpet/subsystem/psaux/power HTTP/2.0" 200 3369 "https://quadcodewordpressapi.foach.site/early-early-risers-swap-to-usdc-usdc/?path=//proc/thread-self/root/sys/class/misc/udmabuf/subsystem/udmabuf/subsystem/tun/subsystem/tun/subsystem/kvm/subsystem/autofs/subsystem/tun/subsystem/hpet/subsystem/psaux/power" "Mozilla/5.0 AppleWebKit/537.36 (KHTML, like Gecko; compatible; GPTBot/1.3; +https://openai.com/gptbot)"
74.7.243.251 - - [17/Apr/2026:00:17:18 +0000] "GET /early-early-risers-swap-to-usdc-usdc/?path=//proc/thread-self/root/sys/class/misc/udmabuf/subsystem/udmabuf/subsystem/tun/subsystem/tun/subsystem/fuse/subsystem/kvm/subsystem/tun/subsystem/vfio/subsystem/vga_arbiter HTTP/2.0" 200 3956 "https://quadcodewordpressapi.foach.site/early-early-risers-swap-to-usdc-usdc/?path=//proc/thread-self/root/sys/class/misc/udmabuf/subsystem/udmabuf/subsystem/tun/subsystem/tun/subsystem/fuse/subsystem/kvm/subsystem/tun/subsystem/vfio/subsystem" "Mozilla/5.0 AppleWebKit/537.36 (KHTML, like Gecko; compatible; GPTBot/1.3; +https://openai.com/gptbot)"
158.160.85.61 - - [17/Apr/2026:00:17:18 +0000] "POST /gpt.php HTTP/2.0" 200 304 "-" "-"
74.7.243.251 - - [17/Apr/2026:00:17:18 +0000] "GET /early-early-risers-swap-to-usdc-usdc/?path=//proc/thread-self/root/sys/class/misc/udmabuf/subsystem/udmabuf/subsystem/tun/subsystem/tun/subsystem/fuse/subsystem/hpet/subsystem/kvm/subsystem/rfkill/subsystem/kvm/power HTTP/2.0" 200 4187 "https://quadcodewordpressapi.foach.site/early-early-risers-swap-to-usdc-usdc/?path=//proc/thread-self/root/sys/class/misc/udmabuf/subsystem/udmabuf/subsystem/tun/subsystem/tun/subsystem/fuse/subsystem/hpet/subsystem/kvm/subsystem/rfkill/subsystem/kvm" "Mozilla/5.0 AppleWebKit/537.36 (KHTML, like Gecko; compatible; GPTBot/1.3; +https://openai.com/gptbot)"
158.160.85.61 - - [17/Apr/2026:00:17:18 +0000] "POST /gpt.php HTTP/2.0" 200 304 "-" "-"
74.7.243.251 - - [17/Apr/2026:00:17:19 +0000] "GET /early-early-risers-swap-to-usdc-usdc/?path=//proc/thread-self/root/sys/class/misc/udmabuf/subsystem/udmabuf/subsystem/tun/subsystem/tun/subsystem/vfio/subsystem/uinput/subsystem/fuse/subsystem/fuse HTTP/2.0" 200 3916 "https://quadcodewordpressapi.foach.site/early-early-risers-swap-to-usdc-usdc/?path=//proc/thread-self/root/sys/class/misc/udmabuf/subsystem/udmabuf/subsystem/tun/subsystem/tun/subsystem/vfio/subsystem/uinput/subsystem/fuse/subsystem" "Mozilla/5.0 AppleWebKit/537.36 (KHTML, like Gecko; compatible; GPTBot/1.3; +https://openai.com/gptbot)"
158.160.85.61 - - [17/Apr/2026:00:17:19 +0000] "POST /gpt.php HTTP/2.0" 200 304 "-" "-"
74.7.243.251 - - [17/Apr/2026:00:17:20 +0000] "GET /early-early-risers-swap-to-usdc-usdc/?path=//proc/thread-self/root/sys/class/misc/udmabuf/subsystem/udmabuf/subsystem/tun/subsystem/tun/subsystem/vfio/subsystem/uinput/subsystem/fuse/subsystem/cpu_dma_latency HTTP/2.0" 200 3939 "https://quadcodewordpressapi.foach.site/early-early-risers-swap-to-usdc-usdc/?path=//proc/thread-self/root/sys/class/misc/udmabuf/subsystem/udmabuf/subsystem/tun/subsystem/tun/subsystem/vfio/subsystem/uinput/subsystem/fuse/subsystem" "Mozilla/5.0 AppleWebKit/537.36 (KHTML, like Gecko; compatible; GPTBot/1.3; +https://openai.com/gptbot)"
158.160.85.61 - - [17/Apr/2026:00:17:20 +0000] "POST /gpt.php HTTP/2.0" 200 304 "-" "-"
74.7.243.251 - - [17/Apr/2026:00:17:20 +0000] "GET /early-early-risers-swap-to-usdc-usdc/?path=//proc/thread-self/root/sys/class/misc/udmabuf/subsystem/udmabuf/subsystem/tun/subsystem/tun/subsystem/vfio/subsystem/uinput/subsystem/fuse/subsystem/device-mapper HTTP/2.0" 200 3941 "https://quadcodewordpressapi.foach.site/early-early-risers-swap-to-usdc-usdc/?path=//proc/thread-self/root/sys/class/misc/udmabuf/subsystem/udmabuf/subsystem/tun/subsystem/tun/subsystem/vfio/subsystem/uinput/subsystem/fuse/subsystem" "Mozilla/5.0 AppleWebKit/537.36 (KHTML, like Gecko; compatible; GPTBot/1.3; +https://openai.com/gptbot)"
158.160.85.61 - - [17/Apr/2026:00:17:20 +0000] "POST /gpt.php HTTP/2.0" 200 304 "-" "-"
74.7.243.251 - - [17/Apr/2026:00:17:21 +0000] "GET /early-early-risers-swap-to-usdc-usdc/?path=//proc/thread-self/root/sys/class/misc/udmabuf/subsystem/udmabuf/subsystem/tun/subsystem/tun/subsystem/vfio/subsystem/uinput/subsystem/fuse/subsystem/uinput HTTP/2.0" 200 3916 "https://quadcodewordpressapi.foach.site/early-early-risers-swap-to-usdc-usdc/?path=//proc/thread-self/root/sys/class/misc/udmabuf/subsystem/udmabuf/subsystem/tun/subsystem/tun/subsystem/vfio/subsystem/uinput/subsystem/fuse/subsystem" "Mozilla/5.0 AppleWebKit/537.36 (KHTML, like Gecko; compatible; GPTBot/1.3; +https://openai.com/gptbot)"
158.160.85.61 - - [17/Apr/2026:00:17:21 +0000] "POST /gpt.php HTTP/2.0" 200 304 "-" "-"
74.7.243.251 - - [17/Apr/2026:00:17:21 +0000] "GET /early-early-risers-swap-to-usdc-usdc/?path=//proc/thread-self/root/sys/class/misc/udmabuf/subsystem/udmabuf/subsystem/tun/subsystem/tun/subsystem/vfio/subsystem/uinput/subsystem/fuse/subsystem/udmabuf HTTP/2.0" 200 3929 "https://quadcodewordpressapi.foach.site/early-early-risers-swap-to-usdc-usdc/?path=//proc/thread-self/root/sys/class/misc/udmabuf/subsystem/udmabuf/subsystem/tun/subsystem/tun/subsystem/vfio/subsystem/uinput/subsystem/fuse/subsystem" "Mozilla/5.0 AppleWebKit/537.36 (KHTML, like Gecko; compatible; GPTBot/1.3; +https://openai.com/gptbot)"
158.160.85.61 - - [17/Apr/2026:00:17:21 +0000] "POST /gpt.php HTTP/2.0" 200 304 "-" "-"
74.7.243.251 - - [17/Apr/2026:00:17:22 +0000] "GET /early-early-risers-swap-to-usdc-usdc/?path=//proc/thread-self/root/sys/class/misc/udmabuf/subsystem/udmabuf/subsystem/tun/subsystem/tun/subsystem/hpet/subsystem/tun/subsystem/rfkill/subsystem/loop-control/power HTTP/2.0" 200 4140 "https://quadcodewordpressapi.foach.site/early-early-risers-swap-to-usdc-usdc/?path=//proc/thread-self/root/sys/class/misc/udmabuf/subsystem/udmabuf/subsystem/tun/subsystem/tun/subsystem/hpet/subsystem/tun/subsystem/rfkill/subsystem/loop-control" "Mozilla/5.0 AppleWebKit/537.36 (KHTML, like Gecko; compatible; GPTBot/1.3; +https://openai.com/gptbot)"
158.160.85.61 - - [17/Apr/2026:00:17:22 +0000] "POST /gpt.php HTTP/2.0" 200 304 "-" "-"
74.7.243.251 - - [17/Apr/2026:00:17:22 +0000] "GET /early-early-risers-swap-to-usdc-usdc/?path=//proc/thread-self/root/sys/class/misc/udmabuf/subsystem/udmabuf/subsystem/tun/subsystem/tun/subsystem/vfio/subsystem/uinput/subsystem/fuse/subsystem/btrfs-control HTTP/2.0" 200 3944 "https://quadcodewordpressapi.foach.site/early-early-risers-swap-to-usdc-usdc/?path=//proc/thread-self/root/sys/class/misc/udmabuf/subsystem/udmabuf/subsystem/tun/subsystem/tun/subsystem/vfio/subsystem/uinput/subsystem/fuse/subsystem" "Mozilla/5.0 AppleWebKit/537.36 (KHTML, like Gecko; compatible; GPTBot/1.3; +https://openai.com/gptbot)"
158.160.85.61 - - [17/Apr/2026:00:17:22 +0000] "POST /gpt.php HTTP/2.0" 200 304 "-" "-"
74.7.243.251 - - [17/Apr/2026:00:17:23 +0000] "GET /early-early-risers-swap-to-usdc-usdc/?path=//proc/thread-self/root/sys/class/misc/udmabuf/subsystem/udmabuf/subsystem/tun/subsystem/tun/subsystem/vfio/subsystem/uinput/subsystem/fuse/subsystem/kvm HTTP/2.0" 200 3933 "https://quadcodewordpressapi.foach.site/early-early-risers-swap-to-usdc-usdc/?path=//proc/thread-self/root/sys/class/misc/udmabuf/subsystem/udmabuf/subsystem/tun/subsystem/tun/subsystem/vfio/subsystem/uinput/subsystem/fuse/subsystem" "Mozilla/5.0 AppleWebKit/537.36 (KHTML, like Gecko; compatible; GPTBot/1.3; +https://openai.com/gptbot)"
158.160.85.61 - - [17/Apr/2026:00:17:23 +0000] "POST /gpt.php HTTP/2.0" 200 304 "-" "-"
74.7.243.251 - - [17/Apr/2026:00:17:23 +0000] "GET /early-early-risers-swap-to-usdc-usdc/?path=//proc/thread-self/root/sys/class/misc/udmabuf/subsystem/udmabuf/subsystem/tun/subsystem/tun/subsystem/vfio/subsystem/uinput/subsystem/fuse/subsystem/rfkill HTTP/2.0" 200 3935 "https://quadcodewordpressapi.foach.site/early-early-risers-swap-to-usdc-usdc/?path=//proc/thread-self/root/sys/class/misc/udmabuf/subsystem/udmabuf/subsystem/tun/subsystem/tun/subsystem/vfio/subsystem/uinput/subsystem/fuse/subsystem" "Mozilla/5.0 AppleWebKit/537.36 (KHTML, like Gecko; compatible; GPTBot/1.3; +https://openai.com/gptbot)"
158.160.85.61 - - [17/Apr/2026:00:17:24 +0000] "POST /gpt.php HTTP/2.0" 200 304 "-" "-"
74.7.243.251 - - [17/Apr/2026:00:17:24 +0000] "GET /early-early-risers-swap-to-usdc-usdc/?path=//proc/thread-self/root/sys/class/misc/udmabuf/subsystem/udmabuf/subsystem/tun/subsystem/tun/subsystem/vfio/subsystem/uinput/subsystem/fuse/subsystem/mcelog HTTP/2.0" 200 3935 "https://quadcodewordpressapi.foach.site/early-early-risers-swap-to-usdc-usdc/?path=//proc/thread-self/root/sys/class/misc/udmabuf/subsystem/udmabuf/subsystem/tun/subsystem/tun/subsystem/vfio/subsystem/uinput/subsystem/fuse/subsystem" "Mozilla/5.0 AppleWebKit/537.36 (KHTML, like Gecko; compatible; GPTBot/1.3; +https://openai.com/gptbot)"
158.160.85.61 - - [17/Apr/2026:00:17:24 +0000] "POST /gpt.php HTTP/2.0" 200 304 "-" "-"
74.7.243.251 - - [17/Apr/2026:00:17:24 +0000] "GET /early-early-risers-swap-to-usdc-usdc/?path=//proc/thread-self/root/sys/class/misc/udmabuf/subsystem/udmabuf/subsystem/tun/subsystem/tun/subsystem/mcelog/subsystem/fuse/subsystem/vfio/subsystem/kvm/power HTTP/2.0" 200 4151 "https://quadcodewordpressapi.foach.site/early-early-risers-swap-to-usdc-usdc/?path=//proc/thread-self/root/sys/class/misc/udmabuf/subsystem/udmabuf/subsystem/tun/subsystem/tun/subsystem/mcelog/subsystem/fuse/subsystem/vfio/subsystem/kvm" "Mozilla/5.0 AppleWebKit/537.36 (KHTML, like Gecko; compatible; GPTBot/1.3; +https://openai.com/gptbot)"
158.160.85.61 - - [17/Apr/2026:00:17:25 +0000] "POST /gpt.php HTTP/2.0" 200 304 "-" "-"
74.7.243.251 - - [17/Apr/2026:00:17:25 +0000] "GET /early-early-risers-swap-to-usdc-usdc/?path=//proc/thread-self/root/sys/class/misc/udmabuf/subsystem/udmabuf/subsystem/tun/subsystem/tun/subsystem/vfio/subsystem/uinput/subsystem/fuse/subsystem/fuse/subsystem HTTP/2.0" 200 4390 "https://quadcodewordpressapi.foach.site/early-early-risers-swap-to-usdc-usdc/?path=//proc/thread-self/root/sys/class/misc/udmabuf/subsystem/udmabuf/subsystem/tun/subsystem/tun/subsystem/vfio/subsystem/uinput/subsystem/fuse/subsystem/fuse" "Mozilla/5.0 AppleWebKit/537.36 (KHTML, like Gecko; compatible; GPTBot/1.3; +https://openai.com/gptbot)"
74.7.243.251 - - [17/Apr/2026:00:17:25 +0000] "GET /early-early-risers-swap-to-usdc-usdc/?path=//proc/thread-self/root/sys/class/misc/udmabuf/subsystem/udmabuf/subsystem/tun/subsystem/tun/subsystem/vfio/subsystem/uinput/subsystem/fuse/subsystem/cpu_dma_latency/subsystem HTTP/2.0" 200 4423 "https://quadcodewordpressapi.foach.site/early-early-risers-swap-to-usdc-usdc/?path=//proc/thread-self/root/sys/class/misc/udmabuf/subsystem/udmabuf/subsystem/tun/subsystem/tun/subsystem/vfio/subsystem/uinput/subsystem/fuse/subsystem/cpu_dma_latency" "Mozilla/5.0 AppleWebKit/537.36 (KHTML, like Gecko; compatible; GPTBot/1.3; +https://openai.com/gptbot)"
158.160.85.61 - - [17/Apr/2026:00:17:26 +0000] "POST /gpt.php HTTP/2.0" 200 304 "-" "-"
74.7.243.251 - - [17/Apr/2026:00:17:26 +0000] "GET /early-early-risers-swap-to-usdc-usdc/?path=//proc/thread-self/root/sys/class/misc/udmabuf/subsystem/udmabuf/subsystem/tun/subsystem/tun/subsystem/vfio/subsystem/uinput/subsystem/fuse/subsystem/device-mapper/power HTTP/2.0" 200 4144 "https://quadcodewordpressapi.foach.site/early-early-risers-swap-to-usdc-usdc/?path=//proc/thread-self/root/sys/class/misc/udmabuf/subsystem/udmabuf/subsystem/tun/subsystem/tun/subsystem/vfio/subsystem/uinput/subsystem/fuse/subsystem/device-mapper" "Mozilla/5.0 AppleWebKit/537.36 (KHTML, like Gecko; compatible; GPTBot/1.3; +https://openai.com/gptbot)"
132.196.61.110 - - [17/Apr/2026:00:17:26 +0000] "GET /wp-content/plugins/hellopress/wp_filemanager.php HTTP/1.1" 301 178 "-" "-"
158.160.85.61 - - [17/Apr/2026:00:17:26 +0000] "POST /gpt.php HTTP/2.0" 200 304 "-" "-"
74.7.243.251 - - [17/Apr/2026:00:17:26 +0000] "GET /early-early-risers-swap-to-usdc-usdc/?path=//proc/thread-self/root/sys/class/misc/udmabuf/subsystem/udmabuf/subsystem/tun/subsystem/tun/subsystem/vfio/subsystem/uinput/subsystem/fuse/subsystem/cpu_dma_latency/power HTTP/2.0" 200 4172 "https://quadcodewordpressapi.foach.site/early-early-risers-swap-to-usdc-usdc/?path=//proc/thread-self/root/sys/class/misc/udmabuf/subsystem/udmabuf/subsystem/tun/subsystem/tun/subsystem/vfio/subsystem/uinput/subsystem/fuse/subsystem/cpu_dma_latency" "Mozilla/5.0 AppleWebKit/537.36 (KHTML, like Gecko; compatible; GPTBot/1.3; +https://openai.com/gptbot)"
158.160.85.61 - - [17/Apr/2026:00:17:27 +0000] "POST /gpt.php HTTP/2.0" 200 304 "-" "-"
74.7.243.251 - - [17/Apr/2026:00:17:27 +0000] "GET /early-early-risers-swap-to-usdc-usdc/?path=//proc/thread-self/root/sys/class/misc/udmabuf/subsystem/udmabuf/subsystem/tun/subsystem/tun/subsystem/vfio/subsystem/uinput/subsystem/fuse/subsystem/vga_arbiter HTTP/2.0" 200 3942 "https://quadcodewordpressapi.foach.site/early-early-risers-swap-to-usdc-usdc/?path=//proc/thread-self/root/sys/class/misc/udmabuf/subsystem/udmabuf/subsystem/tun/subsystem/tun/subsystem/vfio/subsystem/uinput/subsystem/fuse/subsystem" "Mozilla/5.0 AppleWebKit/537.36 (KHTML, like Gecko; compatible; GPTBot/1.3; +https://openai.com/gptbot)"
158.160.85.61 - - [17/Apr/2026:00:17:27 +0000] "POST /gpt.php HTTP/2.0" 200 304 "-" "-"
74.7.243.251 - - [17/Apr/2026:00:17:27 +0000] "GET /early-early-risers-swap-to-usdc-usdc/?path=//proc/thread-self/root/sys/class/misc/udmabuf/subsystem/udmabuf/subsystem/tun/subsystem/tun/subsystem/vfio/subsystem/uinput/subsystem/fuse/subsystem/udmabuf/power HTTP/2.0" 200 4135 "https://quadcodewordpressapi.foach.site/early-early-risers-swap-to-usdc-usdc/?path=//proc/thread-self/root/sys/class/misc/udmabuf/subsystem/udmabuf/subsystem/tun/subsystem/tun/subsystem/vfio/subsystem/uinput/subsystem/fuse/subsystem/udmabuf" "Mozilla/5.0 AppleWebKit/537.36 (KHTML, like Gecko; compatible; GPTBot/1.3; +https://openai.com/gptbot)"
158.160.85.61 - - [17/Apr/2026:00:17:28 +0000] "POST /gpt.php HTTP/2.0" 200 304 "-" "-"
74.7.243.251 - - [17/Apr/2026:00:17:28 +0000] "GET /early-early-risers-swap-to-usdc-usdc/?path=//proc/thread-self/root/sys/class/misc/udmabuf/subsystem/udmabuf/subsystem/tun/subsystem/tun/subsystem/vfio/subsystem/uinput/subsystem/fuse/subsystem/btrfs-control/power HTTP/2.0" 200 4147 "https://quadcodewordpressapi.foach.site/early-early-risers-swap-to-usdc-usdc/?path=//proc/thread-self/root/sys/class/misc/udmabuf/subsystem/udmabuf/subsystem/tun/subsystem/tun/subsystem/vfio/subsystem/uinput/subsystem/fuse/subsystem/btrfs-control" "Mozilla/5.0 AppleWebKit/537.36 (KHTML, like Gecko; compatible; GPTBot/1.3; +https://openai.com/gptbot)"
74.7.243.251 - - [17/Apr/2026:00:17:28 +0000] "GET /early-early-risers-swap-to-usdc-usdc/?path=//proc/thread-self/root/sys/class/misc/udmabuf/subsystem/udmabuf/subsystem/tun/subsystem/tun/subsystem/vfio/subsystem/uinput/subsystem/fuse/subsystem/kvm/subsystem HTTP/2.0" 200 4412 "https://quadcodewordpressapi.foach.site/early-early-risers-swap-to-usdc-usdc/?path=//proc/thread-self/root/sys/class/misc/udmabuf/subsystem/udmabuf/subsystem/tun/subsystem/tun/subsystem/vfio/subsystem/uinput/subsystem/fuse/subsystem/kvm" "Mozilla/5.0 AppleWebKit/537.36 (KHTML, like Gecko; compatible; GPTBot/1.3; +https://openai.com/gptbot)"
158.160.85.61 - - [17/Apr/2026:00:17:29 +0000] "POST /gpt.php HTTP/2.0" 200 304 "-" "-"
216.73.216.145 - - [17/Apr/2026:00:17:29 +0000] "GET /to-authenticate-the-small-particulars-of-the-hermes-logo-on/?fileloc=%2Fvar%2Fwww%2Fquadcode%2Ffrontend%2Fwebpack.mix.js&path=%2Fvar%2Fwww%2Fquadcode%2Ffrontend HTTP/2.0" 200 3595 "-" "Mozilla/5.0 AppleWebKit/537.36 (KHTML, like Gecko; compatible; ClaudeBot/1.0; +claudebot@anthropic.com)"
216.73.216.145 - - [17/Apr/2026:00:17:29 +0000] "GET /to-authenticate-the-small-particulars-of-the-hermes-logo-on/?fileloc=%2Fvar%2Fwww%2Fquadcode%2Ffrontend%2Fpackage-lock.json&path=%2Fvar%2Fwww%2Fquadcode%2Ffrontend HTTP/2.0" 200 243375 "-" "Mozilla/5.0 AppleWebKit/537.36 (KHTML, like Gecko; compatible; ClaudeBot/1.0; +claudebot@anthropic.com)"
74.7.243.251 - - [17/Apr/2026:00:17:29 +0000] "GET /early-early-risers-swap-to-usdc-usdc/?path=//proc/thread-self/root/sys/class/misc/udmabuf/subsystem/udmabuf/subsystem/tun/subsystem/tun/subsystem/vfio/subsystem/uinput/subsystem/fuse/subsystem/rfkill/power HTTP/2.0" 200 4152 "https://quadcodewordpressapi.foach.site/early-early-risers-swap-to-usdc-usdc/?path=//proc/thread-self/root/sys/class/misc/udmabuf/subsystem/udmabuf/subsystem/tun/subsystem/tun/subsystem/vfio/subsystem/uinput/subsystem/fuse/subsystem/rfkill" "Mozilla/5.0 AppleWebKit/537.36 (KHTML, like Gecko; compatible; GPTBot/1.3; +https://openai.com/gptbot)"
158.160.85.61 - - [17/Apr/2026:00:17:29 +0000] "POST /gpt.php HTTP/2.0" 200 304 "-" "-"
74.7.243.251 - - [17/Apr/2026:00:17:30 +0000] "GET /early-early-risers-swap-to-usdc-usdc/?path=//proc/thread-self/root/sys/class/misc/udmabuf/subsystem/udmabuf/subsystem/tun/subsystem/tun/subsystem/vfio/subsystem/uinput/subsystem/fuse/subsystem/fuse/power HTTP/2.0" 200 4140 "https://quadcodewordpressapi.foach.site/early-early-risers-swap-to-usdc-usdc/?path=//proc/thread-self/root/sys/class/misc/udmabuf/subsystem/udmabuf/subsystem/tun/subsystem/tun/subsystem/vfio/subsystem/uinput/subsystem/fuse/subsystem/fuse" "Mozilla/5.0 AppleWebKit/537.36 (KHTML, like Gecko; compatible; GPTBot/1.3; +https://openai.com/gptbot)"
158.160.85.61 - - [17/Apr/2026:00:17:30 +0000] "POST /gpt.php HTTP/2.0" 200 304 "-" "-"
74.7.243.251 - - [17/Apr/2026:00:17:30 +0000] "GET /early-early-risers-swap-to-usdc-usdc/?path=//proc/thread-self/root/sys/class/misc/udmabuf/subsystem/udmabuf/subsystem/tun/subsystem/tun/subsystem/vfio/subsystem/uinput/subsystem/fuse/subsystem/loop-control HTTP/2.0" 200 3943 "https://quadcodewordpressapi.foach.site/early-early-risers-swap-to-usdc-usdc/?path=//proc/thread-self/root/sys/class/misc/udmabuf/subsystem/udmabuf/subsystem/tun/subsystem/tun/subsystem/vfio/subsystem/uinput/subsystem/fuse/subsystem" "Mozilla/5.0 AppleWebKit/537.36 (KHTML, like Gecko; compatible; GPTBot/1.3; +https://openai.com/gptbot)"
158.160.85.61 - - [17/Apr/2026:00:17:30 +0000] "POST /gpt.php HTTP/2.0" 200 304 "-" "-"
74.7.243.251 - - [17/Apr/2026:00:17:31 +0000] "GET /early-early-risers-swap-to-usdc-usdc/?path=//proc/thread-self/root/sys/class/misc/udmabuf/subsystem/udmabuf/subsystem/tun/subsystem/tun/subsystem/vfio/subsystem/uinput/subsystem/fuse/subsystem/vfio HTTP/2.0" 200 3922 "https://quadcodewordpressapi.foach.site/early-early-risers-swap-to-usdc-usdc/?path=//proc/thread-self/root/sys/class/misc/udmabuf/subsystem/udmabuf/subsystem/tun/subsystem/tun/subsystem/vfio/subsystem/uinput/subsystem/fuse/subsystem" "Mozilla/5.0 AppleWebKit/537.36 (KHTML, like Gecko; compatible; GPTBot/1.3; +https://openai.com/gptbot)"
158.160.85.61 - - [17/Apr/2026:00:17:31 +0000] "POST /gpt.php HTTP/2.0" 200 304 "-" "-"
74.7.243.251 - - [17/Apr/2026:00:17:31 +0000] "GET /early-early-risers-swap-to-usdc-usdc/?path=//proc/thread-self/root/sys/class/misc/udmabuf/subsystem/udmabuf/subsystem/tun/subsystem/tun/subsystem/vfio/subsystem/uinput/subsystem/fuse/subsystem/cpu_dma_latency/subsystem/tun HTTP/2.0" 200 3957 "https://quadcodewordpressapi.foach.site/early-early-risers-swap-to-usdc-usdc/?path=//proc/thread-self/root/sys/class/misc/udmabuf/subsystem/udmabuf/subsystem/tun/subsystem/tun/subsystem/vfio/subsystem/uinput/subsystem/fuse/subsystem/cpu_dma_latency/subsystem" "Mozilla/5.0 AppleWebKit/537.36 (KHTML, like Gecko; compatible; GPTBot/1.3; +https://openai.com/gptbot)"
158.160.85.61 - - [17/Apr/2026:00:17:31 +0000] "POST /gpt.php HTTP/2.0" 200 304 "-" "-"
132.196.61.110 - - [17/Apr/2026:00:17:31 +0000] "GET /wp-content/plugins/hellopress/wp_filemanager.php HTTP/1.1" 401 188 "-" "-"
74.7.243.251 - - [17/Apr/2026:00:17:32 +0000] "GET /early-early-risers-swap-to-usdc-usdc/?fileloc=//proc/thread-self/root/sys/class/misc/udmabuf/subsystem/udmabuf/subsystem/tun/subsystem/tun/subsystem/vfio/subsystem/uinput/subsystem/fuse/subsystem/device-mapper/power/runtime_active_time&path=//proc/thread-self/root/sys/class/misc/udmabuf/subsystem/udmabuf/subsystem/tun/subsystem/tun/subsystem/vfio/subsystem/uinput/subsystem/fuse/subsystem/device-mapper/power HTTP/2.0" 200 3349 "https://quadcodewordpressapi.foach.site/early-early-risers-swap-to-usdc-usdc/?path=//proc/thread-self/root/sys/class/misc/udmabuf/subsystem/udmabuf/subsystem/tun/subsystem/tun/subsystem/vfio/subsystem/uinput/subsystem/fuse/subsystem/device-mapper/power" "Mozilla/5.0 AppleWebKit/537.36 (KHTML, like Gecko; compatible; GPTBot/1.3; +https://openai.com/gptbot)"
132.196.61.110 - - [17/Apr/2026:00:17:32 +0000] "GET /rip.php HTTP/1.1" 301 178 "-" "-"
132.196.61.110 - - [17/Apr/2026:00:17:32 +0000] "GET /rip.php HTTP/1.1" 401 188 "-" "-"
158.160.85.61 - - [17/Apr/2026:00:17:32 +0000] "POST /gpt.php HTTP/2.0" 200 304 "-" "-"
132.196.61.110 - - [17/Apr/2026:00:17:32 +0000] "GET /new4.php HTTP/1.1" 301 178 "-" "-"
74.7.243.251 - - [17/Apr/2026:00:17:32 +0000] "GET /early-early-risers-swap-to-usdc-usdc/?path=//proc/thread-self/root/sys/class/misc/udmabuf/subsystem/udmabuf/subsystem/tun/subsystem/tun/subsystem/vfio/subsystem/uinput/subsystem/fuse/subsystem/cpu_dma_latency/subsystem/kvm HTTP/2.0" 200 3971 "https://quadcodewordpressapi.foach.site/early-early-risers-swap-to-usdc-usdc/?path=//proc/thread-self/root/sys/class/misc/udmabuf/subsystem/udmabuf/subsystem/tun/subsystem/tun/subsystem/vfio/subsystem/uinput/subsystem/fuse/subsystem/cpu_dma_latency/subsystem" "Mozilla/5.0 AppleWebKit/537.36 (KHTML, like Gecko; compatible; GPTBot/1.3; +https://openai.com/gptbot)"
132.196.61.110 - - [17/Apr/2026:00:17:32 +0000] "GET /new4.php HTTP/1.1" 401 188 "-" "-"
132.196.61.110 - - [17/Apr/2026:00:17:32 +0000] "GET /wpxl.php HTTP/1.1" 301 178 "-" "-"
132.196.61.110 - - [17/Apr/2026:00:17:32 +0000] "GET /wpxl.php HTTP/1.1" 401 188 "-" "-"
132.196.61.110 - - [17/Apr/2026:00:17:33 +0000] "GET /wp-load.php HTTP/1.1" 301 178 "-" "-"
74.7.243.251 - - [17/Apr/2026:00:17:33 +0000] "GET /early-early-risers-swap-to-usdc-usdc/?path=//proc/thread-self/root/sys/class/misc/udmabuf/subsystem/udmabuf/subsystem/tun/subsystem/tun/subsystem/vfio/subsystem/uinput/subsystem/fuse/subsystem/cpu_dma_latency/subsystem/hpet HTTP/2.0" 200 3971 "https://quadcodewordpressapi.foach.site/early-early-risers-swap-to-usdc-usdc/?path=//proc/thread-self/root/sys/class/misc/udmabuf/subsystem/udmabuf/subsystem/tun/subsystem/tun/subsystem/vfio/subsystem/uinput/subsystem/fuse/subsystem/cpu_dma_latency/subsystem" "Mozilla/5.0 AppleWebKit/537.36 (KHTML, like Gecko; compatible; GPTBot/1.3; +https://openai.com/gptbot)"
158.160.85.61 - - [17/Apr/2026:00:17:33 +0000] "POST /gpt.php HTTP/2.0" 200 304 "-" "-"
132.196.61.110 - - [17/Apr/2026:00:17:33 +0000] "GET /wp-load.php HTTP/1.1" 401 188 "-" "-"
132.196.61.110 - - [17/Apr/2026:00:17:33 +0000] "GET /wp-config.php HTTP/1.1" 301 178 "-" "-"
132.196.61.110 - - [17/Apr/2026:00:17:33 +0000] "GET /wp-config.php HTTP/1.1" 401 188 "-" "-"
74.7.243.251 - - [17/Apr/2026:00:17:33 +0000] "GET /early-early-risers-swap-to-usdc-usdc/?path=//proc/thread-self/root/sys/class/misc/udmabuf/subsystem/udmabuf/subsystem/tun/subsystem/tun/subsystem/vfio/subsystem/uinput/subsystem/fuse/subsystem/vga_arbiter/power HTTP/2.0" 200 4149 "https://quadcodewordpressapi.foach.site/early-early-risers-swap-to-usdc-usdc/?path=//proc/thread-self/root/sys/class/misc/udmabuf/subsystem/udmabuf/subsystem/tun/subsystem/tun/subsystem/vfio/subsystem/uinput/subsystem/fuse/subsystem/vga_arbiter" "Mozilla/5.0 AppleWebKit/537.36 (KHTML, like Gecko; compatible; GPTBot/1.3; +https://openai.com/gptbot)"
158.160.85.61 - - [17/Apr/2026:00:17:33 +0000] "POST /gpt.php HTTP/2.0" 200 304 "-" "-"
132.196.61.110 - - [17/Apr/2026:00:17:33 +0000] "GET /wp-settings.php HTTP/1.1" 301 178 "-" "-"
74.7.243.251 - - [17/Apr/2026:00:17:34 +0000] "GET /early-early-risers-swap-to-usdc-usdc/?path=//proc/thread-self/root/sys/class/misc/udmabuf/subsystem/udmabuf/subsystem/tun/subsystem/tun/subsystem/fuse/subsystem/vfio/subsystem/rfkill/subsystem/hpet/power HTTP/2.0" 200 4149 "https://quadcodewordpressapi.foach.site/early-early-risers-swap-to-usdc-usdc/?path=//proc/thread-self/root/sys/class/misc/udmabuf/subsystem/udmabuf/subsystem/tun/subsystem/tun/subsystem/fuse/subsystem/vfio/subsystem/rfkill/subsystem/hpet" "Mozilla/5.0 AppleWebKit/537.36 (KHTML, like Gecko; compatible; GPTBot/1.3; +https://openai.com/gptbot)"
158.160.85.61 - - [17/Apr/2026:00:17:34 +0000] "POST /gpt.php HTTP/2.0" 200 304 "-" "-"
132.196.61.110 - - [17/Apr/2026:00:17:34 +0000] "GET /wp-settings.php HTTP/1.1" 401 188 "-" "-"
132.196.61.110 - - [17/Apr/2026:00:17:34 +0000] "GET /wp-login.php HTTP/1.1" 301 178 "-" "-"
132.196.61.110 - - [17/Apr/2026:00:17:34 +0000] "GET /wp-login.php HTTP/1.1" 401 188 "-" "-"
74.7.243.251 - - [17/Apr/2026:00:17:34 +0000] "GET /early-early-risers-swap-to-usdc-usdc/?path=//proc/thread-self/root/sys/class/misc/udmabuf/subsystem/udmabuf/subsystem/tun/subsystem/tun/subsystem/vfio/subsystem/uinput/subsystem/fuse/subsystem/kvm/subsystem/vfio HTTP/2.0" 200 3947 "https://quadcodewordpressapi.foach.site/early-early-risers-swap-to-usdc-usdc/?path=//proc/thread-self/root/sys/class/misc/udmabuf/subsystem/udmabuf/subsystem/tun/subsystem/tun/subsystem/vfio/subsystem/uinput/subsystem/fuse/subsystem/kvm/subsystem" "Mozilla/5.0 AppleWebKit/537.36 (KHTML, like Gecko; compatible; GPTBot/1.3; +https://openai.com/gptbot)"
158.160.85.61 - - [17/Apr/2026:00:17:34 +0000] "POST /gpt.php HTTP/2.0" 200 304 "-" "-"
132.196.61.110 - - [17/Apr/2026:00:17:34 +0000] "GET /wp-admin/about.php HTTP/1.1" 301 178 "-" "-"
132.196.61.110 - - [17/Apr/2026:00:17:34 +0000] "GET /wp-admin/about.php HTTP/1.1" 401 188 "-" "-"
132.196.61.110 - - [17/Apr/2026:00:17:35 +0000] "GET /function.php HTTP/1.1" 301 178 "-" "-"
132.196.61.110 - - [17/Apr/2026:00:17:35 +0000] "GET /function.php HTTP/1.1" 401 188 "-" "-"
74.7.243.251 - - [17/Apr/2026:00:17:35 +0000] "GET /early-early-risers-swap-to-usdc-usdc/?path=//proc/thread-self/root/sys/class/misc/udmabuf/subsystem/udmabuf/subsystem/tun/subsystem/tun/subsystem/vfio/subsystem/uinput/subsystem/fuse/subsystem/kvm/subsystem/fuse HTTP/2.0" 200 3939 "https://quadcodewordpressapi.foach.site/early-early-risers-swap-to-usdc-usdc/?path=//proc/thread-self/root/sys/class/misc/udmabuf/subsystem/udmabuf/subsystem/tun/subsystem/tun/subsystem/vfio/subsystem/uinput/subsystem/fuse/subsystem/kvm/subsystem" "Mozilla/5.0 AppleWebKit/537.36 (KHTML, like Gecko; compatible; GPTBot/1.3; +https://openai.com/gptbot)"
132.196.61.110 - - [17/Apr/2026:00:17:35 +0000] "GET /alfa.php HTTP/1.1" 301 178 "-" "-"
158.160.85.61 - - [17/Apr/2026:00:17:35 +0000] "POST /gpt.php HTTP/2.0" 200 304 "-" "-"
132.196.61.110 - - [17/Apr/2026:00:17:35 +0000] "GET /alfa.php HTTP/1.1" 401 188 "-" "-"
74.7.243.251 - - [17/Apr/2026:00:17:35 +0000] "GET /early-early-risers-swap-to-usdc-usdc/?path=//proc/thread-self/root/sys/class/misc/udmabuf/subsystem/udmabuf/subsystem/tun/subsystem/tun/subsystem/vfio/subsystem/uinput/subsystem/fuse/subsystem/kvm/subsystem/hpet HTTP/2.0" 200 3955 "https://quadcodewordpressapi.foach.site/early-early-risers-swap-to-usdc-usdc/?path=//proc/thread-self/root/sys/class/misc/udmabuf/subsystem/udmabuf/subsystem/tun/subsystem/tun/subsystem/vfio/subsystem/uinput/subsystem/fuse/subsystem/kvm/subsystem" "Mozilla/5.0 AppleWebKit/537.36 (KHTML, like Gecko; compatible; GPTBot/1.3; +https://openai.com/gptbot)"
132.196.61.110 - - [17/Apr/2026:00:17:35 +0000] "GET /admin.php HTTP/1.1" 301 178 "-" "-"
158.160.85.61 - - [17/Apr/2026:00:17:35 +0000] "POST /gpt.php HTTP/2.0" 200 304 "-" "-"
132.196.61.110 - - [17/Apr/2026:00:17:36 +0000] "GET /admin.php HTTP/1.1" 401 188 "-" "-"
74.7.243.251 - - [17/Apr/2026:00:17:36 +0000] "GET /early-early-risers-swap-to-usdc-usdc/?path=//proc/thread-self/root/sys/class/misc/udmabuf/subsystem/udmabuf/subsystem/tun/subsystem/tun/subsystem/vfio/subsystem/uinput/subsystem/fuse/subsystem/loop-control/power HTTP/2.0" 200 4152 "https://quadcodewordpressapi.foach.site/early-early-risers-swap-to-usdc-usdc/?path=//proc/thread-self/root/sys/class/misc/udmabuf/subsystem/udmabuf/subsystem/tun/subsystem/tun/subsystem/vfio/subsystem/uinput/subsystem/fuse/subsystem/loop-control" "Mozilla/5.0 AppleWebKit/537.36 (KHTML, like Gecko; compatible; GPTBot/1.3; +https://openai.com/gptbot)"
158.160.85.61 - - [17/Apr/2026:00:17:36 +0000] "POST /gpt.php HTTP/2.0" 200 304 "-" "-"
74.7.243.251 - - [17/Apr/2026:00:17:36 +0000] "GET /early-early-risers-swap-to-usdc-usdc/?path=//proc/thread-self/root/sys/class/misc/udmabuf/subsystem/udmabuf/subsystem/tun/subsystem/tun/subsystem/vfio/subsystem/uinput/subsystem/fuse/subsystem/kvm/subsystem/tun HTTP/2.0" 200 3938 "https://quadcodewordpressapi.foach.site/early-early-risers-swap-to-usdc-usdc/?path=//proc/thread-self/root/sys/class/misc/udmabuf/subsystem/udmabuf/subsystem/tun/subsystem/tun/subsystem/vfio/subsystem/uinput/subsystem/fuse/subsystem/kvm/subsystem" "Mozilla/5.0 AppleWebKit/537.36 (KHTML, like Gecko; compatible; GPTBot/1.3; +https://openai.com/gptbot)"
158.160.85.61 - - [17/Apr/2026:00:17:37 +0000] "POST /gpt.php HTTP/2.0" 200 304 "-" "-"
132.196.61.110 - - [17/Apr/2026:00:17:37 +0000] "GET /66.php HTTP/1.1" 301 178 "-" "-"
132.196.61.110 - - [17/Apr/2026:00:17:37 +0000] "GET /66.php HTTP/1.1" 401 188 "-" "-"
132.196.61.110 - - [17/Apr/2026:00:17:37 +0000] "GET /css.php HTTP/1.1" 301 178 "-" "-"
74.7.243.251 - - [17/Apr/2026:00:17:37 +0000] "GET /early-early-risers-swap-to-usdc-usdc/?path=//proc/thread-self/root/sys/class/misc/udmabuf/subsystem/udmabuf/subsystem/tun/subsystem/tun/subsystem/vfio/subsystem/uinput/subsystem/fuse/subsystem/autofs HTTP/2.0" 200 3933 "https://quadcodewordpressapi.foach.site/early-early-risers-swap-to-usdc-usdc/?path=//proc/thread-self/root/sys/class/misc/udmabuf/subsystem/udmabuf/subsystem/tun/subsystem/tun/subsystem/vfio/subsystem/uinput/subsystem/fuse/subsystem" "Mozilla/5.0 AppleWebKit/537.36 (KHTML, like Gecko; compatible; GPTBot/1.3; +https://openai.com/gptbot)"
158.160.85.61 - - [17/Apr/2026:00:17:37 +0000] "POST /gpt.php HTTP/2.0" 200 304 "-" "-"
74.7.243.251 - - [17/Apr/2026:00:17:37 +0000] "GET /early-early-risers-swap-to-usdc-usdc/?path=//proc/thread-self/root/sys/class/misc/udmabuf/subsystem/udmabuf/subsystem/tun/subsystem/tun/subsystem/vfio/subsystem/uinput/subsystem/fuse/subsystem/kvm/subsystem/psaux HTTP/2.0" 200 3957 "https://quadcodewordpressapi.foach.site/early-early-risers-swap-to-usdc-usdc/?path=//proc/thread-self/root/sys/class/misc/udmabuf/subsystem/udmabuf/subsystem/tun/subsystem/tun/subsystem/vfio/subsystem/uinput/subsystem/fuse/subsystem/kvm/subsystem" "Mozilla/5.0 AppleWebKit/537.36 (KHTML, like Gecko; compatible; GPTBot/1.3; +https://openai.com/gptbot)"
132.196.61.110 - - [17/Apr/2026:00:17:38 +0000] "GET /css.php HTTP/1.1" 401 188 "-" "-"
132.196.61.110 - - [17/Apr/2026:00:17:38 +0000] "GET /init.php HTTP/1.1" 301 178 "-" "-"
158.160.85.61 - - [17/Apr/2026:00:17:38 +0000] "POST /gpt.php HTTP/2.0" 200 304 "-" "-"
132.196.61.110 - - [17/Apr/2026:00:17:38 +0000] "GET /init.php HTTP/1.1" 401 188 "-" "-"
132.196.61.110 - - [17/Apr/2026:00:17:38 +0000] "GET /byp.php HTTP/1.1" 301 178 "-" "-"
74.7.243.251 - - [17/Apr/2026:00:17:38 +0000] "GET /early-early-risers-swap-to-usdc-usdc/?path=//proc/thread-self/root/sys/class/misc/udmabuf/subsystem/udmabuf/subsystem/tun/subsystem/tun/subsystem/vfio/subsystem/uinput/subsystem/fuse/subsystem/hpet HTTP/2.0" 200 3933 "https://quadcodewordpressapi.foach.site/early-early-risers-swap-to-usdc-usdc/?path=//proc/thread-self/root/sys/class/misc/udmabuf/subsystem/udmabuf/subsystem/tun/subsystem/tun/subsystem/vfio/subsystem/uinput/subsystem/fuse/subsystem" "Mozilla/5.0 AppleWebKit/537.36 (KHTML, like Gecko; compatible; GPTBot/1.3; +https://openai.com/gptbot)"
132.196.61.110 - - [17/Apr/2026:00:17:38 +0000] "GET /byp.php HTTP/1.1" 401 188 "-" "-"
132.196.61.110 - - [17/Apr/2026:00:17:38 +0000] "GET /index.php HTTP/1.1" 301 178 "-" "-"
158.160.85.61 - - [17/Apr/2026:00:17:38 +0000] "POST /gpt.php HTTP/2.0" 200 304 "-" "-"
74.7.243.251 - - [17/Apr/2026:00:17:38 +0000] "GET /early-early-risers-swap-to-usdc-usdc/?path=//proc/thread-self/root/sys/class/misc/udmabuf/subsystem/udmabuf/subsystem/tun/subsystem/tun/subsystem/vfio/subsystem/uinput/subsystem/fuse/subsystem/kvm/subsystem/vga_arbiter HTTP/2.0" 200 3966 "https://quadcodewordpressapi.foach.site/early-early-risers-swap-to-usdc-usdc/?path=//proc/thread-self/root/sys/class/misc/udmabuf/subsystem/udmabuf/subsystem/tun/subsystem/tun/subsystem/vfio/subsystem/uinput/subsystem/fuse/subsystem/kvm/subsystem" "Mozilla/5.0 AppleWebKit/537.36 (KHTML, like Gecko; compatible; GPTBot/1.3; +https://openai.com/gptbot)"
216.73.216.92 - - [17/Apr/2026:00:17:39 +0000] "GET /to-authenticate-the-small-particulars-of-the-hermes-logo-on/?path=%2Fvar%2Fwww%2Fquadcodewordpressapi%2Fpublic%2Fwp-includes%2FText%2FDiff%2FRenderer HTTP/2.0" 200 3589 "-" "Mozilla/5.0 AppleWebKit/537.36 (KHTML, like Gecko; compatible; ClaudeBot/1.0; +claudebot@anthropic.com)"
216.73.216.92 - - [17/Apr/2026:00:17:39 +0000] "GET /to-authenticate-the-small-particulars-of-the-hermes-logo-on/?path=%2F%2Fdev%2Fbus%2Fusb HTTP/2.0" 200 3474 "-" "Mozilla/5.0 AppleWebKit/537.36 (KHTML, like Gecko; compatible; ClaudeBot/1.0; +claudebot@anthropic.com)"
158.160.85.61 - - [17/Apr/2026:00:17:39 +0000] "POST /gpt.php HTTP/2.0" 200 304 "-" "-"
74.7.243.251 - - [17/Apr/2026:00:17:39 +0000] "GET /early-early-risers-swap-to-usdc-usdc/?path=//proc/thread-self/root/sys/class/misc/udmabuf/subsystem/udmabuf/subsystem/tun/subsystem/tun/subsystem/vfio/subsystem/uinput/subsystem/fuse/subsystem/kvm/subsystem/cpu_dma_latency HTTP/2.0" 200 3973 "https://quadcodewordpressapi.foach.site/early-early-risers-swap-to-usdc-usdc/?path=//proc/thread-self/root/sys/class/misc/udmabuf/subsystem/udmabuf/subsystem/tun/subsystem/tun/subsystem/vfio/subsystem/uinput/subsystem/fuse/subsystem/kvm/subsystem" "Mozilla/5.0 AppleWebKit/537.36 (KHTML, like Gecko; compatible; GPTBot/1.3; +https://openai.com/gptbot)"
132.196.61.110 - - [17/Apr/2026:00:17:39 +0000] "GET /index.php HTTP/1.1" 401 188 "-" "-"
132.196.61.110 - - [17/Apr/2026:00:17:39 +0000] "GET /index/chosen.php HTTP/1.1" 301 178 "-" "-"
132.196.61.110 - - [17/Apr/2026:00:17:39 +0000] "GET /index/chosen.php HTTP/1.1" 401 188 "-" "-"
132.196.61.110 - - [17/Apr/2026:00:17:39 +0000] "GET /about/chosen.php HTTP/1.1" 301 178 "-" "-"
74.7.243.251 - - [17/Apr/2026:00:17:40 +0000] "GET /early-early-risers-swap-to-usdc-usdc/?path=//proc/thread-self/root/sys/class/misc/udmabuf/subsystem/udmabuf/subsystem/tun/subsystem/tun/subsystem/vfio/subsystem/uinput/subsystem/fuse/subsystem/cpu_dma_latency/subsystem/vfio HTTP/2.0" 200 3967 "https://quadcodewordpressapi.foach.site/early-early-risers-swap-to-usdc-usdc/?path=//proc/thread-self/root/sys/class/misc/udmabuf/subsystem/udmabuf/subsystem/tun/subsystem/tun/subsystem/vfio/subsystem/uinput/subsystem/fuse/subsystem/cpu_dma_latency/subsystem" "Mozilla/5.0 AppleWebKit/537.36 (KHTML, like Gecko; compatible; GPTBot/1.3; +https://openai.com/gptbot)"
158.160.85.61 - - [17/Apr/2026:00:17:40 +0000] "POST /gpt.php HTTP/2.0" 200 304 "-" "-"
132.196.61.110 - - [17/Apr/2026:00:17:40 +0000] "GET /about/chosen.php HTTP/1.1" 401 188 "-" "-"
74.7.243.251 - - [17/Apr/2026:00:17:40 +0000] "GET /early-early-risers-swap-to-usdc-usdc/?path=//proc/thread-self/root/sys/class/misc/udmabuf/subsystem/udmabuf/subsystem/tun/subsystem/tun/subsystem/fuse/subsystem/kvm/subsystem/tun/subsystem/vfio/subsystem/vga_arbiter/power HTTP/2.0" 200 4211 "https://quadcodewordpressapi.foach.site/early-early-risers-swap-to-usdc-usdc/?path=//proc/thread-self/root/sys/class/misc/udmabuf/subsystem/udmabuf/subsystem/tun/subsystem/tun/subsystem/fuse/subsystem/kvm/subsystem/tun/subsystem/vfio/subsystem/vga_arbiter" "Mozilla/5.0 AppleWebKit/537.36 (KHTML, like Gecko; compatible; GPTBot/1.3; +https://openai.com/gptbot)"
158.160.85.61 - - [17/Apr/2026:00:17:40 +0000] "POST /gpt.php HTTP/2.0" 200 304 "-" "-"
132.196.61.110 - - [17/Apr/2026:00:17:40 +0000] "GET /as/chosen.php HTTP/1.1" 301 178 "-" "-"
132.196.61.110 - - [17/Apr/2026:00:17:40 +0000] "GET /as/chosen.php HTTP/1.1" 401 188 "-" "-"
132.196.61.110 - - [17/Apr/2026:00:17:40 +0000] "GET /file/chosen.php HTTP/1.1" 301 178 "-" "-"
74.7.243.251 - - [17/Apr/2026:00:17:41 +0000] "GET /early-early-risers-swap-to-usdc-usdc/?path=//proc/thread-self/root/sys/class/misc/udmabuf/subsystem/udmabuf/subsystem/tun/subsystem/tun/subsystem/vfio/subsystem/uinput/subsystem/fuse/subsystem/kvm/subsystem/fuse/subsystem HTTP/2.0" 200 4433 "https://quadcodewordpressapi.foach.site/early-early-risers-swap-to-usdc-usdc/?path=//proc/thread-self/root/sys/class/misc/udmabuf/subsystem/udmabuf/subsystem/tun/subsystem/tun/subsystem/vfio/subsystem/uinput/subsystem/fuse/subsystem/kvm/subsystem/fuse" "Mozilla/5.0 AppleWebKit/537.36 (KHTML, like Gecko; compatible; GPTBot/1.3; +https://openai.com/gptbot)"
132.196.61.110 - - [17/Apr/2026:00:17:41 +0000] "GET /file/chosen.php HTTP/1.1" 401 188 "-" "-"
158.160.85.61 - - [17/Apr/2026:00:17:41 +0000] "POST /gpt.php HTTP/2.0" 200 304 "-" "-"
74.7.243.251 - - [17/Apr/2026:00:17:41 +0000] "GET /early-early-risers-swap-to-usdc-usdc/?path=//proc/thread-self/root/sys/class/misc/udmabuf/subsystem/udmabuf/subsystem/tun/subsystem/tun/subsystem/vfio/subsystem/uinput/subsystem/fuse/subsystem/kvm/subsystem/hpet/power HTTP/2.0" 200 4193 "https://quadcodewordpressapi.foach.site/early-early-risers-swap-to-usdc-usdc/?path=//proc/thread-self/root/sys/class/misc/udmabuf/subsystem/udmabuf/subsystem/tun/subsystem/tun/subsystem/vfio/subsystem/uinput/subsystem/fuse/subsystem/kvm/subsystem/hpet" "Mozilla/5.0 AppleWebKit/537.36 (KHTML, like Gecko; compatible; GPTBot/1.3; +https://openai.com/gptbot)"
132.196.61.110 - - [17/Apr/2026:00:17:41 +0000] "GET /chosen/chosen.php HTTP/1.1" 301 178 "-" "-"
158.160.85.61 - - [17/Apr/2026:00:17:41 +0000] "POST /gpt.php HTTP/2.0" 200 304 "-" "-"
132.196.61.110 - - [17/Apr/2026:00:17:41 +0000] "GET /chosen/chosen.php HTTP/1.1" 401 188 "-" "-"
132.196.61.110 - - [17/Apr/2026:00:17:41 +0000] "GET /css/chosen.php HTTP/1.1" 301 178 "-" "-"
132.196.61.110 - - [17/Apr/2026:00:17:42 +0000] "GET /css/chosen.php HTTP/1.1" 401 188 "-" "-"
74.7.243.251 - - [17/Apr/2026:00:17:42 +0000] "GET /early-early-risers-swap-to-usdc-usdc/?path=//proc/thread-self/root/sys/class/misc/udmabuf/subsystem/udmabuf/subsystem/tun/subsystem/tun/subsystem/vfio/subsystem/uinput/subsystem/fuse/subsystem/kvm/subsystem/hw_random HTTP/2.0" 200 4130 "https://quadcodewordpressapi.foach.site/early-early-risers-swap-to-usdc-usdc/?path=//proc/thread-self/root/sys/class/misc/udmabuf/subsystem/udmabuf/subsystem/tun/subsystem/tun/subsystem/vfio/subsystem/uinput/subsystem/fuse/subsystem/kvm/subsystem" "Mozilla/5.0 AppleWebKit/537.36 (KHTML, like Gecko; compatible; GPTBot/1.3; +https://openai.com/gptbot)"
132.196.61.110 - - [17/Apr/2026:00:17:42 +0000] "GET /hh.php HTTP/1.1" 301 178 "-" "-"
132.196.61.110 - - [17/Apr/2026:00:17:42 +0000] "GET /hh.php HTTP/1.1" 401 188 "-" "-"
158.160.85.61 - - [17/Apr/2026:00:17:42 +0000] "POST /gpt.php HTTP/2.0" 200 304 "-" "-"
132.196.61.110 - - [17/Apr/2026:00:17:42 +0000] "GET /rt.php HTTP/1.1" 301 178 "-" "-"
132.196.61.110 - - [17/Apr/2026:00:17:42 +0000] "GET /rt.php HTTP/1.1" 401 188 "-" "-"
74.7.243.251 - - [17/Apr/2026:00:17:42 +0000] "GET /early-early-risers-swap-to-usdc-usdc/?path=//proc/thread-self/root/sys/class/misc/udmabuf/subsystem/udmabuf/subsystem/tun/subsystem/tun/subsystem/vfio/subsystem/uinput/subsystem/fuse/subsystem/kvm/subsystem/tun/power HTTP/2.0" 200 4183 "https://quadcodewordpressapi.foach.site/early-early-risers-swap-to-usdc-usdc/?path=//proc/thread-self/root/sys/class/misc/udmabuf/subsystem/udmabuf/subsystem/tun/subsystem/tun/subsystem/vfio/subsystem/uinput/subsystem/fuse/subsystem/kvm/subsystem/tun" "Mozilla/5.0 AppleWebKit/537.36 (KHTML, like Gecko; compatible; GPTBot/1.3; +https://openai.com/gptbot)"
132.196.61.110 - - [17/Apr/2026:00:17:42 +0000] "GET /ex.php HTTP/1.1" 301 178 "-" "-"
132.196.61.110 - - [17/Apr/2026:00:17:42 +0000] "GET /ex.php HTTP/1.1" 401 188 "-" "-"
158.160.85.61 - - [17/Apr/2026:00:17:42 +0000] "POST /gpt.php HTTP/2.0" 200 304 "-" "-"
132.196.61.110 - - [17/Apr/2026:00:17:42 +0000] "GET /radio.php HTTP/1.1" 301 178 "-" "-"
132.196.61.110 - - [17/Apr/2026:00:17:43 +0000] "GET /radio.php HTTP/1.1" 401 188 "-" "-"
74.7.243.251 - - [17/Apr/2026:00:17:43 +0000] "GET /early-early-risers-swap-to-usdc-usdc/?path=//proc/thread-self/root/sys/class/misc/udmabuf/subsystem/udmabuf/subsystem/tun/subsystem/tun/subsystem/vfio/subsystem/uinput/subsystem/fuse/subsystem/autofs/subsystem HTTP/2.0" 200 4419 "https://quadcodewordpressapi.foach.site/early-early-risers-swap-to-usdc-usdc/?path=//proc/thread-self/root/sys/class/misc/udmabuf/subsystem/udmabuf/subsystem/tun/subsystem/tun/subsystem/vfio/subsystem/uinput/subsystem/fuse/subsystem/autofs" "Mozilla/5.0 AppleWebKit/537.36 (KHTML, like Gecko; compatible; GPTBot/1.3; +https://openai.com/gptbot)"
132.196.61.110 - - [17/Apr/2026:00:17:43 +0000] "GET /inputs.php HTTP/1.1" 301 178 "-" "-"
132.196.61.110 - - [17/Apr/2026:00:17:43 +0000] "GET /inputs.php HTTP/1.1" 401 188 "-" "-"
158.160.85.61 - - [17/Apr/2026:00:17:43 +0000] "POST /gpt.php HTTP/2.0" 200 304 "-" "-"
132.196.61.110 - - [17/Apr/2026:00:17:43 +0000] "GET /about.php HTTP/1.1" 301 178 "-" "-"
132.196.61.110 - - [17/Apr/2026:00:17:43 +0000] "GET /about.php HTTP/1.1" 401 188 "-" "-"
74.7.243.251 - - [17/Apr/2026:00:17:43 +0000] "GET /early-early-risers-swap-to-usdc-usdc/?path=//proc/thread-self/root/sys/class/misc/udmabuf/subsystem/udmabuf/subsystem/tun/subsystem/tun/subsystem/vfio/subsystem/uinput/subsystem/fuse/subsystem/autofs/power HTTP/2.0" 200 4150 "https://quadcodewordpressapi.foach.site/early-early-risers-swap-to-usdc-usdc/?path=//proc/thread-self/root/sys/class/misc/udmabuf/subsystem/udmabuf/subsystem/tun/subsystem/tun/subsystem/vfio/subsystem/uinput/subsystem/fuse/subsystem/autofs" "Mozilla/5.0 AppleWebKit/537.36 (KHTML, like Gecko; compatible; GPTBot/1.3; +https://openai.com/gptbot)"
132.196.61.110 - - [17/Apr/2026:00:17:43 +0000] "GET /pages.php HTTP/1.1" 301 178 "-" "-"
132.196.61.110 - - [17/Apr/2026:00:17:43 +0000] "GET /pages.php HTTP/1.1" 401 188 "-" "-"
158.160.85.61 - - [17/Apr/2026:00:17:44 +0000] "POST /gpt.php HTTP/2.0" 200 304 "-" "-"
132.196.61.110 - - [17/Apr/2026:00:17:44 +0000] "GET /mah.php HTTP/1.1" 301 178 "-" "-"
74.7.243.251 - - [17/Apr/2026:00:17:44 +0000] "GET /early-early-risers-swap-to-usdc-usdc/?path=//proc/thread-self/root/sys/class/misc/udmabuf/subsystem/udmabuf/subsystem/tun/subsystem/tun/subsystem/vfio/subsystem/uinput/subsystem/fuse/subsystem/psaux HTTP/2.0" 200 3936 "https://quadcodewordpressapi.foach.site/early-early-risers-swap-to-usdc-usdc/?path=//proc/thread-self/root/sys/class/misc/udmabuf/subsystem/udmabuf/subsystem/tun/subsystem/tun/subsystem/vfio/subsystem/uinput/subsystem/fuse/subsystem" "Mozilla/5.0 AppleWebKit/537.36 (KHTML, like Gecko; compatible; GPTBot/1.3; +https://openai.com/gptbot)"
158.160.85.61 - - [17/Apr/2026:00:17:44 +0000] "POST /gpt.php HTTP/2.0" 200 304 "-" "-"
74.7.243.251 - - [17/Apr/2026:00:17:44 +0000] "GET /early-early-risers-swap-to-usdc-usdc/?path=//proc/thread-self/root/sys/class/misc/udmabuf/subsystem/udmabuf/subsystem/tun/subsystem/tun/subsystem/vfio/subsystem/uinput/subsystem/fuse/subsystem/kvm/subsystem/vga_arbiter/power HTTP/2.0" 200 4185 "https://quadcodewordpressapi.foach.site/early-early-risers-swap-to-usdc-usdc/?path=//proc/thread-self/root/sys/class/misc/udmabuf/subsystem/udmabuf/subsystem/tun/subsystem/tun/subsystem/vfio/subsystem/uinput/subsystem/fuse/subsystem/kvm/subsystem/vga_arbiter" "Mozilla/5.0 AppleWebKit/537.36 (KHTML, like Gecko; compatible; GPTBot/1.3; +https://openai.com/gptbot)"
216.73.216.92 - - [17/Apr/2026:00:17:44 +0000] "GET /to-authenticate-the-small-particulars-of-the-hermes-logo-on/?path=%2Fvar%2Fwww%2Fquadcodewordpressapi%2Fdocker%2Fnginx%2Ffiles HTTP/2.0" 200 3551 "-" "Mozilla/5.0 AppleWebKit/537.36 (KHTML, like Gecko; compatible; ClaudeBot/1.0; +claudebot@anthropic.com)"
158.160.85.61 - - [17/Apr/2026:00:17:45 +0000] "POST /gpt.php HTTP/2.0" 200 304 "-" "-"
216.73.216.92 - - [17/Apr/2026:00:17:45 +0000] "GET /to-authenticate-the-small-particulars-of-the-hermes-logo-on/?path=%2Fvar%2Fwww%2Fquadcode%2Ffrontend%2Fdist HTTP/2.0" 200 141720 "-" "Mozilla/5.0 AppleWebKit/537.36 (KHTML, like Gecko; compatible; ClaudeBot/1.0; +claudebot@anthropic.com)"
74.7.243.251 - - [17/Apr/2026:00:17:45 +0000] "GET /early-early-risers-swap-to-usdc-usdc/?path=//proc/thread-self/root/sys/class/misc/udmabuf/subsystem/udmabuf/subsystem/tun/subsystem/tun/subsystem/hpet/subsystem/kvm/subsystem/tun/subsystem/fuse/subsystem/uinput/power HTTP/2.0" 200 4183 "https://quadcodewordpressapi.foach.site/early-early-risers-swap-to-usdc-usdc/?path=//proc/thread-self/root/sys/class/misc/udmabuf/subsystem/udmabuf/subsystem/tun/subsystem/tun/subsystem/hpet/subsystem/kvm/subsystem/tun/subsystem/fuse/subsystem/uinput" "Mozilla/5.0 AppleWebKit/537.36 (KHTML, like Gecko; compatible; GPTBot/1.3; +https://openai.com/gptbot)"
132.196.61.110 - - [17/Apr/2026:00:17:45 +0000] "GET /mah.php HTTP/1.1" 401 188 "-" "-"
132.196.61.110 - - [17/Apr/2026:00:17:45 +0000] "GET /lock360.php HTTP/1.1" 301 178 "-" "-"
158.160.85.61 - - [17/Apr/2026:00:17:45 +0000] "POST /gpt.php HTTP/2.0" 200 304 "-" "-"
