74.7.243.251 - - [17/Apr/2026:00:17:45 +0000] "GET /early-early-risers-swap-to-usdc-usdc/?path=//proc/thread-self/root/sys/class/misc/udmabuf/subsystem/udmabuf/subsystem/tun/subsystem/tun/subsystem/cpu_dma_latency/subsystem/tun/subsystem/uinput/subsystem/psaux HTTP/2.0" 200 3937 "https://quadcodewordpressapi.foach.site/early-early-risers-swap-to-usdc-usdc/?path=//proc/thread-self/root/sys/class/misc/udmabuf/subsystem/udmabuf/subsystem/tun/subsystem/tun/subsystem/cpu_dma_latency/subsystem/tun/subsystem/uinput/subsystem" "Mozilla/5.0 AppleWebKit/537.36 (KHTML, like Gecko; compatible; GPTBot/1.3; +https://openai.com/gptbot)"
74.7.243.251 - - [17/Apr/2026:00:17:46 +0000] "GET /early-early-risers-swap-to-usdc-usdc/?path=//proc/thread-self/root/sys/class/misc/udmabuf/subsystem/udmabuf/subsystem/tun/subsystem/tun/subsystem/kvm/subsystem/tun/subsystem/uinput/subsystem/tun/subsystem/vfio/power HTTP/2.0" 200 4191 "https://quadcodewordpressapi.foach.site/early-early-risers-swap-to-usdc-usdc/?path=//proc/thread-self/root/sys/class/misc/udmabuf/subsystem/udmabuf/subsystem/tun/subsystem/tun/subsystem/kvm/subsystem/tun/subsystem/uinput/subsystem/tun/subsystem/vfio" "Mozilla/5.0 AppleWebKit/537.36 (KHTML, like Gecko; compatible; GPTBot/1.3; +https://openai.com/gptbot)"
158.160.85.61 - - [17/Apr/2026:00:17:46 +0000] "POST /gpt.php HTTP/2.0" 200 304 "-" "-"
132.196.61.110 - - [17/Apr/2026:00:17:46 +0000] "GET /lock360.php HTTP/1.1" 401 188 "-" "-"
74.7.243.251 - - [17/Apr/2026:00:17:46 +0000] "GET /early-early-risers-swap-to-usdc-usdc/?path=//proc/thread-self/root/sys/class/misc/udmabuf/subsystem/udmabuf/subsystem/tun/subsystem/tun/subsystem/vfio/subsystem/tun/subsystem/kvm/subsystem/kvm/subsystem/mcelog HTTP/2.0" 200 3938 "https://quadcodewordpressapi.foach.site/early-early-risers-swap-to-usdc-usdc/?path=//proc/thread-self/root/sys/class/misc/udmabuf/subsystem/udmabuf/subsystem/tun/subsystem/tun/subsystem/vfio/subsystem/tun/subsystem/kvm/subsystem/kvm/subsystem" "Mozilla/5.0 AppleWebKit/537.36 (KHTML, like Gecko; compatible; GPTBot/1.3; +https://openai.com/gptbot)"
158.160.85.61 - - [17/Apr/2026:00:17:47 +0000] "POST /gpt.php HTTP/2.0" 200 304 "-" "-"
132.196.61.110 - - [17/Apr/2026:00:17:47 +0000] "GET /error.php HTTP/1.1" 301 178 "-" "-"
132.196.61.110 - - [17/Apr/2026:00:17:47 +0000] "GET /error.php HTTP/1.1" 401 188 "-" "-"
132.196.61.110 - - [17/Apr/2026:00:17:47 +0000] "GET /wp-admin/post.php HTTP/1.1" 301 178 "-" "-"
74.7.243.251 - - [17/Apr/2026:00:17:47 +0000] "GET /early-early-risers-swap-to-usdc-usdc/?path=//proc/thread-self/root/sys/class/misc/udmabuf/subsystem/udmabuf/subsystem/tun/subsystem/tun/subsystem/hpet/subsystem/kvm/subsystem/vfio/subsystem/psaux/subsystem/uinput/power HTTP/2.0" 200 4216 "https://quadcodewordpressapi.foach.site/early-early-risers-swap-to-usdc-usdc/?path=//proc/thread-self/root/sys/class/misc/udmabuf/subsystem/udmabuf/subsystem/tun/subsystem/tun/subsystem/hpet/subsystem/kvm/subsystem/vfio/subsystem/psaux/subsystem/uinput" "Mozilla/5.0 AppleWebKit/537.36 (KHTML, like Gecko; compatible; GPTBot/1.3; +https://openai.com/gptbot)"
132.196.61.110 - - [17/Apr/2026:00:17:47 +0000] "GET /wp-admin/post.php HTTP/1.1" 401 188 "-" "-"
158.160.85.61 - - [17/Apr/2026:00:17:47 +0000] "POST /gpt.php HTTP/2.0" 200 304 "-" "-"
132.196.61.110 - - [17/Apr/2026:00:17:47 +0000] "GET /wp-links-opml.php HTTP/1.1" 301 178 "-" "-"
132.196.61.110 - - [17/Apr/2026:00:17:47 +0000] "GET /wp-links-opml.php HTTP/1.1" 401 188 "-" "-"
74.7.243.251 - - [17/Apr/2026:00:17:47 +0000] "GET /early-early-risers-swap-to-usdc-usdc/?path=//proc/thread-self/root/sys/class/misc/udmabuf/subsystem/udmabuf/subsystem/tun/subsystem/tun/subsystem/vfio/subsystem/uinput/subsystem/fuse/subsystem/kvm/subsystem/hw_random/power HTTP/2.0" 200 4212 "https://quadcodewordpressapi.foach.site/early-early-risers-swap-to-usdc-usdc/?path=//proc/thread-self/root/sys/class/misc/udmabuf/subsystem/udmabuf/subsystem/tun/subsystem/tun/subsystem/vfio/subsystem/uinput/subsystem/fuse/subsystem/kvm/subsystem/hw_random" "Mozilla/5.0 AppleWebKit/537.36 (KHTML, like Gecko; compatible; GPTBot/1.3; +https://openai.com/gptbot)"
132.196.61.110 - - [17/Apr/2026:00:17:47 +0000] "GET /kk.php HTTP/1.1" 301 178 "-" "-"
132.196.61.110 - - [17/Apr/2026:00:17:48 +0000] "GET /kk.php HTTP/1.1" 401 188 "-" "-"
132.196.61.110 - - [17/Apr/2026:00:17:48 +0000] "GET /wp-admin.php HTTP/1.1" 301 178 "-" "-"
158.160.85.61 - - [17/Apr/2026:00:17:48 +0000] "POST /gpt.php HTTP/2.0" 200 304 "-" "-"
132.196.61.110 - - [17/Apr/2026:00:17:48 +0000] "GET /wp-admin.php HTTP/1.1" 401 188 "-" "-"
74.7.243.251 - - [17/Apr/2026:00:17:48 +0000] "GET /early-early-risers-swap-to-usdc-usdc/?path=//proc/thread-self/root/sys/class/misc/udmabuf/subsystem/udmabuf/subsystem/tun/subsystem/tun/subsystem/hpet/subsystem/loop-control/subsystem/uinput/power HTTP/2.0" 200 4146 "https://quadcodewordpressapi.foach.site/early-early-risers-swap-to-usdc-usdc/?path=//proc/thread-self/root/sys/class/misc/udmabuf/subsystem/udmabuf/subsystem/tun/subsystem/tun/subsystem/hpet/subsystem/loop-control/subsystem/uinput" "Mozilla/5.0 AppleWebKit/537.36 (KHTML, like Gecko; compatible; GPTBot/1.3; +https://openai.com/gptbot)"
132.196.61.110 - - [17/Apr/2026:00:17:48 +0000] "GET /66.php?p= HTTP/1.1" 301 178 "-" "-"
132.196.61.110 - - [17/Apr/2026:00:17:48 +0000] "GET /66.php?p= HTTP/1.1" 401 188 "-" "-"
158.160.85.61 - - [17/Apr/2026:00:17:48 +0000] "POST /gpt.php HTTP/2.0" 200 304 "-" "-"
132.196.61.110 - - [17/Apr/2026:00:17:48 +0000] "GET /test1.php HTTP/1.1" 301 178 "-" "-"
132.196.61.110 - - [17/Apr/2026:00:17:48 +0000] "GET /test1.php HTTP/1.1" 401 188 "-" "-"
74.7.243.251 - - [17/Apr/2026:00:17:48 +0000] "GET /early-early-risers-swap-to-usdc-usdc/?path=//proc/thread-self/root/sys/class/misc/udmabuf/subsystem/udmabuf/subsystem/tun/subsystem/tun/subsystem/vfio/subsystem/uinput/subsystem/fuse/subsystem/autofs/subsystem/autofs HTTP/2.0" 200 3946 "https://quadcodewordpressapi.foach.site/early-early-risers-swap-to-usdc-usdc/?path=//proc/thread-self/root/sys/class/misc/udmabuf/subsystem/udmabuf/subsystem/tun/subsystem/tun/subsystem/vfio/subsystem/uinput/subsystem/fuse/subsystem/autofs/subsystem" "Mozilla/5.0 AppleWebKit/537.36 (KHTML, like Gecko; compatible; GPTBot/1.3; +https://openai.com/gptbot)"
132.196.61.110 - - [17/Apr/2026:00:17:49 +0000] "GET /wp-content/index.php HTTP/1.1" 301 178 "-" "-"
132.196.61.110 - - [17/Apr/2026:00:17:49 +0000] "GET /wp-content/index.php HTTP/1.1" 401 188 "-" "-"
158.160.85.61 - - [17/Apr/2026:00:17:49 +0000] "POST /gpt.php HTTP/2.0" 200 304 "-" "-"
132.196.61.110 - - [17/Apr/2026:00:17:49 +0000] "GET /wp-signup.php? HTTP/1.1" 301 178 "-" "-"
74.7.243.251 - - [17/Apr/2026:00:17:49 +0000] "GET /early-early-risers-swap-to-usdc-usdc/?path=//proc/thread-self/root/sys/class/misc/udmabuf/subsystem/udmabuf/subsystem/tun/subsystem/tun/subsystem/vfio/subsystem/uinput/subsystem/fuse/subsystem/autofs/subsystem/fuse HTTP/2.0" 200 3940 "https://quadcodewordpressapi.foach.site/early-early-risers-swap-to-usdc-usdc/?path=//proc/thread-self/root/sys/class/misc/udmabuf/subsystem/udmabuf/subsystem/tun/subsystem/tun/subsystem/vfio/subsystem/uinput/subsystem/fuse/subsystem/autofs/subsystem" "Mozilla/5.0 AppleWebKit/537.36 (KHTML, like Gecko; compatible; GPTBot/1.3; +https://openai.com/gptbot)"
132.196.61.110 - - [17/Apr/2026:00:17:49 +0000] "GET /wp-signup.php? HTTP/1.1" 401 188 "-" "-"
132.196.61.110 - - [17/Apr/2026:00:17:49 +0000] "GET /ty.php?act=upload HTTP/1.1" 301 178 "-" "-"
132.196.61.110 - - [17/Apr/2026:00:17:49 +0000] "GET /ty.php?act=upload HTTP/1.1" 401 188 "-" "-"
132.196.61.110 - - [17/Apr/2026:00:17:49 +0000] "GET /%E2%80%89goods.php HTTP/1.1" 301 178 "-" "-"
158.160.85.61 - - [17/Apr/2026:00:17:49 +0000] "POST /gpt.php HTTP/2.0" 200 304 "-" "-"
74.7.243.251 - - [17/Apr/2026:00:17:49 +0000] "GET /early-early-risers-swap-to-usdc-usdc/?path=//proc/thread-self/root/sys/class/misc/udmabuf/subsystem/udmabuf/subsystem/tun/subsystem/tun/subsystem/vfio/subsystem/uinput/subsystem/fuse/subsystem/autofs/subsystem/tun HTTP/2.0" 200 3940 "https://quadcodewordpressapi.foach.site/early-early-risers-swap-to-usdc-usdc/?path=//proc/thread-self/root/sys/class/misc/udmabuf/subsystem/udmabuf/subsystem/tun/subsystem/tun/subsystem/vfio/subsystem/uinput/subsystem/fuse/subsystem/autofs/subsystem" "Mozilla/5.0 AppleWebKit/537.36 (KHTML, like Gecko; compatible; GPTBot/1.3; +https://openai.com/gptbot)"
132.196.61.110 - - [17/Apr/2026:00:17:50 +0000] "GET /%E2%80%89goods.php HTTP/1.1" 401 188 "-" "-"
132.196.61.110 - - [17/Apr/2026:00:17:50 +0000] "GET /aa.php HTTP/1.1" 301 178 "-" "-"
132.196.61.110 - - [17/Apr/2026:00:17:50 +0000] "GET /aa.php HTTP/1.1" 401 188 "-" "-"
132.196.61.110 - - [17/Apr/2026:00:17:50 +0000] "GET /wp-admin/chosen.php HTTP/1.1" 301 178 "-" "-"
74.7.243.251 - - [17/Apr/2026:00:17:50 +0000] "GET /early-early-risers-swap-to-usdc-usdc/?path=//proc/thread-self/root/sys/class/misc/udmabuf/subsystem/udmabuf/subsystem/tun/subsystem/tun/subsystem/vfio/subsystem/uinput/subsystem/fuse/subsystem/psaux/power HTTP/2.0" 200 4148 "https://quadcodewordpressapi.foach.site/early-early-risers-swap-to-usdc-usdc/?path=//proc/thread-self/root/sys/class/misc/udmabuf/subsystem/udmabuf/subsystem/tun/subsystem/tun/subsystem/vfio/subsystem/uinput/subsystem/fuse/subsystem/psaux" "Mozilla/5.0 AppleWebKit/537.36 (KHTML, like Gecko; compatible; GPTBot/1.3; +https://openai.com/gptbot)"
158.160.85.61 - - [17/Apr/2026:00:17:50 +0000] "POST /gpt.php HTTP/2.0" 200 304 "-" "-"
132.196.61.110 - - [17/Apr/2026:00:17:50 +0000] "GET /wp-admin/chosen.php HTTP/1.1" 401 188 "-" "-"
132.196.61.110 - - [17/Apr/2026:00:17:50 +0000] "GET /wp-mail.php/wp-includes/admin.php HTTP/1.1" 301 178 "-" "-"
132.196.61.110 - - [17/Apr/2026:00:17:50 +0000] "GET /wp-mail.php/wp-includes/admin.php HTTP/1.1" 401 188 "-" "-"
158.160.85.61 - - [17/Apr/2026:00:17:51 +0000] "POST /gpt.php HTTP/2.0" 200 304 "-" "-"
132.196.61.110 - - [17/Apr/2026:00:17:51 +0000] "GET /info.php HTTP/1.1" 301 178 "-" "-"
74.7.243.251 - - [17/Apr/2026:00:17:51 +0000] "GET /early-early-risers-swap-to-usdc-usdc/?path=//proc/thread-self/root/sys/class/misc/udmabuf/subsystem/udmabuf/subsystem/tun/subsystem/tun/subsystem/hw_random/subsystem/fuse/subsystem/mcelog/subsystem/snapshot/power HTTP/2.0" 200 4152 "https://quadcodewordpressapi.foach.site/early-early-risers-swap-to-usdc-usdc/?path=//proc/thread-self/root/sys/class/misc/udmabuf/subsystem/udmabuf/subsystem/tun/subsystem/tun/subsystem/hw_random/subsystem/fuse/subsystem/mcelog/subsystem/snapshot" "Mozilla/5.0 AppleWebKit/537.36 (KHTML, like Gecko; compatible; GPTBot/1.3; +https://openai.com/gptbot)"
132.196.61.110 - - [17/Apr/2026:00:17:51 +0000] "GET /info.php HTTP/1.1" 401 188 "-" "-"
158.160.85.61 - - [17/Apr/2026:00:17:51 +0000] "POST /gpt.php HTTP/2.0" 200 304 "-" "-"
74.7.243.251 - - [17/Apr/2026:00:17:51 +0000] "GET /early-early-risers-swap-to-usdc-usdc/?path=//proc/thread-self/root/sys/class/misc/udmabuf/subsystem/udmabuf/subsystem/tun/subsystem/tun/subsystem/cpu_dma_latency/subsystem/tun/subsystem/uinput/subsystem/psaux/power HTTP/2.0" 200 4167 "https://quadcodewordpressapi.foach.site/early-early-risers-swap-to-usdc-usdc/?path=//proc/thread-self/root/sys/class/misc/udmabuf/subsystem/udmabuf/subsystem/tun/subsystem/tun/subsystem/cpu_dma_latency/subsystem/tun/subsystem/uinput/subsystem/psaux" "Mozilla/5.0 AppleWebKit/537.36 (KHTML, like Gecko; compatible; GPTBot/1.3; +https://openai.com/gptbot)"
132.196.61.110 - - [17/Apr/2026:00:17:51 +0000] "GET /config.php HTTP/1.1" 301 178 "-" "-"
132.196.61.110 - - [17/Apr/2026:00:17:51 +0000] "GET /config.php HTTP/1.1" 401 188 "-" "-"
132.196.61.110 - - [17/Apr/2026:00:17:51 +0000] "GET /index/function.php HTTP/1.1" 301 178 "-" "-"
74.7.243.251 - - [17/Apr/2026:00:17:52 +0000] "GET /early-early-risers-swap-to-usdc-usdc/?fileloc=//proc/thread-self/root/sys/class/misc/udmabuf/subsystem/udmabuf/subsystem/tun/subsystem/tun/subsystem/kvm/subsystem/tun/subsystem/uinput/subsystem/tun/subsystem/vfio/power/async&path=//proc/thread-self/root/sys/class/misc/udmabuf/subsystem/udmabuf/subsystem/tun/subsystem/tun/subsystem/kvm/subsystem/tun/subsystem/uinput/subsystem/tun/subsystem/vfio/power HTTP/2.0" 200 3352 "https://quadcodewordpressapi.foach.site/early-early-risers-swap-to-usdc-usdc/?path=//proc/thread-self/root/sys/class/misc/udmabuf/subsystem/udmabuf/subsystem/tun/subsystem/tun/subsystem/kvm/subsystem/tun/subsystem/uinput/subsystem/tun/subsystem/vfio/power" "Mozilla/5.0 AppleWebKit/537.36 (KHTML, like Gecko; compatible; GPTBot/1.3; +https://openai.com/gptbot)"
158.160.85.61 - - [17/Apr/2026:00:17:52 +0000] "POST /gpt.php HTTP/2.0" 200 304 "-" "-"
132.196.61.110 - - [17/Apr/2026:00:17:52 +0000] "GET /index/function.php HTTP/1.1" 401 188 "-" "-"
132.196.61.110 - - [17/Apr/2026:00:17:52 +0000] "GET /default.php HTTP/1.1" 301 178 "-" "-"
132.196.61.110 - - [17/Apr/2026:00:17:52 +0000] "GET /default.php HTTP/1.1" 401 188 "-" "-"
132.196.61.110 - - [17/Apr/2026:00:17:52 +0000] "GET /wp-admin/network/admin.php HTTP/1.1" 301 178 "-" "-"
74.7.243.251 - - [17/Apr/2026:00:17:52 +0000] "GET /early-early-risers-swap-to-usdc-usdc/?path=//proc/thread-self/root/sys/class/misc/udmabuf/subsystem/udmabuf/subsystem/tun/subsystem/tun/subsystem/vfio/subsystem/tun/subsystem/kvm/subsystem/kvm/subsystem/mcelog/power HTTP/2.0" 200 4187 "https://quadcodewordpressapi.foach.site/early-early-risers-swap-to-usdc-usdc/?path=//proc/thread-self/root/sys/class/misc/udmabuf/subsystem/udmabuf/subsystem/tun/subsystem/tun/subsystem/vfio/subsystem/tun/subsystem/kvm/subsystem/kvm/subsystem/mcelog" "Mozilla/5.0 AppleWebKit/537.36 (KHTML, like Gecko; compatible; GPTBot/1.3; +https://openai.com/gptbot)"
158.160.85.61 - - [17/Apr/2026:00:17:52 +0000] "POST /gpt.php HTTP/2.0" 200 304 "-" "-"
132.196.61.110 - - [17/Apr/2026:00:17:52 +0000] "GET /wp-admin/network/admin.php HTTP/1.1" 401 188 "-" "-"
132.196.61.110 - - [17/Apr/2026:00:17:52 +0000] "GET /wp-admin/install.php HTTP/1.1" 301 178 "-" "-"
132.196.61.110 - - [17/Apr/2026:00:17:52 +0000] "GET /wp-admin/install.php HTTP/1.1" 401 188 "-" "-"
132.196.61.110 - - [17/Apr/2026:00:17:53 +0000] "GET /privacy.php HTTP/1.1" 301 178 "-" "-"
74.7.243.251 - - [17/Apr/2026:00:17:53 +0000] "GET /early-early-risers-swap-to-usdc-usdc/?fileloc=//proc/thread-self/root/sys/class/misc/udmabuf/subsystem/udmabuf/subsystem/tun/subsystem/tun/subsystem/hpet/subsystem/kvm/subsystem/vfio/subsystem/psaux/subsystem/uinput/power/async&path=//proc/thread-self/root/sys/class/misc/udmabuf/subsystem/udmabuf/subsystem/tun/subsystem/tun/subsystem/hpet/subsystem/kvm/subsystem/vfio/subsystem/psaux/subsystem/uinput/power HTTP/2.0" 200 3363 "https://quadcodewordpressapi.foach.site/early-early-risers-swap-to-usdc-usdc/?path=//proc/thread-self/root/sys/class/misc/udmabuf/subsystem/udmabuf/subsystem/tun/subsystem/tun/subsystem/hpet/subsystem/kvm/subsystem/vfio/subsystem/psaux/subsystem/uinput/power" "Mozilla/5.0 AppleWebKit/537.36 (KHTML, like Gecko; compatible; GPTBot/1.3; +https://openai.com/gptbot)"
158.160.85.61 - - [17/Apr/2026:00:17:53 +0000] "POST /gpt.php HTTP/2.0" 200 304 "-" "-"
132.196.61.110 - - [17/Apr/2026:00:17:53 +0000] "GET /privacy.php HTTP/1.1" 401 188 "-" "-"
74.7.243.251 - - [17/Apr/2026:00:17:53 +0000] "GET /early-early-risers-swap-to-usdc-usdc/?fileloc=//proc/thread-self/root/sys/class/misc/udmabuf/subsystem/udmabuf/subsystem/tun/subsystem/tun/subsystem/vfio/subsystem/uinput/subsystem/fuse/subsystem/kvm/subsystem/hw_random/power/async&path=//proc/thread-self/root/sys/class/misc/udmabuf/subsystem/udmabuf/subsystem/tun/subsystem/tun/subsystem/vfio/subsystem/uinput/subsystem/fuse/subsystem/kvm/subsystem/hw_random/power HTTP/2.0" 200 3366 "https://quadcodewordpressapi.foach.site/early-early-risers-swap-to-usdc-usdc/?path=//proc/thread-self/root/sys/class/misc/udmabuf/subsystem/udmabuf/subsystem/tun/subsystem/tun/subsystem/vfio/subsystem/uinput/subsystem/fuse/subsystem/kvm/subsystem/hw_random/power" "Mozilla/5.0 AppleWebKit/537.36 (KHTML, like Gecko; compatible; GPTBot/1.3; +https://openai.com/gptbot)"
158.160.85.61 - - [17/Apr/2026:00:17:53 +0000] "POST /gpt.php HTTP/2.0" 200 304 "-" "-"
132.196.61.110 - - [17/Apr/2026:00:17:54 +0000] "GET /wp-conffg.php HTTP/1.1" 301 178 "-" "-"
74.7.243.251 - - [17/Apr/2026:00:17:54 +0000] "GET /early-early-risers-swap-to-usdc-usdc/?path=//proc/thread-self/root/sys/class/misc/udmabuf/subsystem/udmabuf/subsystem/tun/subsystem/tun/subsystem/cpu_dma_latency/subsystem/tun/subsystem/uinput/subsystem/psaux/subsystem HTTP/2.0" 200 4416 "https://quadcodewordpressapi.foach.site/early-early-risers-swap-to-usdc-usdc/?path=//proc/thread-self/root/sys/class/misc/udmabuf/subsystem/udmabuf/subsystem/tun/subsystem/tun/subsystem/cpu_dma_latency/subsystem/tun/subsystem/uinput/subsystem/psaux" "Mozilla/5.0 AppleWebKit/537.36 (KHTML, like Gecko; compatible; GPTBot/1.3; +https://openai.com/gptbot)"
158.160.85.61 - - [17/Apr/2026:00:17:54 +0000] "POST /gpt.php HTTP/2.0" 200 304 "-" "-"
74.7.243.251 - - [17/Apr/2026:00:17:54 +0000] "GET /early-early-risers-swap-to-usdc-usdc/?path=//proc/thread-self/root/sys/class/misc/udmabuf/subsystem/udmabuf/subsystem/tun/subsystem/tun/subsystem/cpu_dma_latency/subsystem/kvm/subsystem/tun/subsystem/snapshot/subsystem/fuse HTTP/2.0" 200 3971 "https://quadcodewordpressapi.foach.site/early-early-risers-swap-to-usdc-usdc/?path=//proc/thread-self/root/sys/class/misc/udmabuf/subsystem/udmabuf/subsystem/tun/subsystem/tun/subsystem/cpu_dma_latency/subsystem/kvm/subsystem/tun/subsystem/snapshot/subsystem" "Mozilla/5.0 AppleWebKit/537.36 (KHTML, like Gecko; compatible; GPTBot/1.3; +https://openai.com/gptbot)"
158.160.85.61 - - [17/Apr/2026:00:17:54 +0000] "POST /gpt.php HTTP/2.0" 200 304 "-" "-"
74.7.243.251 - - [17/Apr/2026:00:17:55 +0000] "GET /early-early-risers-swap-to-usdc-usdc/?path=//proc/thread-self/root/sys/class/misc/udmabuf/subsystem/udmabuf/subsystem/tun/subsystem/tun/subsystem/hpet/subsystem/psaux/subsystem/kvm/subsystem/tun/subsystem/autofs/power HTTP/2.0" 200 4189 "https://quadcodewordpressapi.foach.site/early-early-risers-swap-to-usdc-usdc/?path=//proc/thread-self/root/sys/class/misc/udmabuf/subsystem/udmabuf/subsystem/tun/subsystem/tun/subsystem/hpet/subsystem/psaux/subsystem/kvm/subsystem/tun/subsystem/autofs" "Mozilla/5.0 AppleWebKit/537.36 (KHTML, like Gecko; compatible; GPTBot/1.3; +https://openai.com/gptbot)"
158.160.85.61 - - [17/Apr/2026:00:17:55 +0000] "POST /gpt.php HTTP/2.0" 200 304 "-" "-"
132.196.61.110 - - [17/Apr/2026:00:17:55 +0000] "GET /wp-conffg.php HTTP/1.1" 401 188 "-" "-"
132.196.61.110 - - [17/Apr/2026:00:17:55 +0000] "GET /bb.php HTTP/1.1" 301 178 "-" "-"
74.7.243.251 - - [17/Apr/2026:00:17:55 +0000] "GET /early-early-risers-swap-to-usdc-usdc/?path=//proc/thread-self/root/sys/class/misc/udmabuf/subsystem/udmabuf/subsystem/tun/subsystem/tun/subsystem/vfio/subsystem/uinput/subsystem/fuse/subsystem/autofs/subsystem/tun/subsystem HTTP/2.0" 200 4436 "https://quadcodewordpressapi.foach.site/early-early-risers-swap-to-usdc-usdc/?path=//proc/thread-self/root/sys/class/misc/udmabuf/subsystem/udmabuf/subsystem/tun/subsystem/tun/subsystem/vfio/subsystem/uinput/subsystem/fuse/subsystem/autofs/subsystem/tun" "Mozilla/5.0 AppleWebKit/537.36 (KHTML, like Gecko; compatible; GPTBot/1.3; +https://openai.com/gptbot)"
132.196.61.110 - - [17/Apr/2026:00:17:55 +0000] "GET /bb.php HTTP/1.1" 401 188 "-" "-"
158.160.85.61 - - [17/Apr/2026:00:17:56 +0000] "POST /gpt.php HTTP/2.0" 200 304 "-" "-"
74.7.243.251 - - [17/Apr/2026:00:17:56 +0000] "GET /early-early-risers-swap-to-usdc-usdc/?path=//proc/thread-self/root/sys/class/misc/udmabuf/subsystem/udmabuf/subsystem/tun/subsystem/tun/subsystem/cpu_dma_latency/subsystem/fuse/subsystem/psaux/subsystem/vfio/subsystem/kvm HTTP/2.0" 200 3974 "https://quadcodewordpressapi.foach.site/early-early-risers-swap-to-usdc-usdc/?path=//proc/thread-self/root/sys/class/misc/udmabuf/subsystem/udmabuf/subsystem/tun/subsystem/tun/subsystem/cpu_dma_latency/subsystem/fuse/subsystem/psaux/subsystem/vfio/subsystem" "Mozilla/5.0 AppleWebKit/537.36 (KHTML, like Gecko; compatible; GPTBot/1.3; +https://openai.com/gptbot)"
132.196.61.110 - - [17/Apr/2026:00:17:56 +0000] "GET /lf.php HTTP/1.1" 301 178 "-" "-"
132.196.61.110 - - [17/Apr/2026:00:17:56 +0000] "GET /lf.php HTTP/1.1" 401 188 "-" "-"
158.160.85.61 - - [17/Apr/2026:00:17:56 +0000] "POST /gpt.php HTTP/2.0" 200 304 "-" "-"
132.196.61.110 - - [17/Apr/2026:00:17:56 +0000] "GET /WSO.php HTTP/1.1" 301 178 "-" "-"
74.7.243.251 - - [17/Apr/2026:00:17:56 +0000] "GET /early-early-risers-swap-to-usdc-usdc/?fileloc=//proc/thread-self/root/sys/class/misc/udmabuf/subsystem/udmabuf/subsystem/tun/subsystem/tun/subsystem/hw_random/subsystem/fuse/subsystem/mcelog/subsystem/snapshot/power/runtime_enabled&path=//proc/thread-self/root/sys/class/misc/udmabuf/subsystem/udmabuf/subsystem/tun/subsystem/tun/subsystem/hw_random/subsystem/fuse/subsystem/mcelog/subsystem/snapshot/power HTTP/2.0" 200 3356 "https://quadcodewordpressapi.foach.site/early-early-risers-swap-to-usdc-usdc/?path=//proc/thread-self/root/sys/class/misc/udmabuf/subsystem/udmabuf/subsystem/tun/subsystem/tun/subsystem/hw_random/subsystem/fuse/subsystem/mcelog/subsystem/snapshot/power" "Mozilla/5.0 AppleWebKit/537.36 (KHTML, like Gecko; compatible; GPTBot/1.3; +https://openai.com/gptbot)"
158.160.85.61 - - [17/Apr/2026:00:17:57 +0000] "POST /gpt.php HTTP/2.0" 200 304 "-" "-"
132.196.61.110 - - [17/Apr/2026:00:17:57 +0000] "GET /WSO.php HTTP/1.1" 401 188 "-" "-"
74.7.243.251 - - [17/Apr/2026:00:17:57 +0000] "GET /early-early-risers-swap-to-usdc-usdc/?path=//proc/thread-self/root/sys/class/misc/udmabuf/subsystem/udmabuf/subsystem/tun/subsystem/tun/subsystem/hw_random/subsystem/hpet/subsystem/vfio/subsystem/mcelog/subsystem/vfio HTTP/2.0" 200 3949 "https://quadcodewordpressapi.foach.site/early-early-risers-swap-to-usdc-usdc/?path=//proc/thread-self/root/sys/class/misc/udmabuf/subsystem/udmabuf/subsystem/tun/subsystem/tun/subsystem/hw_random/subsystem/hpet/subsystem/vfio/subsystem/mcelog/subsystem" "Mozilla/5.0 AppleWebKit/537.36 (KHTML, like Gecko; compatible; GPTBot/1.3; +https://openai.com/gptbot)"
158.160.85.61 - - [17/Apr/2026:00:17:57 +0000] "POST /gpt.php HTTP/2.0" 200 304 "-" "-"
74.7.243.251 - - [17/Apr/2026:00:17:57 +0000] "GET /early-early-risers-swap-to-usdc-usdc/?path=//proc/thread-self/root/sys/class/misc/udmabuf/subsystem/udmabuf/subsystem/tun/subsystem/tun/subsystem/kvm/subsystem/hpet/subsystem/hw_random/subsystem/hpet/power HTTP/2.0" 200 4147 "https://quadcodewordpressapi.foach.site/early-early-risers-swap-to-usdc-usdc/?path=//proc/thread-self/root/sys/class/misc/udmabuf/subsystem/udmabuf/subsystem/tun/subsystem/tun/subsystem/kvm/subsystem/hpet/subsystem/hw_random/subsystem/hpet" "Mozilla/5.0 AppleWebKit/537.36 (KHTML, like Gecko; compatible; GPTBot/1.3; +https://openai.com/gptbot)"
158.160.85.61 - - [17/Apr/2026:00:17:58 +0000] "POST /gpt.php HTTP/2.0" 200 304 "-" "-"
74.7.243.251 - - [17/Apr/2026:00:17:58 +0000] "GET /early-early-risers-swap-to-usdc-usdc/?path=//proc/thread-self/root/sys/class/misc/udmabuf/subsystem/udmabuf/subsystem/tun/subsystem/tun/subsystem/fuse/subsystem/kvm/subsystem/tun/subsystem/psaux/subsystem/kvm HTTP/2.0" 200 3929 "https://quadcodewordpressapi.foach.site/early-early-risers-swap-to-usdc-usdc/?path=//proc/thread-self/root/sys/class/misc/udmabuf/subsystem/udmabuf/subsystem/tun/subsystem/tun/subsystem/fuse/subsystem/kvm/subsystem/tun/subsystem/psaux/subsystem" "Mozilla/5.0 AppleWebKit/537.36 (KHTML, like Gecko; compatible; GPTBot/1.3; +https://openai.com/gptbot)"
158.160.85.61 - - [17/Apr/2026:00:17:58 +0000] "POST /gpt.php HTTP/2.0" 200 304 "-" "-"
74.7.243.251 - - [17/Apr/2026:00:17:58 +0000] "GET /early-early-risers-swap-to-usdc-usdc/?path=//proc/thread-self/root/sys/class/misc/udmabuf/subsystem/udmabuf/subsystem/tun/subsystem/tun/subsystem/uinput/subsystem/vfio/subsystem/kvm/subsystem/fuse/subsystem/psaux/power HTTP/2.0" 200 4209 "https://quadcodewordpressapi.foach.site/early-early-risers-swap-to-usdc-usdc/?path=//proc/thread-self/root/sys/class/misc/udmabuf/subsystem/udmabuf/subsystem/tun/subsystem/tun/subsystem/uinput/subsystem/vfio/subsystem/kvm/subsystem/fuse/subsystem/psaux" "Mozilla/5.0 AppleWebKit/537.36 (KHTML, like Gecko; compatible; GPTBot/1.3; +https://openai.com/gptbot)"
132.196.61.110 - - [17/Apr/2026:00:17:59 +0000] "GET /hello.php HTTP/1.1" 301 178 "-" "-"
132.196.61.110 - - [17/Apr/2026:00:17:59 +0000] "GET /hello.php HTTP/1.1" 401 188 "-" "-"
74.7.243.251 - - [17/Apr/2026:00:17:59 +0000] "GET /early-early-risers-swap-to-usdc-usdc/?path=//proc/thread-self/root/sys/class/misc/udmabuf/subsystem/udmabuf/subsystem/tun/subsystem/tun/subsystem/hpet/subsystem/vfio/subsystem/cpu_dma_latency/subsystem/tun/subsystem HTTP/2.0" 200 4411 "https://quadcodewordpressapi.foach.site/early-early-risers-swap-to-usdc-usdc/?path=//proc/thread-self/root/sys/class/misc/udmabuf/subsystem/udmabuf/subsystem/tun/subsystem/tun/subsystem/hpet/subsystem/vfio/subsystem/cpu_dma_latency/subsystem/tun" "Mozilla/5.0 AppleWebKit/537.36 (KHTML, like Gecko; compatible; GPTBot/1.3; +https://openai.com/gptbot)"
158.160.85.61 - - [17/Apr/2026:00:17:59 +0000] "POST /gpt.php HTTP/2.0" 200 304 "-" "-"
132.196.61.110 - - [17/Apr/2026:00:17:59 +0000] "GET /ok.php HTTP/1.1" 301 178 "-" "-"
132.196.61.110 - - [17/Apr/2026:00:17:59 +0000] "GET /ok.php HTTP/1.1" 401 188 "-" "-"
132.196.61.110 - - [17/Apr/2026:00:17:59 +0000] "GET /if.php HTTP/1.1" 301 178 "-" "-"
132.196.61.110 - - [17/Apr/2026:00:17:59 +0000] "GET /if.php HTTP/1.1" 401 188 "-" "-"
74.7.243.251 - - [17/Apr/2026:00:17:59 +0000] "GET /early-early-risers-swap-to-usdc-usdc/?path=//proc/thread-self/root/sys/class/misc/udmabuf/subsystem/udmabuf/subsystem/tun/subsystem/tun/subsystem/cpu_dma_latency/subsystem/tun/subsystem/uinput/subsystem/psaux/subsystem/kvm HTTP/2.0" 200 3967 "https://quadcodewordpressapi.foach.site/early-early-risers-swap-to-usdc-usdc/?path=//proc/thread-self/root/sys/class/misc/udmabuf/subsystem/udmabuf/subsystem/tun/subsystem/tun/subsystem/cpu_dma_latency/subsystem/tun/subsystem/uinput/subsystem/psaux/subsystem" "Mozilla/5.0 AppleWebKit/537.36 (KHTML, like Gecko; compatible; GPTBot/1.3; +https://openai.com/gptbot)"
132.196.61.110 - - [17/Apr/2026:00:17:59 +0000] "GET /mrjn.php HTTP/1.1" 301 178 "-" "-"
158.160.85.61 - - [17/Apr/2026:00:18:00 +0000] "POST /gpt.php HTTP/2.0" 200 304 "-" "-"
132.196.61.110 - - [17/Apr/2026:00:18:00 +0000] "GET /mrjn.php HTTP/1.1" 401 188 "-" "-"
132.196.61.110 - - [17/Apr/2026:00:18:00 +0000] "GET /kn.php HTTP/1.1" 301 178 "-" "-"
132.196.61.110 - - [17/Apr/2026:00:18:00 +0000] "GET /kn.php HTTP/1.1" 401 188 "-" "-"
132.196.61.110 - - [17/Apr/2026:00:18:00 +0000] "GET /3301.php HTTP/1.1" 301 178 "-" "-"
74.7.243.251 - - [17/Apr/2026:00:18:00 +0000] "GET /early-early-risers-swap-to-usdc-usdc/?path=//proc/thread-self/root/sys/class/misc/udmabuf/subsystem/udmabuf/subsystem/tun/subsystem/tun/subsystem/cpu_dma_latency/subsystem/tun/subsystem/uinput/subsystem/psaux/subsystem/vfio HTTP/2.0" 200 3969 "https://quadcodewordpressapi.foach.site/early-early-risers-swap-to-usdc-usdc/?path=//proc/thread-self/root/sys/class/misc/udmabuf/subsystem/udmabuf/subsystem/tun/subsystem/tun/subsystem/cpu_dma_latency/subsystem/tun/subsystem/uinput/subsystem/psaux/subsystem" "Mozilla/5.0 AppleWebKit/537.36 (KHTML, like Gecko; compatible; GPTBot/1.3; +https://openai.com/gptbot)"
158.160.85.61 - - [17/Apr/2026:00:18:00 +0000] "POST /gpt.php HTTP/2.0" 200 304 "-" "-"
132.196.61.110 - - [17/Apr/2026:00:18:00 +0000] "GET /3301.php HTTP/1.1" 401 188 "-" "-"
132.196.61.110 - - [17/Apr/2026:00:18:00 +0000] "GET /alex.php HTTP/1.1" 301 178 "-" "-"
132.196.61.110 - - [17/Apr/2026:00:18:00 +0000] "GET /alex.php HTTP/1.1" 401 188 "-" "-"
74.7.243.251 - - [17/Apr/2026:00:18:01 +0000] "GET /early-early-risers-swap-to-usdc-usdc/?path=//proc/thread-self/root/sys/class/misc/udmabuf/subsystem/udmabuf/subsystem/tun/subsystem/tun/subsystem/cpu_dma_latency/subsystem/tun/subsystem/uinput/subsystem/psaux/subsystem/tun HTTP/2.0" 200 3952 "https://quadcodewordpressapi.foach.site/early-early-risers-swap-to-usdc-usdc/?path=//proc/thread-self/root/sys/class/misc/udmabuf/subsystem/udmabuf/subsystem/tun/subsystem/tun/subsystem/cpu_dma_latency/subsystem/tun/subsystem/uinput/subsystem/psaux/subsystem" "Mozilla/5.0 AppleWebKit/537.36 (KHTML, like Gecko; compatible; GPTBot/1.3; +https://openai.com/gptbot)"
158.160.85.61 - - [17/Apr/2026:00:18:01 +0000] "POST /gpt.php HTTP/2.0" 200 304 "-" "-"
132.196.61.110 - - [17/Apr/2026:00:18:01 +0000] "GET /mailer.php HTTP/1.1" 301 178 "-" "-"
216.73.216.92 - - [17/Apr/2026:00:18:01 +0000] "GET /to-authenticate-the-small-particulars-of-the-hermes-logo-on/?fileloc=%2F%2Fdev%2Ffd%2F3&path=%2F%2Fdev%2Ffd HTTP/2.0" 200 3096 "-" "Mozilla/5.0 AppleWebKit/537.36 (KHTML, like Gecko; compatible; ClaudeBot/1.0; +claudebot@anthropic.com)"
216.73.216.92 - - [17/Apr/2026:00:18:01 +0000] "GET /to-authenticate-the-small-particulars-of-the-hermes-logo-on/?fileloc=%2Fvar%2Fwww%2Fquadcode%2Ffrontend%2Fyarn.lock&path=%2Fvar%2Fwww%2Fquadcode%2Ffrontend HTTP/2.0" 200 91098 "-" "Mozilla/5.0 AppleWebKit/537.36 (KHTML, like Gecko; compatible; ClaudeBot/1.0; +claudebot@anthropic.com)"
74.7.243.251 - - [17/Apr/2026:00:18:01 +0000] "GET /early-early-risers-swap-to-usdc-usdc/?path=//proc/thread-self/root/sys/class/misc/udmabuf/subsystem/udmabuf/subsystem/tun/subsystem/tun/subsystem/cpu_dma_latency/subsystem/tun/subsystem/uinput/subsystem/psaux/subsystem/fuse HTTP/2.0" 200 3967 "https://quadcodewordpressapi.foach.site/early-early-risers-swap-to-usdc-usdc/?path=//proc/thread-self/root/sys/class/misc/udmabuf/subsystem/udmabuf/subsystem/tun/subsystem/tun/subsystem/cpu_dma_latency/subsystem/tun/subsystem/uinput/subsystem/psaux/subsystem" "Mozilla/5.0 AppleWebKit/537.36 (KHTML, like Gecko; compatible; GPTBot/1.3; +https://openai.com/gptbot)"
158.160.85.61 - - [17/Apr/2026:00:18:01 +0000] "POST /gpt.php HTTP/2.0" 200 304 "-" "-"
132.196.61.110 - - [17/Apr/2026:00:18:01 +0000] "GET /mailer.php HTTP/1.1" 401 188 "-" "-"
132.196.61.110 - - [17/Apr/2026:00:18:01 +0000] "GET /anone.php HTTP/1.1" 301 178 "-" "-"
132.196.61.110 - - [17/Apr/2026:00:18:02 +0000] "GET /anone.php HTTP/1.1" 401 188 "-" "-"
74.7.243.251 - - [17/Apr/2026:00:18:02 +0000] "GET /early-early-risers-swap-to-usdc-usdc/?path=//proc/thread-self/root/sys/class/misc/udmabuf/subsystem/udmabuf/subsystem/tun/subsystem/tun/subsystem/cpu_dma_latency/subsystem/tun/subsystem/uinput/subsystem/psaux/subsystem/hpet HTTP/2.0" 200 3966 "https://quadcodewordpressapi.foach.site/early-early-risers-swap-to-usdc-usdc/?path=//proc/thread-self/root/sys/class/misc/udmabuf/subsystem/udmabuf/subsystem/tun/subsystem/tun/subsystem/cpu_dma_latency/subsystem/tun/subsystem/uinput/subsystem/psaux/subsystem" "Mozilla/5.0 AppleWebKit/537.36 (KHTML, like Gecko; compatible; GPTBot/1.3; +https://openai.com/gptbot)"
132.196.61.110 - - [17/Apr/2026:00:18:02 +0000] "GET /wp-configer.php HTTP/1.1" 301 178 "-" "-"
158.160.85.61 - - [17/Apr/2026:00:18:02 +0000] "POST /gpt.php HTTP/2.0" 200 304 "-" "-"
132.196.61.110 - - [17/Apr/2026:00:18:02 +0000] "GET /wp-configer.php HTTP/1.1" 401 188 "-" "-"
132.196.61.110 - - [17/Apr/2026:00:18:02 +0000] "GET /wp-ad.php HTTP/1.1" 301 178 "-" "-"
132.196.61.110 - - [17/Apr/2026:00:18:02 +0000] "GET /wp-ad.php HTTP/1.1" 401 188 "-" "-"
74.7.243.251 - - [17/Apr/2026:00:18:02 +0000] "GET /early-early-risers-swap-to-usdc-usdc/?path=//proc/thread-self/root/sys/class/misc/udmabuf/subsystem/udmabuf/subsystem/tun/subsystem/tun/subsystem/kvm/subsystem/hpet/subsystem/snapshot/subsystem/vga_arbiter/power HTTP/2.0" 200 4155 "https://quadcodewordpressapi.foach.site/early-early-risers-swap-to-usdc-usdc/?path=//proc/thread-self/root/sys/class/misc/udmabuf/subsystem/udmabuf/subsystem/tun/subsystem/tun/subsystem/kvm/subsystem/hpet/subsystem/snapshot/subsystem/vga_arbiter" "Mozilla/5.0 AppleWebKit/537.36 (KHTML, like Gecko; compatible; GPTBot/1.3; +https://openai.com/gptbot)"
132.196.61.110 - - [17/Apr/2026:00:18:02 +0000] "GET /send.php HTTP/1.1" 301 178 "-" "-"
158.160.85.61 - - [17/Apr/2026:00:18:02 +0000] "POST /gpt.php HTTP/2.0" 200 304 "-" "-"
132.196.61.110 - - [17/Apr/2026:00:18:02 +0000] "GET /send.php HTTP/1.1" 401 188 "-" "-"
132.196.61.110 - - [17/Apr/2026:00:18:03 +0000] "GET /3.php HTTP/1.1" 301 178 "-" "-"
74.7.243.251 - - [17/Apr/2026:00:18:03 +0000] "GET /early-early-risers-swap-to-usdc-usdc/?path=//proc/thread-self/root/sys/class/misc/udmabuf/subsystem/udmabuf/subsystem/tun/subsystem/tun/subsystem/vga_arbiter/subsystem/kvm/subsystem/psaux/subsystem/tun/subsystem/autofs HTTP/2.0" 200 3962 "https://quadcodewordpressapi.foach.site/early-early-risers-swap-to-usdc-usdc/?path=//proc/thread-self/root/sys/class/misc/udmabuf/subsystem/udmabuf/subsystem/tun/subsystem/tun/subsystem/vga_arbiter/subsystem/kvm/subsystem/psaux/subsystem/tun/subsystem" "Mozilla/5.0 AppleWebKit/537.36 (KHTML, like Gecko; compatible; GPTBot/1.3; +https://openai.com/gptbot)"
132.196.61.110 - - [17/Apr/2026:00:18:03 +0000] "GET /3.php HTTP/1.1" 401 188 "-" "-"
132.196.61.110 - - [17/Apr/2026:00:18:03 +0000] "GET /.wp-cache.php HTTP/1.1" 301 178 "-" "-"
158.160.85.61 - - [17/Apr/2026:00:18:03 +0000] "POST /gpt.php HTTP/2.0" 200 304 "-" "-"
132.196.61.110 - - [17/Apr/2026:00:18:03 +0000] "GET /.wp-cache.php HTTP/1.1" 401 188 "-" "-"
132.196.61.110 - - [17/Apr/2026:00:18:03 +0000] "GET /sendmail.php HTTP/1.1" 301 178 "-" "-"
74.7.243.251 - - [17/Apr/2026:00:18:03 +0000] "GET /early-early-risers-swap-to-usdc-usdc/?path=//proc/thread-self/root/sys/class/misc/udmabuf/subsystem/udmabuf/subsystem/tun/subsystem/tun/subsystem/cpu_dma_latency/subsystem/uinput/subsystem/psaux HTTP/2.0" 200 3917 "https://quadcodewordpressapi.foach.site/early-early-risers-swap-to-usdc-usdc/?path=//proc/thread-self/root/sys/class/misc/udmabuf/subsystem/udmabuf/subsystem/tun/subsystem/tun/subsystem/cpu_dma_latency/subsystem/uinput/subsystem" "Mozilla/5.0 AppleWebKit/537.36 (KHTML, like Gecko; compatible; GPTBot/1.3; +https://openai.com/gptbot)"
132.196.61.110 - - [17/Apr/2026:00:18:03 +0000] "GET /sendmail.php HTTP/1.1" 401 188 "-" "-"
132.196.61.110 - - [17/Apr/2026:00:18:03 +0000] "GET /rahma.php HTTP/1.1" 301 178 "-" "-"
158.160.85.61 - - [17/Apr/2026:00:18:04 +0000] "POST /gpt.php HTTP/2.0" 200 304 "-" "-"
132.196.61.110 - - [17/Apr/2026:00:18:04 +0000] "GET /rahma.php HTTP/1.1" 401 188 "-" "-"
132.196.61.110 - - [17/Apr/2026:00:18:04 +0000] "GET /nasgor.php HTTP/1.1" 301 178 "-" "-"
74.7.243.251 - - [17/Apr/2026:00:18:04 +0000] "GET /early-early-risers-swap-to-usdc-usdc/?path=//proc/thread-self/root/sys/class/misc/udmabuf/subsystem/udmabuf/subsystem/tun/subsystem/tun/subsystem/fuse/subsystem/kvm/subsystem/tun/subsystem/psaux/subsystem/kvm/subsystem HTTP/2.0" 200 4430 "https://quadcodewordpressapi.foach.site/early-early-risers-swap-to-usdc-usdc/?path=//proc/thread-self/root/sys/class/misc/udmabuf/subsystem/udmabuf/subsystem/tun/subsystem/tun/subsystem/fuse/subsystem/kvm/subsystem/tun/subsystem/psaux/subsystem/kvm" "Mozilla/5.0 AppleWebKit/537.36 (KHTML, like Gecko; compatible; GPTBot/1.3; +https://openai.com/gptbot)"
132.196.61.110 - - [17/Apr/2026:00:18:04 +0000] "GET /nasgor.php HTTP/1.1" 401 188 "-" "-"
132.196.61.110 - - [17/Apr/2026:00:18:04 +0000] "GET /wp-confirm.php HTTP/1.1" 301 178 "-" "-"
158.160.85.61 - - [17/Apr/2026:00:18:04 +0000] "POST /gpt.php HTTP/2.0" 200 304 "-" "-"
132.196.61.110 - - [17/Apr/2026:00:18:04 +0000] "GET /wp-confirm.php HTTP/1.1" 401 188 "-" "-"
132.196.61.110 - - [17/Apr/2026:00:18:04 +0000] "GET /alfa123.php HTTP/1.1" 301 178 "-" "-"
74.7.243.251 - - [17/Apr/2026:00:18:04 +0000] "GET /early-early-risers-swap-to-usdc-usdc/?path=//proc/thread-self/root/sys/class/misc/udmabuf/subsystem/udmabuf/subsystem/tun/subsystem/tun/subsystem/fuse/subsystem/kvm/subsystem/tun/subsystem/psaux/subsystem/kvm/power HTTP/2.0" 200 4178 "https://quadcodewordpressapi.foach.site/early-early-risers-swap-to-usdc-usdc/?path=//proc/thread-self/root/sys/class/misc/udmabuf/subsystem/udmabuf/subsystem/tun/subsystem/tun/subsystem/fuse/subsystem/kvm/subsystem/tun/subsystem/psaux/subsystem/kvm" "Mozilla/5.0 AppleWebKit/537.36 (KHTML, like Gecko; compatible; GPTBot/1.3; +https://openai.com/gptbot)"
132.196.61.110 - - [17/Apr/2026:00:18:04 +0000] "GET /alfa123.php HTTP/1.1" 401 188 "-" "-"
132.196.61.110 - - [17/Apr/2026:00:18:05 +0000] "GET /upload.php HTTP/1.1" 301 178 "-" "-"
132.196.61.110 - - [17/Apr/2026:00:18:05 +0000] "GET /upload.php HTTP/1.1" 401 188 "-" "-"
158.160.85.61 - - [17/Apr/2026:00:18:05 +0000] "POST /gpt.php HTTP/2.0" 200 304 "-" "-"
132.196.61.110 - - [17/Apr/2026:00:18:05 +0000] "GET /bypass.php HTTP/1.1" 301 178 "-" "-"
74.7.243.251 - - [17/Apr/2026:00:18:05 +0000] "GET /early-early-risers-swap-to-usdc-usdc/?path=//proc/thread-self/root/sys/class/misc/udmabuf/subsystem/udmabuf/subsystem/tun/subsystem/tun/subsystem/hpet/subsystem/vfio/subsystem/cpu_dma_latency/subsystem/tun/subsystem/ecryptfs HTTP/2.0" 200 3972 "https://quadcodewordpressapi.foach.site/early-early-risers-swap-to-usdc-usdc/?path=//proc/thread-self/root/sys/class/misc/udmabuf/subsystem/udmabuf/subsystem/tun/subsystem/tun/subsystem/hpet/subsystem/vfio/subsystem/cpu_dma_latency/subsystem/tun/subsystem" "Mozilla/5.0 AppleWebKit/537.36 (KHTML, like Gecko; compatible; GPTBot/1.3; +https://openai.com/gptbot)"
74.7.243.251 - - [17/Apr/2026:00:18:05 +0000] "GET /early-early-risers-swap-to-usdc-usdc/?path=//proc/thread-self/root/sys/class/misc/udmabuf/subsystem/udmabuf/subsystem/tun/subsystem/tun/subsystem/hpet/subsystem/vfio/subsystem/cpu_dma_latency/subsystem/tun/subsystem/uinput HTTP/2.0" 200 3972 "https://quadcodewordpressapi.foach.site/early-early-risers-swap-to-usdc-usdc/?path=//proc/thread-self/root/sys/class/misc/udmabuf/subsystem/udmabuf/subsystem/tun/subsystem/tun/subsystem/hpet/subsystem/vfio/subsystem/cpu_dma_latency/subsystem/tun/subsystem" "Mozilla/5.0 AppleWebKit/537.36 (KHTML, like Gecko; compatible; GPTBot/1.3; +https://openai.com/gptbot)"
158.160.85.61 - - [17/Apr/2026:00:18:05 +0000] "POST /gpt.php HTTP/2.0" 200 304 "-" "-"
132.196.61.110 - - [17/Apr/2026:00:18:05 +0000] "GET /bypass.php HTTP/1.1" 401 188 "-" "-"
132.196.61.110 - - [17/Apr/2026:00:18:05 +0000] "GET /wp-one.php HTTP/1.1" 301 178 "-" "-"
132.196.61.110 - - [17/Apr/2026:00:18:06 +0000] "GET /wp-one.php HTTP/1.1" 401 188 "-" "-"
74.7.243.251 - - [17/Apr/2026:00:18:06 +0000] "GET /early-early-risers-swap-to-usdc-usdc/?path=//proc/thread-self/root/sys/class/misc/udmabuf/subsystem/udmabuf/subsystem/tun/subsystem/tun/subsystem/hpet/subsystem/vfio/subsystem/cpu_dma_latency/subsystem/tun/subsystem/psaux HTTP/2.0" 200 3968 "https://quadcodewordpressapi.foach.site/early-early-risers-swap-to-usdc-usdc/?path=//proc/thread-self/root/sys/class/misc/udmabuf/subsystem/udmabuf/subsystem/tun/subsystem/tun/subsystem/hpet/subsystem/vfio/subsystem/cpu_dma_latency/subsystem/tun/subsystem" "Mozilla/5.0 AppleWebKit/537.36 (KHTML, like Gecko; compatible; GPTBot/1.3; +https://openai.com/gptbot)"
158.160.85.61 - - [17/Apr/2026:00:18:06 +0000] "POST /gpt.php HTTP/2.0" 200 304 "-" "-"
132.196.61.110 - - [17/Apr/2026:00:18:06 +0000] "GET /alexus.php HTTP/1.1" 301 178 "-" "-"
74.7.243.251 - - [17/Apr/2026:00:18:06 +0000] "GET /early-early-risers-swap-to-usdc-usdc/?path=//proc/thread-self/root/sys/class/misc/udmabuf/subsystem/udmabuf/subsystem/tun/subsystem/tun/subsystem/hpet/subsystem/vfio/subsystem/cpu_dma_latency/subsystem/tun/subsystem/kvm HTTP/2.0" 200 3967 "https://quadcodewordpressapi.foach.site/early-early-risers-swap-to-usdc-usdc/?path=//proc/thread-self/root/sys/class/misc/udmabuf/subsystem/udmabuf/subsystem/tun/subsystem/tun/subsystem/hpet/subsystem/vfio/subsystem/cpu_dma_latency/subsystem/tun/subsystem" "Mozilla/5.0 AppleWebKit/537.36 (KHTML, like Gecko; compatible; GPTBot/1.3; +https://openai.com/gptbot)"
132.196.61.110 - - [17/Apr/2026:00:18:06 +0000] "GET /alexus.php HTTP/1.1" 401 188 "-" "-"
132.196.61.110 - - [17/Apr/2026:00:18:06 +0000] "GET /wso1337.php HTTP/1.1" 301 178 "-" "-"
158.160.85.61 - - [17/Apr/2026:00:18:06 +0000] "POST /gpt.php HTTP/2.0" 200 304 "-" "-"
132.196.61.110 - - [17/Apr/2026:00:18:07 +0000] "GET /wso1337.php HTTP/1.1" 401 188 "-" "-"
132.196.61.110 - - [17/Apr/2026:00:18:07 +0000] "GET /blog.php HTTP/1.1" 301 178 "-" "-"
132.196.61.110 - - [17/Apr/2026:00:18:07 +0000] "GET /blog.php HTTP/1.1" 401 188 "-" "-"
74.7.243.251 - - [17/Apr/2026:00:18:07 +0000] "GET /early-early-risers-swap-to-usdc-usdc/?path=//proc/thread-self/root/sys/class/misc/udmabuf/subsystem/udmabuf/subsystem/tun/subsystem/tun/subsystem/hpet/subsystem/vfio/subsystem/cpu_dma_latency/subsystem/tun/subsystem/udmabuf HTTP/2.0" 200 3954 "https://quadcodewordpressapi.foach.site/early-early-risers-swap-to-usdc-usdc/?path=//proc/thread-self/root/sys/class/misc/udmabuf/subsystem/udmabuf/subsystem/tun/subsystem/tun/subsystem/hpet/subsystem/vfio/subsystem/cpu_dma_latency/subsystem/tun/subsystem" "Mozilla/5.0 AppleWebKit/537.36 (KHTML, like Gecko; compatible; GPTBot/1.3; +https://openai.com/gptbot)"
132.196.61.110 - - [17/Apr/2026:00:18:07 +0000] "GET /it.php HTTP/1.1" 301 178 "-" "-"
132.196.61.110 - - [17/Apr/2026:00:18:07 +0000] "GET /it.php HTTP/1.1" 401 188 "-" "-"
158.160.85.61 - - [17/Apr/2026:00:18:07 +0000] "POST /gpt.php HTTP/2.0" 200 304 "-" "-"
132.196.61.110 - - [17/Apr/2026:00:18:07 +0000] "GET /kiss.php HTTP/1.1" 301 178 "-" "-"
74.7.243.251 - - [17/Apr/2026:00:18:07 +0000] "GET /early-early-risers-swap-to-usdc-usdc/?path=//proc/thread-self/root/sys/class/misc/udmabuf/subsystem/udmabuf/subsystem/tun/subsystem/tun/subsystem/hpet/subsystem/vfio/subsystem/cpu_dma_latency/subsystem/tun/subsystem/fuse HTTP/2.0" 200 3967 "https://quadcodewordpressapi.foach.site/early-early-risers-swap-to-usdc-usdc/?path=//proc/thread-self/root/sys/class/misc/udmabuf/subsystem/udmabuf/subsystem/tun/subsystem/tun/subsystem/hpet/subsystem/vfio/subsystem/cpu_dma_latency/subsystem/tun/subsystem" "Mozilla/5.0 AppleWebKit/537.36 (KHTML, like Gecko; compatible; GPTBot/1.3; +https://openai.com/gptbot)"
132.196.61.110 - - [17/Apr/2026:00:18:07 +0000] "GET /kiss.php HTTP/1.1" 401 188 "-" "-"
132.196.61.110 - - [17/Apr/2026:00:18:07 +0000] "GET /0.php HTTP/1.1" 301 178 "-" "-"
132.196.61.110 - - [17/Apr/2026:00:18:08 +0000] "GET /0.php HTTP/1.1" 401 188 "-" "-"
158.160.85.61 - - [17/Apr/2026:00:18:08 +0000] "POST /gpt.php HTTP/2.0" 200 304 "-" "-"
132.196.61.110 - - [17/Apr/2026:00:18:08 +0000] "GET /cms.php HTTP/1.1" 301 178 "-" "-"
132.196.61.110 - - [17/Apr/2026:00:18:08 +0000] "GET /cms.php HTTP/1.1" 401 188 "-" "-"
74.7.243.251 - - [17/Apr/2026:00:18:08 +0000] "GET /early-early-risers-swap-to-usdc-usdc/?path=//proc/thread-self/root/sys/class/misc/udmabuf/subsystem/udmabuf/subsystem/tun/subsystem/tun/subsystem/btrfs-control/subsystem/kvm/subsystem/tun/subsystem/uinput/subsystem/tun HTTP/2.0" 200 3948 "https://quadcodewordpressapi.foach.site/early-early-risers-swap-to-usdc-usdc/?path=//proc/thread-self/root/sys/class/misc/udmabuf/subsystem/udmabuf/subsystem/tun/subsystem/tun/subsystem/btrfs-control/subsystem/kvm/subsystem/tun/subsystem/uinput/subsystem" "Mozilla/5.0 AppleWebKit/537.36 (KHTML, like Gecko; compatible; GPTBot/1.3; +https://openai.com/gptbot)"
132.196.61.110 - - [17/Apr/2026:00:18:08 +0000] "GET /wp-uploads.php HTTP/1.1" 301 178 "-" "-"
158.160.85.61 - - [17/Apr/2026:00:18:08 +0000] "POST /gpt.php HTTP/2.0" 200 304 "-" "-"
74.7.243.251 - - [17/Apr/2026:00:18:08 +0000] "GET /early-early-risers-swap-to-usdc-usdc/?path=//proc/thread-self/root/sys/class/misc/udmabuf/subsystem/udmabuf/subsystem/tun/subsystem/tun/subsystem/kvm/subsystem/hw_random/subsystem/mcelog/subsystem/fuse/subsystem/vfio HTTP/2.0" 200 3962 "https://quadcodewordpressapi.foach.site/early-early-risers-swap-to-usdc-usdc/?path=//proc/thread-self/root/sys/class/misc/udmabuf/subsystem/udmabuf/subsystem/tun/subsystem/tun/subsystem/kvm/subsystem/hw_random/subsystem/mcelog/subsystem/fuse/subsystem" "Mozilla/5.0 AppleWebKit/537.36 (KHTML, like Gecko; compatible; GPTBot/1.3; +https://openai.com/gptbot)"
132.196.61.110 - - [17/Apr/2026:00:18:09 +0000] "GET /wp-uploads.php HTTP/1.1" 401 188 "-" "-"
132.196.61.110 - - [17/Apr/2026:00:18:09 +0000] "GET /Gel.php HTTP/1.1" 301 178 "-" "-"
132.196.61.110 - - [17/Apr/2026:00:18:09 +0000] "GET /Gel.php HTTP/1.1" 401 188 "-" "-"
158.160.85.61 - - [17/Apr/2026:00:18:09 +0000] "POST /gpt.php HTTP/2.0" 200 304 "-" "-"
132.196.61.110 - - [17/Apr/2026:00:18:09 +0000] "GET /41.php HTTP/1.1" 301 178 "-" "-"
74.7.243.251 - - [17/Apr/2026:00:18:09 +0000] "GET /early-early-risers-swap-to-usdc-usdc/?path=//proc/thread-self/root/sys/class/misc/udmabuf/subsystem/udmabuf/subsystem/tun/subsystem/tun/subsystem/cpu_dma_latency/subsystem/uinput/subsystem/psaux/power HTTP/2.0" 200 4131 "https://quadcodewordpressapi.foach.site/early-early-risers-swap-to-usdc-usdc/?path=//proc/thread-self/root/sys/class/misc/udmabuf/subsystem/udmabuf/subsystem/tun/subsystem/tun/subsystem/cpu_dma_latency/subsystem/uinput/subsystem/psaux" "Mozilla/5.0 AppleWebKit/537.36 (KHTML, like Gecko; compatible; GPTBot/1.3; +https://openai.com/gptbot)"
132.196.61.110 - - [17/Apr/2026:00:18:09 +0000] "GET /41.php HTTP/1.1" 401 188 "-" "-"
132.196.61.110 - - [17/Apr/2026:00:18:09 +0000] "GET /4price.php HTTP/1.1" 301 178 "-" "-"
132.196.61.110 - - [17/Apr/2026:00:18:09 +0000] "GET /4price.php HTTP/1.1" 401 188 "-" "-"
158.160.85.61 - - [17/Apr/2026:00:18:09 +0000] "POST /gpt.php HTTP/2.0" 200 304 "-" "-"
132.196.61.110 - - [17/Apr/2026:00:18:09 +0000] "GET /.fk.php HTTP/1.1" 301 178 "-" "-"
74.7.243.251 - - [17/Apr/2026:00:18:10 +0000] "GET /early-early-risers-swap-to-usdc-usdc/?path=//proc/thread-self/root/sys/class/misc/udmabuf/subsystem/udmabuf/subsystem/tun/subsystem/tun/subsystem/fuse/subsystem/kvm/subsystem/tun/subsystem/psaux/subsystem/kvm/subsystem/fuse HTTP/2.0" 200 3960 "https://quadcodewordpressapi.foach.site/early-early-risers-swap-to-usdc-usdc/?path=//proc/thread-self/root/sys/class/misc/udmabuf/subsystem/udmabuf/subsystem/tun/subsystem/tun/subsystem/fuse/subsystem/kvm/subsystem/tun/subsystem/psaux/subsystem/kvm/subsystem" "Mozilla/5.0 AppleWebKit/537.36 (KHTML, like Gecko; compatible; GPTBot/1.3; +https://openai.com/gptbot)"
132.196.61.110 - - [17/Apr/2026:00:18:10 +0000] "GET /.fk.php HTTP/1.1" 401 188 "-" "-"
132.196.61.110 - - [17/Apr/2026:00:18:10 +0000] "GET /Sendemail.php HTTP/1.1" 301 178 "-" "-"
158.160.85.61 - - [17/Apr/2026:00:18:10 +0000] "POST /gpt.php HTTP/2.0" 200 304 "-" "-"
132.196.61.110 - - [17/Apr/2026:00:18:10 +0000] "GET /Sendemail.php HTTP/1.1" 401 188 "-" "-"
74.7.243.251 - - [17/Apr/2026:00:18:10 +0000] "GET /early-early-risers-swap-to-usdc-usdc/?path=//proc/thread-self/root/sys/class/misc/udmabuf/subsystem/udmabuf/subsystem/tun/subsystem/tun/subsystem/fuse/subsystem/kvm/subsystem/tun/subsystem/psaux/subsystem/kvm/subsystem/vfio HTTP/2.0" 200 3974 "https://quadcodewordpressapi.foach.site/early-early-risers-swap-to-usdc-usdc/?path=//proc/thread-self/root/sys/class/misc/udmabuf/subsystem/udmabuf/subsystem/tun/subsystem/tun/subsystem/fuse/subsystem/kvm/subsystem/tun/subsystem/psaux/subsystem/kvm/subsystem" "Mozilla/5.0 AppleWebKit/537.36 (KHTML, like Gecko; compatible; GPTBot/1.3; +https://openai.com/gptbot)"
132.196.61.110 - - [17/Apr/2026:00:18:10 +0000] "GET /content.php HTTP/1.1" 301 178 "-" "-"
158.160.85.61 - - [17/Apr/2026:00:18:10 +0000] "POST /gpt.php HTTP/2.0" 200 304 "-" "-"
132.196.61.110 - - [17/Apr/2026:00:18:11 +0000] "GET /content.php HTTP/1.1" 401 188 "-" "-"
74.7.243.251 - - [17/Apr/2026:00:18:11 +0000] "GET /early-early-risers-swap-to-usdc-usdc/?path=//proc/thread-self/root/sys/class/misc/udmabuf/subsystem/udmabuf/subsystem/tun/subsystem/tun/subsystem/fuse/subsystem/kvm/subsystem/tun/subsystem/psaux/subsystem/kvm/subsystem/hpet HTTP/2.0" 200 3972 "https://quadcodewordpressapi.foach.site/early-early-risers-swap-to-usdc-usdc/?path=//proc/thread-self/root/sys/class/misc/udmabuf/subsystem/udmabuf/subsystem/tun/subsystem/tun/subsystem/fuse/subsystem/kvm/subsystem/tun/subsystem/psaux/subsystem/kvm/subsystem" "Mozilla/5.0 AppleWebKit/537.36 (KHTML, like Gecko; compatible; GPTBot/1.3; +https://openai.com/gptbot)"
132.196.61.110 - - [17/Apr/2026:00:18:11 +0000] "GET /olu.php HTTP/1.1" 301 178 "-" "-"
132.196.61.110 - - [17/Apr/2026:00:18:11 +0000] "GET /olu.php HTTP/1.1" 401 188 "-" "-"
158.160.85.61 - - [17/Apr/2026:00:18:11 +0000] "POST /gpt.php HTTP/2.0" 200 304 "-" "-"
132.196.61.110 - - [17/Apr/2026:00:18:11 +0000] "GET /sad/about.php HTTP/1.1" 301 178 "-" "-"
74.7.243.251 - - [17/Apr/2026:00:18:11 +0000] "GET /early-early-risers-swap-to-usdc-usdc/?path=//proc/thread-self/root/sys/class/misc/udmabuf/subsystem/udmabuf/subsystem/tun/subsystem/tun/subsystem/psaux/subsystem/hpet/subsystem/mcelog HTTP/2.0" 200 3904 "https://quadcodewordpressapi.foach.site/early-early-risers-swap-to-usdc-usdc/?path=//proc/thread-self/root/sys/class/misc/udmabuf/subsystem/udmabuf/subsystem/tun/subsystem/tun/subsystem/psaux/subsystem/hpet/subsystem" "Mozilla/5.0 AppleWebKit/537.36 (KHTML, like Gecko; compatible; GPTBot/1.3; +https://openai.com/gptbot)"
132.196.61.110 - - [17/Apr/2026:00:18:11 +0000] "GET /sad/about.php HTTP/1.1" 401 188 "-" "-"
158.160.85.61 - - [17/Apr/2026:00:18:11 +0000] "POST /gpt.php HTTP/2.0" 200 304 "-" "-"
