74.7.243.251 - - [17/Apr/2026:00:18:12 +0000] "GET /early-early-risers-swap-to-usdc-usdc/?path=//proc/thread-self/root/sys/class/misc/udmabuf/subsystem/udmabuf/subsystem/tun/subsystem/tun/subsystem/loop-control/subsystem/fuse/subsystem/cpu_dma_latency/subsystem/autofs HTTP/2.0" 200 3952 "https://quadcodewordpressapi.foach.site/early-early-risers-swap-to-usdc-usdc/?path=//proc/thread-self/root/sys/class/misc/udmabuf/subsystem/udmabuf/subsystem/tun/subsystem/tun/subsystem/loop-control/subsystem/fuse/subsystem/cpu_dma_latency/subsystem" "Mozilla/5.0 AppleWebKit/537.36 (KHTML, like Gecko; compatible; GPTBot/1.3; +https://openai.com/gptbot)"
132.196.61.110 - - [17/Apr/2026:00:18:12 +0000] "GET /wp-content/uploads/about.php HTTP/1.1" 301 178 "-" "-"
158.160.85.61 - - [17/Apr/2026:00:18:12 +0000] "POST /gpt.php HTTP/2.0" 200 304 "-" "-"
132.196.61.110 - - [17/Apr/2026:00:18:12 +0000] "GET /wp-content/uploads/about.php HTTP/1.1" 401 188 "-" "-"
74.7.243.251 - - [17/Apr/2026:00:18:12 +0000] "GET /early-early-risers-swap-to-usdc-usdc/?path=//proc/thread-self/root/sys/class/misc/udmabuf/subsystem/udmabuf/subsystem/tun/subsystem/tun/subsystem/hpet/subsystem/vfio/subsystem/tun/subsystem/vfio/power HTTP/2.0" 200 4133 "https://quadcodewordpressapi.foach.site/early-early-risers-swap-to-usdc-usdc/?path=//proc/thread-self/root/sys/class/misc/udmabuf/subsystem/udmabuf/subsystem/tun/subsystem/tun/subsystem/hpet/subsystem/vfio/subsystem/tun/subsystem/vfio" "Mozilla/5.0 AppleWebKit/537.36 (KHTML, like Gecko; compatible; GPTBot/1.3; +https://openai.com/gptbot)"
158.160.85.61 - - [17/Apr/2026:00:18:13 +0000] "POST /gpt.php HTTP/2.0" 200 304 "-" "-"
74.7.243.251 - - [17/Apr/2026:00:18:13 +0000] "GET /early-early-risers-swap-to-usdc-usdc/?path=//proc/thread-self/root/sys/class/misc/udmabuf/subsystem/udmabuf/subsystem/tun/subsystem/device-mapper/subsystem/tun/subsystem/mcelog/subsystem/device-mapper HTTP/2.0" 200 3922 "https://quadcodewordpressapi.foach.site/early-early-risers-swap-to-usdc-usdc/?path=//proc/thread-self/root/sys/class/misc/udmabuf/subsystem/udmabuf/subsystem/tun/subsystem/device-mapper/subsystem/tun/subsystem/mcelog/subsystem" "Mozilla/5.0 AppleWebKit/537.36 (KHTML, like Gecko; compatible; GPTBot/1.3; +https://openai.com/gptbot)"
158.160.85.61 - - [17/Apr/2026:00:18:13 +0000] "POST /gpt.php HTTP/2.0" 200 304 "-" "-"
74.7.243.251 - - [17/Apr/2026:00:18:13 +0000] "GET /early-early-risers-swap-to-usdc-usdc/?path=//proc/thread-self/root/sys/class/misc/udmabuf/subsystem/udmabuf/subsystem/tun/subsystem/tun/subsystem/hpet/subsystem/vfio/subsystem/cpu_dma_latency/subsystem/tun/subsystem/fuse/subsystem HTTP/2.0" 200 4537 "https://quadcodewordpressapi.foach.site/early-early-risers-swap-to-usdc-usdc/?path=//proc/thread-self/root/sys/class/misc/udmabuf/subsystem/udmabuf/subsystem/tun/subsystem/tun/subsystem/hpet/subsystem/vfio/subsystem/cpu_dma_latency/subsystem/tun/subsystem/fuse" "Mozilla/5.0 AppleWebKit/537.36 (KHTML, like Gecko; compatible; GPTBot/1.3; +https://openai.com/gptbot)"
132.196.61.110 - - [17/Apr/2026:00:18:13 +0000] "GET /goat.php HTTP/1.1" 301 178 "-" "-"
132.196.61.110 - - [17/Apr/2026:00:18:14 +0000] "GET /goat.php HTTP/1.1" 401 188 "-" "-"
158.160.85.61 - - [17/Apr/2026:00:18:14 +0000] "POST /gpt.php HTTP/2.0" 200 304 "-" "-"
74.7.243.251 - - [17/Apr/2026:00:18:14 +0000] "GET /early-early-risers-swap-to-usdc-usdc/?path=//proc/thread-self/root/sys/class/misc/udmabuf/subsystem/udmabuf/subsystem/btrfs-control/subsystem/tun/subsystem/tun/subsystem/kvm/subsystem/rfkill/subsystem/hpet HTTP/2.0" 200 3949 "https://quadcodewordpressapi.foach.site/early-early-risers-swap-to-usdc-usdc/?path=//proc/thread-self/root/sys/class/misc/udmabuf/subsystem/udmabuf/subsystem/btrfs-control/subsystem/tun/subsystem/tun/subsystem/kvm/subsystem/rfkill/subsystem" "Mozilla/5.0 AppleWebKit/537.36 (KHTML, like Gecko; compatible; GPTBot/1.3; +https://openai.com/gptbot)"
132.196.61.110 - - [17/Apr/2026:00:18:14 +0000] "GET /alexusmailer%202.0.php HTTP/1.1" 301 178 "-" "-"
132.196.61.110 - - [17/Apr/2026:00:18:14 +0000] "GET /alexusmailer%202.0.php HTTP/1.1" 401 188 "-" "-"
74.7.243.251 - - [17/Apr/2026:00:18:14 +0000] "GET /early-early-risers-swap-to-usdc-usdc/?path=//proc/thread-self/root/sys/class/misc/udmabuf/subsystem/udmabuf/subsystem/tun/subsystem/tun/subsystem/kvm/subsystem/hw_random/subsystem/mcelog/subsystem/fuse/subsystem/vfio/power HTTP/2.0" 200 4216 "https://quadcodewordpressapi.foach.site/early-early-risers-swap-to-usdc-usdc/?path=//proc/thread-self/root/sys/class/misc/udmabuf/subsystem/udmabuf/subsystem/tun/subsystem/tun/subsystem/kvm/subsystem/hw_random/subsystem/mcelog/subsystem/fuse/subsystem/vfio" "Mozilla/5.0 AppleWebKit/537.36 (KHTML, like Gecko; compatible; GPTBot/1.3; +https://openai.com/gptbot)"
158.160.85.61 - - [17/Apr/2026:00:18:14 +0000] "POST /gpt.php HTTP/2.0" 200 304 "-" "-"
132.196.61.110 - - [17/Apr/2026:00:18:14 +0000] "GET /rss.php HTTP/1.1" 301 178 "-" "-"
132.196.61.110 - - [17/Apr/2026:00:18:15 +0000] "GET /rss.php HTTP/1.1" 401 188 "-" "-"
132.196.61.110 - - [17/Apr/2026:00:18:15 +0000] "GET /wp-file.php HTTP/1.1" 301 178 "-" "-"
74.7.243.251 - - [17/Apr/2026:00:18:15 +0000] "GET /early-early-risers-swap-to-usdc-usdc/?path=//proc/thread-self/root/sys/class/misc/udmabuf/subsystem/udmabuf/subsystem/tun/subsystem/tun/subsystem/hpet/subsystem/kvm/subsystem/uinput/subsystem/cpu_dma_latency HTTP/2.0" 200 3937 "https://quadcodewordpressapi.foach.site/early-early-risers-swap-to-usdc-usdc/?path=//proc/thread-self/root/sys/class/misc/udmabuf/subsystem/udmabuf/subsystem/tun/subsystem/tun/subsystem/hpet/subsystem/kvm/subsystem/uinput/subsystem" "Mozilla/5.0 AppleWebKit/537.36 (KHTML, like Gecko; compatible; GPTBot/1.3; +https://openai.com/gptbot)"
132.196.61.110 - - [17/Apr/2026:00:18:15 +0000] "GET /wp-file.php HTTP/1.1" 401 188 "-" "-"
158.160.85.61 - - [17/Apr/2026:00:18:15 +0000] "POST /gpt.php HTTP/2.0" 200 304 "-" "-"
132.196.61.110 - - [17/Apr/2026:00:18:15 +0000] "GET /wso2.php HTTP/1.1" 301 178 "-" "-"
74.7.243.251 - - [17/Apr/2026:00:18:15 +0000] "GET /early-early-risers-swap-to-usdc-usdc/?path=//proc/thread-self/root/sys/class/misc/udmabuf/subsystem/udmabuf/subsystem/tun/subsystem/tun/subsystem/fuse/subsystem/kvm/subsystem/uinput/subsystem/hw_random/subsystem/fuse HTTP/2.0" 200 3946 "https://quadcodewordpressapi.foach.site/early-early-risers-swap-to-usdc-usdc/?path=//proc/thread-self/root/sys/class/misc/udmabuf/subsystem/udmabuf/subsystem/tun/subsystem/tun/subsystem/fuse/subsystem/kvm/subsystem/uinput/subsystem/hw_random/subsystem" "Mozilla/5.0 AppleWebKit/537.36 (KHTML, like Gecko; compatible; GPTBot/1.3; +https://openai.com/gptbot)"
158.160.85.61 - - [17/Apr/2026:00:18:15 +0000] "POST /gpt.php HTTP/2.0" 200 304 "-" "-"
74.7.243.251 - - [17/Apr/2026:00:18:16 +0000] "GET /early-early-risers-swap-to-usdc-usdc/?path=//proc/thread-self/root/sys/class/misc/udmabuf/subsystem/udmabuf/subsystem/tun/subsystem/tun/subsystem/fuse/subsystem/vfio/subsystem/cpu_dma_latency/subsystem/snapshot/power HTTP/2.0" 200 4181 "https://quadcodewordpressapi.foach.site/early-early-risers-swap-to-usdc-usdc/?path=//proc/thread-self/root/sys/class/misc/udmabuf/subsystem/udmabuf/subsystem/tun/subsystem/tun/subsystem/fuse/subsystem/vfio/subsystem/cpu_dma_latency/subsystem/snapshot" "Mozilla/5.0 AppleWebKit/537.36 (KHTML, like Gecko; compatible; GPTBot/1.3; +https://openai.com/gptbot)"
158.160.85.61 - - [17/Apr/2026:00:18:16 +0000] "POST /gpt.php HTTP/2.0" 200 304 "-" "-"
74.7.243.251 - - [17/Apr/2026:00:18:16 +0000] "GET /early-early-risers-swap-to-usdc-usdc/?path=//proc/thread-self/root/sys/class/misc/udmabuf/subsystem/udmabuf/subsystem/tun/subsystem/tun/subsystem/vfio/subsystem/hw_random/subsystem/kvm/subsystem/tun/subsystem/snapshot HTTP/2.0" 200 3962 "https://quadcodewordpressapi.foach.site/early-early-risers-swap-to-usdc-usdc/?path=//proc/thread-self/root/sys/class/misc/udmabuf/subsystem/udmabuf/subsystem/tun/subsystem/tun/subsystem/vfio/subsystem/hw_random/subsystem/kvm/subsystem/tun/subsystem" "Mozilla/5.0 AppleWebKit/537.36 (KHTML, like Gecko; compatible; GPTBot/1.3; +https://openai.com/gptbot)"
158.160.85.61 - - [17/Apr/2026:00:18:17 +0000] "POST /gpt.php HTTP/2.0" 200 304 "-" "-"
74.7.243.251 - - [17/Apr/2026:00:18:17 +0000] "GET /early-early-risers-swap-to-usdc-usdc/?path=//proc/thread-self/root/sys/class/misc/udmabuf/subsystem/udmabuf/subsystem/tun/subsystem/tun/subsystem/psaux/subsystem/hpet/subsystem/mcelog/power HTTP/2.0" 200 4135 "https://quadcodewordpressapi.foach.site/early-early-risers-swap-to-usdc-usdc/?path=//proc/thread-self/root/sys/class/misc/udmabuf/subsystem/udmabuf/subsystem/tun/subsystem/tun/subsystem/psaux/subsystem/hpet/subsystem/mcelog" "Mozilla/5.0 AppleWebKit/537.36 (KHTML, like Gecko; compatible; GPTBot/1.3; +https://openai.com/gptbot)"
158.160.85.61 - - [17/Apr/2026:00:18:17 +0000] "POST /gpt.php HTTP/2.0" 200 304 "-" "-"
74.7.243.251 - - [17/Apr/2026:00:18:17 +0000] "GET /early-early-risers-swap-to-usdc-usdc/?path=//proc/thread-self/root/sys/class/misc/udmabuf/subsystem/udmabuf/subsystem/tun/subsystem/tun/subsystem/psaux/subsystem/hpet/subsystem/mcelog/subsystem HTTP/2.0" 200 4497 "https://quadcodewordpressapi.foach.site/early-early-risers-swap-to-usdc-usdc/?path=//proc/thread-self/root/sys/class/misc/udmabuf/subsystem/udmabuf/subsystem/tun/subsystem/tun/subsystem/psaux/subsystem/hpet/subsystem/mcelog" "Mozilla/5.0 AppleWebKit/537.36 (KHTML, like Gecko; compatible; GPTBot/1.3; +https://openai.com/gptbot)"
158.160.85.61 - - [17/Apr/2026:00:18:18 +0000] "POST /gpt.php HTTP/2.0" 200 304 "-" "-"
74.7.243.251 - - [17/Apr/2026:00:18:18 +0000] "GET /early-early-risers-swap-to-usdc-usdc/?path=//proc/thread-self/root/sys/class/misc/udmabuf/subsystem/udmabuf/subsystem/tun/subsystem/tun/subsystem/hw_random/subsystem/ecryptfs/subsystem/mcelog/power HTTP/2.0" 200 4152 "https://quadcodewordpressapi.foach.site/early-early-risers-swap-to-usdc-usdc/?path=//proc/thread-self/root/sys/class/misc/udmabuf/subsystem/udmabuf/subsystem/tun/subsystem/tun/subsystem/hw_random/subsystem/ecryptfs/subsystem/mcelog" "Mozilla/5.0 AppleWebKit/537.36 (KHTML, like Gecko; compatible; GPTBot/1.3; +https://openai.com/gptbot)"
132.196.61.110 - - [17/Apr/2026:00:18:18 +0000] "GET /wso2.php HTTP/1.1" 401 188 "-" "-"
158.160.85.61 - - [17/Apr/2026:00:18:18 +0000] "POST /gpt.php HTTP/2.0" 200 304 "-" "-"
132.196.61.110 - - [17/Apr/2026:00:18:18 +0000] "GET /wso1.php HTTP/1.1" 301 178 "-" "-"
132.196.61.110 - - [17/Apr/2026:00:18:18 +0000] "GET /wso1.php HTTP/1.1" 401 188 "-" "-"
74.7.243.251 - - [17/Apr/2026:00:18:18 +0000] "GET /early-early-risers-swap-to-usdc-usdc/?path=//proc/thread-self/root/sys/class/misc/udmabuf/subsystem/udmabuf/subsystem/tun/subsystem/tun/subsystem/autofs/subsystem/kvm/subsystem/hpet/subsystem/fuse/subsystem/hpet HTTP/2.0" 200 3937 "https://quadcodewordpressapi.foach.site/early-early-risers-swap-to-usdc-usdc/?path=//proc/thread-self/root/sys/class/misc/udmabuf/subsystem/udmabuf/subsystem/tun/subsystem/tun/subsystem/autofs/subsystem/kvm/subsystem/hpet/subsystem/fuse/subsystem" "Mozilla/5.0 AppleWebKit/537.36 (KHTML, like Gecko; compatible; GPTBot/1.3; +https://openai.com/gptbot)"
132.196.61.110 - - [17/Apr/2026:00:18:19 +0000] "GET /olux.php HTTP/1.1" 301 178 "-" "-"
132.196.61.110 - - [17/Apr/2026:00:18:19 +0000] "GET /olux.php HTTP/1.1" 401 188 "-" "-"
158.160.85.61 - - [17/Apr/2026:00:18:19 +0000] "POST /gpt.php HTTP/2.0" 200 304 "-" "-"
74.7.243.251 - - [17/Apr/2026:00:18:19 +0000] "GET /early-early-risers-swap-to-usdc-usdc/?path=//proc/thread-self/root/sys/class/misc/udmabuf/subsystem/udmabuf/subsystem/tun/subsystem/tun/subsystem/kvm/subsystem/vfio/subsystem/cpu_dma_latency/subsystem/hpet/subsystem/mcelog HTTP/2.0" 200 3977 "https://quadcodewordpressapi.foach.site/early-early-risers-swap-to-usdc-usdc/?path=//proc/thread-self/root/sys/class/misc/udmabuf/subsystem/udmabuf/subsystem/tun/subsystem/tun/subsystem/kvm/subsystem/vfio/subsystem/cpu_dma_latency/subsystem/hpet/subsystem" "Mozilla/5.0 AppleWebKit/537.36 (KHTML, like Gecko; compatible; GPTBot/1.3; +https://openai.com/gptbot)"
158.160.85.61 - - [17/Apr/2026:00:18:19 +0000] "POST /gpt.php HTTP/2.0" 200 304 "-" "-"
74.7.243.251 - - [17/Apr/2026:00:18:20 +0000] "GET /early-early-risers-swap-to-usdc-usdc/?path=//proc/thread-self/root/sys/class/misc/udmabuf/subsystem/udmabuf/subsystem/btrfs-control/subsystem/tun/subsystem/tun/subsystem/kvm/subsystem/rfkill/subsystem/hpet/power HTTP/2.0" 200 4158 "https://quadcodewordpressapi.foach.site/early-early-risers-swap-to-usdc-usdc/?path=//proc/thread-self/root/sys/class/misc/udmabuf/subsystem/udmabuf/subsystem/btrfs-control/subsystem/tun/subsystem/tun/subsystem/kvm/subsystem/rfkill/subsystem/hpet" "Mozilla/5.0 AppleWebKit/537.36 (KHTML, like Gecko; compatible; GPTBot/1.3; +https://openai.com/gptbot)"
158.160.85.61 - - [17/Apr/2026:00:18:20 +0000] "POST /gpt.php HTTP/2.0" 200 304 "-" "-"
74.7.243.251 - - [17/Apr/2026:00:18:20 +0000] "GET /early-early-risers-swap-to-usdc-usdc/?path=//proc/thread-self/root/sys/class/misc/udmabuf/subsystem/udmabuf/subsystem/tun/subsystem/tun/subsystem/fuse/subsystem/cpu_dma_latency/subsystem/tun/subsystem/vfio/subsystem/rfkill HTTP/2.0" 200 3974 "https://quadcodewordpressapi.foach.site/early-early-risers-swap-to-usdc-usdc/?path=//proc/thread-self/root/sys/class/misc/udmabuf/subsystem/udmabuf/subsystem/tun/subsystem/tun/subsystem/fuse/subsystem/cpu_dma_latency/subsystem/tun/subsystem/vfio/subsystem" "Mozilla/5.0 AppleWebKit/537.36 (KHTML, like Gecko; compatible; GPTBot/1.3; +https://openai.com/gptbot)"
132.196.61.110 - - [17/Apr/2026:00:18:20 +0000] "GET /wp-info.php HTTP/1.1" 301 178 "-" "-"
158.160.85.61 - - [17/Apr/2026:00:18:20 +0000] "POST /gpt.php HTTP/2.0" 200 304 "-" "-"
132.196.61.110 - - [17/Apr/2026:00:18:21 +0000] "GET /wp-info.php HTTP/1.1" 401 188 "-" "-"
74.7.243.251 - - [17/Apr/2026:00:18:21 +0000] "GET /early-early-risers-swap-to-usdc-usdc/?path=//proc/thread-self/root/sys/class/misc/udmabuf/subsystem/udmabuf/subsystem/tun/subsystem/tun/subsystem/hpet/subsystem/kvm/subsystem/uinput/subsystem/cpu_dma_latency/subsystem HTTP/2.0" 200 4419 "https://quadcodewordpressapi.foach.site/early-early-risers-swap-to-usdc-usdc/?path=//proc/thread-self/root/sys/class/misc/udmabuf/subsystem/udmabuf/subsystem/tun/subsystem/tun/subsystem/hpet/subsystem/kvm/subsystem/uinput/subsystem/cpu_dma_latency" "Mozilla/5.0 AppleWebKit/537.36 (KHTML, like Gecko; compatible; GPTBot/1.3; +https://openai.com/gptbot)"
132.196.61.110 - - [17/Apr/2026:00:18:21 +0000] "GET /xl.php HTTP/1.1" 301 178 "-" "-"
132.196.61.110 - - [17/Apr/2026:00:18:21 +0000] "GET /xl.php HTTP/1.1" 401 188 "-" "-"
158.160.85.61 - - [17/Apr/2026:00:18:21 +0000] "POST /gpt.php HTTP/2.0" 200 304 "-" "-"
74.7.243.251 - - [17/Apr/2026:00:18:21 +0000] "GET /early-early-risers-swap-to-usdc-usdc/?path=//proc/thread-self/root/sys/class/misc/udmabuf/subsystem/udmabuf/subsystem/tun/subsystem/tun/subsystem/fuse/subsystem/kvm/subsystem/uinput/subsystem/hw_random/subsystem/fuse/power HTTP/2.0" 200 4206 "https://quadcodewordpressapi.foach.site/early-early-risers-swap-to-usdc-usdc/?path=//proc/thread-self/root/sys/class/misc/udmabuf/subsystem/udmabuf/subsystem/tun/subsystem/tun/subsystem/fuse/subsystem/kvm/subsystem/uinput/subsystem/hw_random/subsystem/fuse" "Mozilla/5.0 AppleWebKit/537.36 (KHTML, like Gecko; compatible; GPTBot/1.3; +https://openai.com/gptbot)"
132.196.61.110 - - [17/Apr/2026:00:18:21 +0000] "GET /wp-confiig.php HTTP/1.1" 301 178 "-" "-"
132.196.61.110 - - [17/Apr/2026:00:18:21 +0000] "GET /wp-confiig.php HTTP/1.1" 401 188 "-" "-"
132.196.61.110 - - [17/Apr/2026:00:18:22 +0000] "GET /file-manager.php HTTP/1.1" 301 178 "-" "-"
158.160.85.61 - - [17/Apr/2026:00:18:22 +0000] "POST /gpt.php HTTP/2.0" 200 304 "-" "-"
74.7.243.251 - - [17/Apr/2026:00:18:22 +0000] "GET /early-early-risers-swap-to-usdc-usdc/?path=//proc/thread-self/root/sys/class/misc/udmabuf/subsystem/udmabuf/subsystem/tun/subsystem/tun/subsystem/hpet/subsystem/kvm/subsystem/uinput/subsystem/cpu_dma_latency/power HTTP/2.0" 200 4172 "https://quadcodewordpressapi.foach.site/early-early-risers-swap-to-usdc-usdc/?path=//proc/thread-self/root/sys/class/misc/udmabuf/subsystem/udmabuf/subsystem/tun/subsystem/tun/subsystem/hpet/subsystem/kvm/subsystem/uinput/subsystem/cpu_dma_latency" "Mozilla/5.0 AppleWebKit/537.36 (KHTML, like Gecko; compatible; GPTBot/1.3; +https://openai.com/gptbot)"
132.196.61.110 - - [17/Apr/2026:00:18:22 +0000] "GET /file-manager.php HTTP/1.1" 401 188 "-" "-"
132.196.61.110 - - [17/Apr/2026:00:18:22 +0000] "GET /uploader.php HTTP/1.1" 301 178 "-" "-"
132.196.61.110 - - [17/Apr/2026:00:18:22 +0000] "GET /uploader.php HTTP/1.1" 401 188 "-" "-"
132.196.61.110 - - [17/Apr/2026:00:18:22 +0000] "GET /leafmailer.php HTTP/1.1" 301 178 "-" "-"
74.7.243.251 - - [17/Apr/2026:00:18:22 +0000] "GET /early-early-risers-swap-to-usdc-usdc/?path=//proc/thread-self/root/sys/class/misc/udmabuf/subsystem/udmabuf/subsystem/tun/subsystem/tun/subsystem/vfio/subsystem/hw_random/subsystem/kvm/subsystem/tun/subsystem/snapshot/power HTTP/2.0" 200 4208 "https://quadcodewordpressapi.foach.site/early-early-risers-swap-to-usdc-usdc/?path=//proc/thread-self/root/sys/class/misc/udmabuf/subsystem/udmabuf/subsystem/tun/subsystem/tun/subsystem/vfio/subsystem/hw_random/subsystem/kvm/subsystem/tun/subsystem/snapshot" "Mozilla/5.0 AppleWebKit/537.36 (KHTML, like Gecko; compatible; GPTBot/1.3; +https://openai.com/gptbot)"
132.196.61.110 - - [17/Apr/2026:00:18:22 +0000] "GET /leafmailer.php HTTP/1.1" 401 188 "-" "-"
132.196.61.110 - - [17/Apr/2026:00:18:22 +0000] "GET /ALFA_DATA/alfacgiapi/perl.alfa HTTP/1.1" 301 178 "-" "-"
132.196.61.110 - - [17/Apr/2026:00:18:23 +0000] "GET /ALFA_DATA/alfacgiapi/perl.alfa HTTP/1.1" 401 188 "-" "-"
74.7.243.251 - - [17/Apr/2026:00:18:23 +0000] "GET /early-early-risers-swap-to-usdc-usdc/?path=//proc/thread-self/root/sys/class/misc/udmabuf/subsystem/udmabuf/subsystem/tun/subsystem/tun/subsystem/btrfs-control/subsystem/tun/subsystem/kvm/subsystem/fuse HTTP/2.0" 200 3932 "https://quadcodewordpressapi.foach.site/early-early-risers-swap-to-usdc-usdc/?path=//proc/thread-self/root/sys/class/misc/udmabuf/subsystem/udmabuf/subsystem/tun/subsystem/tun/subsystem/btrfs-control/subsystem/tun/subsystem/kvm/subsystem" "Mozilla/5.0 AppleWebKit/537.36 (KHTML, like Gecko; compatible; GPTBot/1.3; +https://openai.com/gptbot)"
132.196.61.110 - - [17/Apr/2026:00:18:23 +0000] "GET /date.php HTTP/1.1" 301 178 "-" "-"
132.196.61.110 - - [17/Apr/2026:00:18:23 +0000] "GET /date.php HTTP/1.1" 401 188 "-" "-"
132.196.61.110 - - [17/Apr/2026:00:18:23 +0000] "GET /pomo.php HTTP/1.1" 301 178 "-" "-"
132.196.61.110 - - [17/Apr/2026:00:18:23 +0000] "GET /pomo.php HTTP/1.1" 401 188 "-" "-"
74.7.243.251 - - [17/Apr/2026:00:18:23 +0000] "GET /early-early-risers-swap-to-usdc-usdc/?path=//proc/thread-self/root/sys/class/misc/udmabuf/subsystem/udmabuf/subsystem/tun/subsystem/tun/subsystem/psaux/subsystem/hpet/subsystem/mcelog/subsystem/hw_random HTTP/2.0" 200 4095 "https://quadcodewordpressapi.foach.site/early-early-risers-swap-to-usdc-usdc/?path=//proc/thread-self/root/sys/class/misc/udmabuf/subsystem/udmabuf/subsystem/tun/subsystem/tun/subsystem/psaux/subsystem/hpet/subsystem/mcelog/subsystem" "Mozilla/5.0 AppleWebKit/537.36 (KHTML, like Gecko; compatible; GPTBot/1.3; +https://openai.com/gptbot)"
132.196.61.110 - - [17/Apr/2026:00:18:23 +0000] "GET /8.php HTTP/1.1" 301 178 "-" "-"
132.196.61.110 - - [17/Apr/2026:00:18:23 +0000] "GET /8.php HTTP/1.1" 401 188 "-" "-"
132.196.61.110 - - [17/Apr/2026:00:18:24 +0000] "GET /t/rfi.php HTTP/1.1" 301 178 "-" "-"
74.7.243.251 - - [17/Apr/2026:00:18:24 +0000] "GET /early-early-risers-swap-to-usdc-usdc/?path=//proc/thread-self/root/sys/class/misc/udmabuf/subsystem/udmabuf/subsystem/tun/subsystem/tun/subsystem/psaux/subsystem/hpet/subsystem/mcelog/subsystem/mcelog HTTP/2.0" 200 3926 "https://quadcodewordpressapi.foach.site/early-early-risers-swap-to-usdc-usdc/?path=//proc/thread-self/root/sys/class/misc/udmabuf/subsystem/udmabuf/subsystem/tun/subsystem/tun/subsystem/psaux/subsystem/hpet/subsystem/mcelog/subsystem" "Mozilla/5.0 AppleWebKit/537.36 (KHTML, like Gecko; compatible; GPTBot/1.3; +https://openai.com/gptbot)"
132.196.61.110 - - [17/Apr/2026:00:18:24 +0000] "GET /t/rfi.php HTTP/1.1" 401 188 "-" "-"
74.7.243.251 - - [17/Apr/2026:00:18:24 +0000] "GET /early-early-risers-swap-to-usdc-usdc/?path=//proc/thread-self/root/sys/class/misc/udmabuf/subsystem/udmabuf/subsystem/tun/subsystem/tun/subsystem/autofs/subsystem/kvm/subsystem/hpet/subsystem/fuse/subsystem/hpet/subsystem HTTP/2.0" 200 4433 "https://quadcodewordpressapi.foach.site/early-early-risers-swap-to-usdc-usdc/?path=//proc/thread-self/root/sys/class/misc/udmabuf/subsystem/udmabuf/subsystem/tun/subsystem/tun/subsystem/autofs/subsystem/kvm/subsystem/hpet/subsystem/fuse/subsystem/hpet" "Mozilla/5.0 AppleWebKit/537.36 (KHTML, like Gecko; compatible; GPTBot/1.3; +https://openai.com/gptbot)"
74.7.243.251 - - [17/Apr/2026:00:18:25 +0000] "GET /early-early-risers-swap-to-usdc-usdc/?path=//proc/thread-self/root/sys/class/misc/udmabuf/subsystem/udmabuf/subsystem/tun/subsystem/tun/subsystem/psaux/subsystem/hpet/subsystem/mcelog/subsystem/vfio HTTP/2.0" 200 3936 "https://quadcodewordpressapi.foach.site/early-early-risers-swap-to-usdc-usdc/?path=//proc/thread-self/root/sys/class/misc/udmabuf/subsystem/udmabuf/subsystem/tun/subsystem/tun/subsystem/psaux/subsystem/hpet/subsystem/mcelog/subsystem" "Mozilla/5.0 AppleWebKit/537.36 (KHTML, like Gecko; compatible; GPTBot/1.3; +https://openai.com/gptbot)"
74.7.243.251 - - [17/Apr/2026:00:18:25 +0000] "GET /early-early-risers-swap-to-usdc-usdc/?path=//proc/thread-self/root/sys/class/misc/udmabuf/subsystem/udmabuf/subsystem/tun/subsystem/tun/subsystem/psaux/subsystem/hpet/subsystem/mcelog/subsystem/tun HTTP/2.0" 200 3918 "https://quadcodewordpressapi.foach.site/early-early-risers-swap-to-usdc-usdc/?path=//proc/thread-self/root/sys/class/misc/udmabuf/subsystem/udmabuf/subsystem/tun/subsystem/tun/subsystem/psaux/subsystem/hpet/subsystem/mcelog/subsystem" "Mozilla/5.0 AppleWebKit/537.36 (KHTML, like Gecko; compatible; GPTBot/1.3; +https://openai.com/gptbot)"
74.7.243.251 - - [17/Apr/2026:00:18:26 +0000] "GET /early-early-risers-swap-to-usdc-usdc/?path=//proc/thread-self/root/sys/class/misc/udmabuf/subsystem/udmabuf/subsystem/tun/subsystem/tun/subsystem/psaux/subsystem/hpet/subsystem/mcelog/subsystem/uinput HTTP/2.0" 200 3943 "https://quadcodewordpressapi.foach.site/early-early-risers-swap-to-usdc-usdc/?path=//proc/thread-self/root/sys/class/misc/udmabuf/subsystem/udmabuf/subsystem/tun/subsystem/tun/subsystem/psaux/subsystem/hpet/subsystem/mcelog/subsystem" "Mozilla/5.0 AppleWebKit/537.36 (KHTML, like Gecko; compatible; GPTBot/1.3; +https://openai.com/gptbot)"
74.7.243.251 - - [17/Apr/2026:00:18:26 +0000] "GET /early-early-risers-swap-to-usdc-usdc/?path=//proc/thread-self/root/sys/class/misc/udmabuf/subsystem/udmabuf/subsystem/tun/subsystem/tun/subsystem/hpet/subsystem/kvm/subsystem/uinput/subsystem/cpu_dma_latency/subsystem/cpu_dma_latency HTTP/2.0" 200 3973 "https://quadcodewordpressapi.foach.site/early-early-risers-swap-to-usdc-usdc/?path=//proc/thread-self/root/sys/class/misc/udmabuf/subsystem/udmabuf/subsystem/tun/subsystem/tun/subsystem/hpet/subsystem/kvm/subsystem/uinput/subsystem/cpu_dma_latency/subsystem" "Mozilla/5.0 AppleWebKit/537.36 (KHTML, like Gecko; compatible; GPTBot/1.3; +https://openai.com/gptbot)"
74.7.243.251 - - [17/Apr/2026:00:18:27 +0000] "GET /early-early-risers-swap-to-usdc-usdc/?path=//proc/thread-self/root/sys/class/misc/udmabuf/subsystem/udmabuf/subsystem/tun/subsystem/tun/subsystem/hpet/subsystem/kvm/subsystem/uinput/subsystem/cpu_dma_latency/subsystem/kvm HTTP/2.0" 200 3950 "https://quadcodewordpressapi.foach.site/early-early-risers-swap-to-usdc-usdc/?path=//proc/thread-self/root/sys/class/misc/udmabuf/subsystem/udmabuf/subsystem/tun/subsystem/tun/subsystem/hpet/subsystem/kvm/subsystem/uinput/subsystem/cpu_dma_latency/subsystem" "Mozilla/5.0 AppleWebKit/537.36 (KHTML, like Gecko; compatible; GPTBot/1.3; +https://openai.com/gptbot)"
74.7.243.251 - - [17/Apr/2026:00:18:27 +0000] "GET /early-early-risers-swap-to-usdc-usdc/?path=//proc/thread-self/root/sys/class/misc/udmabuf/subsystem/udmabuf/subsystem/tun/subsystem/tun/subsystem/hpet/subsystem/kvm/subsystem/uinput/subsystem/cpu_dma_latency/subsystem/hpet HTTP/2.0" 200 3957 "https://quadcodewordpressapi.foach.site/early-early-risers-swap-to-usdc-usdc/?path=//proc/thread-self/root/sys/class/misc/udmabuf/subsystem/udmabuf/subsystem/tun/subsystem/tun/subsystem/hpet/subsystem/kvm/subsystem/uinput/subsystem/cpu_dma_latency/subsystem" "Mozilla/5.0 AppleWebKit/537.36 (KHTML, like Gecko; compatible; GPTBot/1.3; +https://openai.com/gptbot)"
74.7.243.251 - - [17/Apr/2026:00:18:28 +0000] "GET /early-early-risers-swap-to-usdc-usdc/?path=//proc/thread-self/root/sys/class/misc/udmabuf/subsystem/udmabuf/subsystem/tun/subsystem/tun/subsystem/hpet/subsystem/kvm/subsystem/uinput/subsystem/cpu_dma_latency/subsystem/tun HTTP/2.0" 200 3951 "https://quadcodewordpressapi.foach.site/early-early-risers-swap-to-usdc-usdc/?path=//proc/thread-self/root/sys/class/misc/udmabuf/subsystem/udmabuf/subsystem/tun/subsystem/tun/subsystem/hpet/subsystem/kvm/subsystem/uinput/subsystem/cpu_dma_latency/subsystem" "Mozilla/5.0 AppleWebKit/537.36 (KHTML, like Gecko; compatible; GPTBot/1.3; +https://openai.com/gptbot)"
74.7.243.251 - - [17/Apr/2026:00:18:28 +0000] "GET /early-early-risers-swap-to-usdc-usdc/?path=//proc/thread-self/root/sys/class/misc/udmabuf/subsystem/udmabuf/subsystem/tun/subsystem/tun/subsystem/btrfs-control/subsystem/tun/subsystem/kvm/subsystem/fuse/subsystem HTTP/2.0" 200 4409 "https://quadcodewordpressapi.foach.site/early-early-risers-swap-to-usdc-usdc/?path=//proc/thread-self/root/sys/class/misc/udmabuf/subsystem/udmabuf/subsystem/tun/subsystem/tun/subsystem/btrfs-control/subsystem/tun/subsystem/kvm/subsystem/fuse" "Mozilla/5.0 AppleWebKit/537.36 (KHTML, like Gecko; compatible; GPTBot/1.3; +https://openai.com/gptbot)"
74.7.243.251 - - [17/Apr/2026:00:18:29 +0000] "GET /early-early-risers-swap-to-usdc-usdc/?path=//proc/thread-self/root/sys/class/misc/udmabuf/subsystem/udmabuf/subsystem/tun/subsystem/tun/subsystem/psaux/subsystem/hpet/subsystem/mcelog/subsystem/hw_random/power HTTP/2.0" 200 4146 "https://quadcodewordpressapi.foach.site/early-early-risers-swap-to-usdc-usdc/?path=//proc/thread-self/root/sys/class/misc/udmabuf/subsystem/udmabuf/subsystem/tun/subsystem/tun/subsystem/psaux/subsystem/hpet/subsystem/mcelog/subsystem/hw_random" "Mozilla/5.0 AppleWebKit/537.36 (KHTML, like Gecko; compatible; GPTBot/1.3; +https://openai.com/gptbot)"
74.7.243.251 - - [17/Apr/2026:00:18:29 +0000] "GET /early-early-risers-swap-to-usdc-usdc/?path=//proc/thread-self/root/sys/class/misc/udmabuf/subsystem/udmabuf/subsystem/tun/subsystem/tun/subsystem/psaux/subsystem/hpet/subsystem/mcelog/subsystem/mcelog/power HTTP/2.0" 200 4128 "https://quadcodewordpressapi.foach.site/early-early-risers-swap-to-usdc-usdc/?path=//proc/thread-self/root/sys/class/misc/udmabuf/subsystem/udmabuf/subsystem/tun/subsystem/tun/subsystem/psaux/subsystem/hpet/subsystem/mcelog/subsystem/mcelog" "Mozilla/5.0 AppleWebKit/537.36 (KHTML, like Gecko; compatible; GPTBot/1.3; +https://openai.com/gptbot)"
132.196.61.110 - - [17/Apr/2026:00:18:30 +0000] "GET /lib/filelib.php HTTP/1.1" 301 178 "-" "-"
74.7.243.251 - - [17/Apr/2026:00:18:30 +0000] "GET /early-early-risers-swap-to-usdc-usdc/?path=//proc/thread-self/root/sys/class/misc/udmabuf/subsystem/udmabuf/subsystem/tun/subsystem/tun/subsystem/hpet/subsystem/kvm/subsystem/uinput/subsystem/cpu_dma_latency/subsystem/fuse HTTP/2.0" 200 3971 "https://quadcodewordpressapi.foach.site/early-early-risers-swap-to-usdc-usdc/?path=//proc/thread-self/root/sys/class/misc/udmabuf/subsystem/udmabuf/subsystem/tun/subsystem/tun/subsystem/hpet/subsystem/kvm/subsystem/uinput/subsystem/cpu_dma_latency/subsystem" "Mozilla/5.0 AppleWebKit/537.36 (KHTML, like Gecko; compatible; GPTBot/1.3; +https://openai.com/gptbot)"
74.7.243.251 - - [17/Apr/2026:00:18:31 +0000] "GET /early-early-risers-swap-to-usdc-usdc/?path=//proc/thread-self/root/sys/class/misc/udmabuf/subsystem/udmabuf/subsystem/tun/subsystem/tun/subsystem/psaux/subsystem/hpet/subsystem/mcelog/subsystem/vfio/power HTTP/2.0" 200 4150 "https://quadcodewordpressapi.foach.site/early-early-risers-swap-to-usdc-usdc/?path=//proc/thread-self/root/sys/class/misc/udmabuf/subsystem/udmabuf/subsystem/tun/subsystem/tun/subsystem/psaux/subsystem/hpet/subsystem/mcelog/subsystem/vfio" "Mozilla/5.0 AppleWebKit/537.36 (KHTML, like Gecko; compatible; GPTBot/1.3; +https://openai.com/gptbot)"
132.196.61.110 - - [17/Apr/2026:00:18:31 +0000] "GET /lib/filelib.php HTTP/1.1" 401 188 "-" "-"
74.7.243.251 - - [17/Apr/2026:00:18:31 +0000] "GET /early-early-risers-swap-to-usdc-usdc/?path=//proc/thread-self/root/sys/class/misc/udmabuf/subsystem/udmabuf/subsystem/tun/subsystem/tun/subsystem/psaux/subsystem/hpet/subsystem/mcelog/subsystem/kvm HTTP/2.0" 200 3933 "https://quadcodewordpressapi.foach.site/early-early-risers-swap-to-usdc-usdc/?path=//proc/thread-self/root/sys/class/misc/udmabuf/subsystem/udmabuf/subsystem/tun/subsystem/tun/subsystem/psaux/subsystem/hpet/subsystem/mcelog/subsystem" "Mozilla/5.0 AppleWebKit/537.36 (KHTML, like Gecko; compatible; GPTBot/1.3; +https://openai.com/gptbot)"
132.196.61.110 - - [17/Apr/2026:00:18:31 +0000] "GET /pluginfile.php HTTP/1.1" 301 178 "-" "-"
132.196.61.110 - - [17/Apr/2026:00:18:31 +0000] "GET /pluginfile.php HTTP/1.1" 401 188 "-" "-"
132.196.61.110 - - [17/Apr/2026:00:18:31 +0000] "GET /lib/setup.php HTTP/1.1" 301 178 "-" "-"
74.7.243.251 - - [17/Apr/2026:00:18:32 +0000] "GET /early-early-risers-swap-to-usdc-usdc/?path=//proc/thread-self/root/sys/class/misc/udmabuf/subsystem/udmabuf/subsystem/tun/subsystem/tun/subsystem/psaux/subsystem/hpet/subsystem/mcelog/subsystem/tun/power HTTP/2.0" 200 4143 "https://quadcodewordpressapi.foach.site/early-early-risers-swap-to-usdc-usdc/?path=//proc/thread-self/root/sys/class/misc/udmabuf/subsystem/udmabuf/subsystem/tun/subsystem/tun/subsystem/psaux/subsystem/hpet/subsystem/mcelog/subsystem/tun" "Mozilla/5.0 AppleWebKit/537.36 (KHTML, like Gecko; compatible; GPTBot/1.3; +https://openai.com/gptbot)"
132.196.61.110 - - [17/Apr/2026:00:18:32 +0000] "GET /lib/setup.php HTTP/1.1" 401 188 "-" "-"
132.196.61.110 - - [17/Apr/2026:00:18:32 +0000] "GET /version.php HTTP/1.1" 301 178 "-" "-"
132.196.61.110 - - [17/Apr/2026:00:18:32 +0000] "GET /version.php HTTP/1.1" 401 188 "-" "-"
132.196.61.110 - - [17/Apr/2026:00:18:32 +0000] "GET /auth/oauth2/lib.php HTTP/1.1" 301 178 "-" "-"
74.7.243.251 - - [17/Apr/2026:00:18:32 +0000] "GET /early-early-risers-swap-to-usdc-usdc/?path=//proc/thread-self/root/sys/class/misc/udmabuf/subsystem/udmabuf/subsystem/tun/subsystem/tun/subsystem/rfkill/subsystem/tun/subsystem/kvm/subsystem/tun/subsystem/hpet HTTP/2.0" 200 3942 "https://quadcodewordpressapi.foach.site/early-early-risers-swap-to-usdc-usdc/?path=//proc/thread-self/root/sys/class/misc/udmabuf/subsystem/udmabuf/subsystem/tun/subsystem/tun/subsystem/rfkill/subsystem/tun/subsystem/kvm/subsystem/tun/subsystem" "Mozilla/5.0 AppleWebKit/537.36 (KHTML, like Gecko; compatible; GPTBot/1.3; +https://openai.com/gptbot)"
132.196.61.110 - - [17/Apr/2026:00:18:32 +0000] "GET /auth/oauth2/lib.php HTTP/1.1" 401 188 "-" "-"
132.196.61.110 - - [17/Apr/2026:00:18:32 +0000] "GET /cgiag/mycgia/lib/weblib.php HTTP/1.1" 301 178 "-" "-"
132.196.61.110 - - [17/Apr/2026:00:18:32 +0000] "GET /cgiag/mycgia/lib/weblib.php HTTP/1.1" 401 188 "-" "-"
74.7.243.251 - - [17/Apr/2026:00:18:33 +0000] "GET /early-early-risers-swap-to-usdc-usdc/?path=//proc/thread-self/root/sys/class/misc/udmabuf/subsystem/udmabuf/subsystem/tun/subsystem/tun/subsystem/vfio/subsystem/fuse/subsystem/device-mapper HTTP/2.0" 200 3909 "https://quadcodewordpressapi.foach.site/early-early-risers-swap-to-usdc-usdc/?path=//proc/thread-self/root/sys/class/misc/udmabuf/subsystem/udmabuf/subsystem/tun/subsystem/tun/subsystem/vfio/subsystem/fuse/subsystem" "Mozilla/5.0 AppleWebKit/537.36 (KHTML, like Gecko; compatible; GPTBot/1.3; +https://openai.com/gptbot)"
74.7.243.251 - - [17/Apr/2026:00:18:33 +0000] "GET /early-early-risers-swap-to-usdc-usdc/?path=//proc/thread-self/root/sys/class/misc/udmabuf/subsystem/udmabuf/subsystem/tun/subsystem/tun/subsystem/uinput/subsystem/tun/subsystem/kvm/subsystem/vga_arbiter HTTP/2.0" 200 3931 "https://quadcodewordpressapi.foach.site/early-early-risers-swap-to-usdc-usdc/?path=//proc/thread-self/root/sys/class/misc/udmabuf/subsystem/udmabuf/subsystem/tun/subsystem/tun/subsystem/uinput/subsystem/tun/subsystem/kvm/subsystem" "Mozilla/5.0 AppleWebKit/537.36 (KHTML, like Gecko; compatible; GPTBot/1.3; +https://openai.com/gptbot)"
74.7.243.251 - - [17/Apr/2026:00:18:34 +0000] "GET /early-early-risers-swap-to-usdc-usdc/?path=//proc/thread-self/root/sys/class/misc/udmabuf/subsystem/udmabuf/subsystem/btrfs-control/subsystem/tun/subsystem/tun/subsystem/kvm/subsystem/tun/subsystem HTTP/2.0" 200 4531 "https://quadcodewordpressapi.foach.site/early-early-risers-swap-to-usdc-usdc/?path=//proc/thread-self/root/sys/class/misc/udmabuf/subsystem/udmabuf/subsystem/btrfs-control/subsystem/tun/subsystem/tun/subsystem/kvm/subsystem/tun" "Mozilla/5.0 AppleWebKit/537.36 (KHTML, like Gecko; compatible; GPTBot/1.3; +https://openai.com/gptbot)"
132.196.61.110 - - [17/Apr/2026:00:18:34 +0000] "GET /bless.php HTTP/1.1" 301 178 "-" "-"
132.196.61.110 - - [17/Apr/2026:00:18:34 +0000] "GET /bless.php HTTP/1.1" 401 188 "-" "-"
132.196.61.110 - - [17/Apr/2026:00:18:34 +0000] "GET /admin.php. HTTP/1.1" 301 178 "-" "-"
74.7.243.251 - - [17/Apr/2026:00:18:34 +0000] "GET /early-early-risers-swap-to-usdc-usdc/?path=//proc/thread-self/root/sys/class/misc/udmabuf/subsystem/udmabuf/subsystem/tun/subsystem/tun/subsystem/btrfs-control/subsystem/tun/subsystem/kvm/subsystem/fuse/subsystem/uinput HTTP/2.0" 200 3964 "https://quadcodewordpressapi.foach.site/early-early-risers-swap-to-usdc-usdc/?path=//proc/thread-self/root/sys/class/misc/udmabuf/subsystem/udmabuf/subsystem/tun/subsystem/tun/subsystem/btrfs-control/subsystem/tun/subsystem/kvm/subsystem/fuse/subsystem" "Mozilla/5.0 AppleWebKit/537.36 (KHTML, like Gecko; compatible; GPTBot/1.3; +https://openai.com/gptbot)"
132.196.61.110 - - [17/Apr/2026:00:18:34 +0000] "GET /admin.php. HTTP/1.1" 401 188 "-" "-"
132.196.61.110 - - [17/Apr/2026:00:18:35 +0000] "GET /flower.php HTTP/1.1" 301 178 "-" "-"
132.196.61.110 - - [17/Apr/2026:00:18:35 +0000] "GET /flower.php HTTP/1.1" 401 188 "-" "-"
74.7.243.251 - - [17/Apr/2026:00:18:35 +0000] "GET /early-early-risers-swap-to-usdc-usdc/?path=//proc/thread-self/root/sys/class/misc/udmabuf/subsystem/udmabuf/subsystem/tun/subsystem/tun/subsystem/btrfs-control/subsystem/tun/subsystem/kvm/subsystem/fuse/subsystem/vfio HTTP/2.0" 200 3964 "https://quadcodewordpressapi.foach.site/early-early-risers-swap-to-usdc-usdc/?path=//proc/thread-self/root/sys/class/misc/udmabuf/subsystem/udmabuf/subsystem/tun/subsystem/tun/subsystem/btrfs-control/subsystem/tun/subsystem/kvm/subsystem/fuse/subsystem" "Mozilla/5.0 AppleWebKit/537.36 (KHTML, like Gecko; compatible; GPTBot/1.3; +https://openai.com/gptbot)"
132.196.61.110 - - [17/Apr/2026:00:18:35 +0000] "GET /ioxi-o.php HTTP/1.1" 301 178 "-" "-"
132.196.61.110 - - [17/Apr/2026:00:18:35 +0000] "GET /ioxi-o.php HTTP/1.1" 401 188 "-" "-"
74.7.243.251 - - [17/Apr/2026:00:18:35 +0000] "GET /early-early-risers-swap-to-usdc-usdc/?path=//proc/thread-self/root/sys/class/misc/udmabuf/subsystem/udmabuf/subsystem/tun/subsystem/tun/subsystem/btrfs-control/subsystem/tun/subsystem/kvm/subsystem/fuse/subsystem/fuse HTTP/2.0" 200 3942 "https://quadcodewordpressapi.foach.site/early-early-risers-swap-to-usdc-usdc/?path=//proc/thread-self/root/sys/class/misc/udmabuf/subsystem/udmabuf/subsystem/tun/subsystem/tun/subsystem/btrfs-control/subsystem/tun/subsystem/kvm/subsystem/fuse/subsystem" "Mozilla/5.0 AppleWebKit/537.36 (KHTML, like Gecko; compatible; GPTBot/1.3; +https://openai.com/gptbot)"
132.196.61.110 - - [17/Apr/2026:00:18:35 +0000] "GET /wp-content/admin.php HTTP/1.1" 301 178 "-" "-"
132.196.61.110 - - [17/Apr/2026:00:18:35 +0000] "GET /wp-content/admin.php HTTP/1.1" 401 188 "-" "-"
132.196.61.110 - - [17/Apr/2026:00:18:36 +0000] "GET /xmrlpc.php HTTP/1.1" 301 178 "-" "-"
132.196.61.110 - - [17/Apr/2026:00:18:36 +0000] "GET /xmrlpc.php HTTP/1.1" 401 188 "-" "-"
74.7.243.251 - - [17/Apr/2026:00:18:36 +0000] "GET /early-early-risers-swap-to-usdc-usdc/?path=//proc/thread-self/root/sys/class/misc/udmabuf/subsystem/udmabuf/subsystem/tun/subsystem/tun/subsystem/btrfs-control/subsystem/tun/subsystem/kvm/subsystem/fuse/subsystem/tun HTTP/2.0" 200 3943 "https://quadcodewordpressapi.foach.site/early-early-risers-swap-to-usdc-usdc/?path=//proc/thread-self/root/sys/class/misc/udmabuf/subsystem/udmabuf/subsystem/tun/subsystem/tun/subsystem/btrfs-control/subsystem/tun/subsystem/kvm/subsystem/fuse/subsystem" "Mozilla/5.0 AppleWebKit/537.36 (KHTML, like Gecko; compatible; GPTBot/1.3; +https://openai.com/gptbot)"
132.196.61.110 - - [17/Apr/2026:00:18:36 +0000] "GET /class.php HTTP/1.1" 301 178 "-" "-"
132.196.61.110 - - [17/Apr/2026:00:18:36 +0000] "GET /class.php HTTP/1.1" 401 188 "-" "-"
132.196.61.110 - - [17/Apr/2026:00:18:36 +0000] "GET /goods.php HTTP/1.1" 301 178 "-" "-"
132.196.61.110 - - [17/Apr/2026:00:18:36 +0000] "GET /goods.php HTTP/1.1" 401 188 "-" "-"
74.7.243.251 - - [17/Apr/2026:00:18:36 +0000] "GET /early-early-risers-swap-to-usdc-usdc/?path=//proc/thread-self/root/sys/class/misc/udmabuf/subsystem/udmabuf/subsystem/tun/subsystem/tun/subsystem/btrfs-control/subsystem/tun/subsystem/kvm/subsystem/fuse/subsystem/hw_random HTTP/2.0" 200 4131 "https://quadcodewordpressapi.foach.site/early-early-risers-swap-to-usdc-usdc/?path=//proc/thread-self/root/sys/class/misc/udmabuf/subsystem/udmabuf/subsystem/tun/subsystem/tun/subsystem/btrfs-control/subsystem/tun/subsystem/kvm/subsystem/fuse/subsystem" "Mozilla/5.0 AppleWebKit/537.36 (KHTML, like Gecko; compatible; GPTBot/1.3; +https://openai.com/gptbot)"
132.196.61.110 - - [17/Apr/2026:00:18:36 +0000] "GET /as.php HTTP/1.1" 301 178 "-" "-"
132.196.61.110 - - [17/Apr/2026:00:18:37 +0000] "GET /as.php HTTP/1.1" 401 188 "-" "-"
132.196.61.110 - - [17/Apr/2026:00:18:37 +0000] "GET /aw.php HTTP/1.1" 301 178 "-" "-"
132.196.61.110 - - [17/Apr/2026:00:18:37 +0000] "GET /aw.php HTTP/1.1" 401 188 "-" "-"
74.7.243.251 - - [17/Apr/2026:00:18:37 +0000] "GET /early-early-risers-swap-to-usdc-usdc/?path=//proc/thread-self/root/sys/class/misc/udmabuf/subsystem/udmabuf/subsystem/tun/subsystem/tun/subsystem/btrfs-control/subsystem/tun/subsystem/kvm/subsystem/fuse/subsystem/psaux HTTP/2.0" 200 3965 "https://quadcodewordpressapi.foach.site/early-early-risers-swap-to-usdc-usdc/?path=//proc/thread-self/root/sys/class/misc/udmabuf/subsystem/udmabuf/subsystem/tun/subsystem/tun/subsystem/btrfs-control/subsystem/tun/subsystem/kvm/subsystem/fuse/subsystem" "Mozilla/5.0 AppleWebKit/537.36 (KHTML, like Gecko; compatible; GPTBot/1.3; +https://openai.com/gptbot)"
132.196.61.110 - - [17/Apr/2026:00:18:37 +0000] "GET /222.php HTTP/1.1" 301 178 "-" "-"
132.196.61.110 - - [17/Apr/2026:00:18:37 +0000] "GET /222.php HTTP/1.1" 401 188 "-" "-"
74.7.243.251 - - [17/Apr/2026:00:18:37 +0000] "GET /early-early-risers-swap-to-usdc-usdc/?path=//proc/thread-self/root/sys/class/misc/udmabuf/subsystem/udmabuf/subsystem/tun/subsystem/tun/subsystem/btrfs-control/subsystem/tun/subsystem/kvm/subsystem/fuse/subsystem/hpet HTTP/2.0" 200 3962 "https://quadcodewordpressapi.foach.site/early-early-risers-swap-to-usdc-usdc/?path=//proc/thread-self/root/sys/class/misc/udmabuf/subsystem/udmabuf/subsystem/tun/subsystem/tun/subsystem/btrfs-control/subsystem/tun/subsystem/kvm/subsystem/fuse/subsystem" "Mozilla/5.0 AppleWebKit/537.36 (KHTML, like Gecko; compatible; GPTBot/1.3; +https://openai.com/gptbot)"
132.196.61.110 - - [17/Apr/2026:00:18:38 +0000] "GET /chosen.php?p= HTTP/1.1" 301 178 "-" "-"
132.196.61.110 - - [17/Apr/2026:00:18:38 +0000] "GET /chosen.php?p= HTTP/1.1" 401 188 "-" "-"
132.196.61.110 - - [17/Apr/2026:00:18:38 +0000] "GET /defaults.php HTTP/1.1" 301 178 "-" "-"
74.7.243.251 - - [17/Apr/2026:00:18:38 +0000] "GET /early-early-risers-swap-to-usdc-usdc/?path=//proc/thread-self/root/sys/class/misc/udmabuf/subsystem/udmabuf/subsystem/tun/subsystem/tun/subsystem/hpet/subsystem/tun/subsystem/autofs/subsystem/mcelog/subsystem/kvm HTTP/2.0" 200 3949 "https://quadcodewordpressapi.foach.site/early-early-risers-swap-to-usdc-usdc/?path=//proc/thread-self/root/sys/class/misc/udmabuf/subsystem/udmabuf/subsystem/tun/subsystem/tun/subsystem/hpet/subsystem/tun/subsystem/autofs/subsystem/mcelog/subsystem" "Mozilla/5.0 AppleWebKit/537.36 (KHTML, like Gecko; compatible; GPTBot/1.3; +https://openai.com/gptbot)"
132.196.61.110 - - [17/Apr/2026:00:18:38 +0000] "GET /defaults.php HTTP/1.1" 401 188 "-" "-"
132.196.61.110 - - [17/Apr/2026:00:18:38 +0000] "GET /wp-includes/ HTTP/1.1" 301 178 "-" "-"
132.196.61.110 - - [17/Apr/2026:00:18:38 +0000] "GET /wp-includes/ HTTP/1.1" 401 188 "-" "-"
74.7.243.251 - - [17/Apr/2026:00:18:38 +0000] "GET /early-early-risers-swap-to-usdc-usdc/?path=//proc/thread-self/root/sys/class/misc/udmabuf/subsystem/udmabuf/subsystem/tun/subsystem/tun/subsystem/vfio/subsystem/fuse/subsystem/device-mapper/power HTTP/2.0" 200 4146 "https://quadcodewordpressapi.foach.site/early-early-risers-swap-to-usdc-usdc/?path=//proc/thread-self/root/sys/class/misc/udmabuf/subsystem/udmabuf/subsystem/tun/subsystem/tun/subsystem/vfio/subsystem/fuse/subsystem/device-mapper" "Mozilla/5.0 AppleWebKit/537.36 (KHTML, like Gecko; compatible; GPTBot/1.3; +https://openai.com/gptbot)"
132.196.61.110 - - [17/Apr/2026:00:18:38 +0000] "GET /13.php HTTP/1.1" 301 178 "-" "-"
132.196.61.110 - - [17/Apr/2026:00:18:39 +0000] "GET /13.php HTTP/1.1" 401 188 "-" "-"
132.196.61.110 - - [17/Apr/2026:00:18:39 +0000] "GET /new.php HTTP/1.1" 301 178 "-" "-"
74.7.243.251 - - [17/Apr/2026:00:18:39 +0000] "GET /early-early-risers-swap-to-usdc-usdc/?path=//proc/thread-self/root/sys/class/misc/udmabuf/subsystem/udmabuf/subsystem/tun/subsystem/tun/subsystem/uinput/subsystem/tun/subsystem/kvm/subsystem/vga_arbiter/subsystem HTTP/2.0" 200 4414 "https://quadcodewordpressapi.foach.site/early-early-risers-swap-to-usdc-usdc/?path=//proc/thread-self/root/sys/class/misc/udmabuf/subsystem/udmabuf/subsystem/tun/subsystem/tun/subsystem/uinput/subsystem/tun/subsystem/kvm/subsystem/vga_arbiter" "Mozilla/5.0 AppleWebKit/537.36 (KHTML, like Gecko; compatible; GPTBot/1.3; +https://openai.com/gptbot)"
132.196.61.110 - - [17/Apr/2026:00:18:39 +0000] "GET /new.php HTTP/1.1" 401 188 "-" "-"
132.196.61.110 - - [17/Apr/2026:00:18:39 +0000] "GET /k.php HTTP/1.1" 301 178 "-" "-"
74.7.243.251 - - [17/Apr/2026:00:18:40 +0000] "GET /early-early-risers-swap-to-usdc-usdc/?path=//proc/thread-self/root/sys/class/misc/udmabuf/subsystem/udmabuf/subsystem/btrfs-control/subsystem/tun/subsystem/tun/subsystem/kvm/subsystem/tun/subsystem/hw_random HTTP/2.0" 200 4095 "https://quadcodewordpressapi.foach.site/early-early-risers-swap-to-usdc-usdc/?path=//proc/thread-self/root/sys/class/misc/udmabuf/subsystem/udmabuf/subsystem/btrfs-control/subsystem/tun/subsystem/tun/subsystem/kvm/subsystem/tun/subsystem" "Mozilla/5.0 AppleWebKit/537.36 (KHTML, like Gecko; compatible; GPTBot/1.3; +https://openai.com/gptbot)"
74.7.243.251 - - [17/Apr/2026:00:18:40 +0000] "GET /early-early-risers-swap-to-usdc-usdc/?path=//proc/thread-self/root/sys/class/misc/udmabuf/subsystem/udmabuf/subsystem/btrfs-control/subsystem/tun/subsystem/tun/subsystem/kvm/subsystem/tun/subsystem/psaux HTTP/2.0" 200 3937 "https://quadcodewordpressapi.foach.site/early-early-risers-swap-to-usdc-usdc/?path=//proc/thread-self/root/sys/class/misc/udmabuf/subsystem/udmabuf/subsystem/btrfs-control/subsystem/tun/subsystem/tun/subsystem/kvm/subsystem/tun/subsystem" "Mozilla/5.0 AppleWebKit/537.36 (KHTML, like Gecko; compatible; GPTBot/1.3; +https://openai.com/gptbot)"
74.7.243.251 - - [17/Apr/2026:00:18:41 +0000] "GET /early-early-risers-swap-to-usdc-usdc/?path=//proc/thread-self/root/sys/class/misc/udmabuf/subsystem/udmabuf/subsystem/btrfs-control/subsystem/tun/subsystem/tun/subsystem/kvm/subsystem/tun/subsystem/uinput HTTP/2.0" 200 3937 "https://quadcodewordpressapi.foach.site/early-early-risers-swap-to-usdc-usdc/?path=//proc/thread-self/root/sys/class/misc/udmabuf/subsystem/udmabuf/subsystem/btrfs-control/subsystem/tun/subsystem/tun/subsystem/kvm/subsystem/tun/subsystem" "Mozilla/5.0 AppleWebKit/537.36 (KHTML, like Gecko; compatible; GPTBot/1.3; +https://openai.com/gptbot)"
74.7.243.251 - - [17/Apr/2026:00:18:41 +0000] "GET /early-early-risers-swap-to-usdc-usdc/?path=//proc/thread-self/root/sys/class/misc/udmabuf/subsystem/udmabuf/subsystem/btrfs-control/subsystem/tun/subsystem/tun/subsystem/kvm/subsystem/tun/subsystem/ecryptfs HTTP/2.0" 200 3941 "https://quadcodewordpressapi.foach.site/early-early-risers-swap-to-usdc-usdc/?path=//proc/thread-self/root/sys/class/misc/udmabuf/subsystem/udmabuf/subsystem/btrfs-control/subsystem/tun/subsystem/tun/subsystem/kvm/subsystem/tun/subsystem" "Mozilla/5.0 AppleWebKit/537.36 (KHTML, like Gecko; compatible; GPTBot/1.3; +https://openai.com/gptbot)"
74.7.243.251 - - [17/Apr/2026:00:18:42 +0000] "GET /early-early-risers-swap-to-usdc-usdc/?path=//proc/thread-self/root/sys/class/misc/udmabuf/subsystem/udmabuf/subsystem/btrfs-control/subsystem/tun/subsystem/tun/subsystem/kvm/subsystem/tun/subsystem/udmabuf HTTP/2.0" 200 3936 "https://quadcodewordpressapi.foach.site/early-early-risers-swap-to-usdc-usdc/?path=//proc/thread-self/root/sys/class/misc/udmabuf/subsystem/udmabuf/subsystem/btrfs-control/subsystem/tun/subsystem/tun/subsystem/kvm/subsystem/tun/subsystem" "Mozilla/5.0 AppleWebKit/537.36 (KHTML, like Gecko; compatible; GPTBot/1.3; +https://openai.com/gptbot)"
74.7.243.251 - - [17/Apr/2026:00:18:42 +0000] "GET /early-early-risers-swap-to-usdc-usdc/?path=//proc/thread-self/root/sys/class/misc/udmabuf/subsystem/udmabuf/subsystem/btrfs-control/subsystem/tun/subsystem/tun/subsystem/kvm/subsystem/tun/subsystem/snapshot HTTP/2.0" 200 3940 "https://quadcodewordpressapi.foach.site/early-early-risers-swap-to-usdc-usdc/?path=//proc/thread-self/root/sys/class/misc/udmabuf/subsystem/udmabuf/subsystem/btrfs-control/subsystem/tun/subsystem/tun/subsystem/kvm/subsystem/tun/subsystem" "Mozilla/5.0 AppleWebKit/537.36 (KHTML, like Gecko; compatible; GPTBot/1.3; +https://openai.com/gptbot)"
74.7.243.251 - - [17/Apr/2026:00:18:43 +0000] "GET /early-early-risers-swap-to-usdc-usdc/?path=//proc/thread-self/root/sys/class/misc/udmabuf/subsystem/udmabuf/subsystem/btrfs-control/subsystem/tun/subsystem/tun/subsystem/kvm/subsystem/tun/subsystem/cpu_dma_latency HTTP/2.0" 200 3942 "https://quadcodewordpressapi.foach.site/early-early-risers-swap-to-usdc-usdc/?path=//proc/thread-self/root/sys/class/misc/udmabuf/subsystem/udmabuf/subsystem/btrfs-control/subsystem/tun/subsystem/tun/subsystem/kvm/subsystem/tun/subsystem" "Mozilla/5.0 AppleWebKit/537.36 (KHTML, like Gecko; compatible; GPTBot/1.3; +https://openai.com/gptbot)"
74.7.243.251 - - [17/Apr/2026:00:18:43 +0000] "GET /early-early-risers-swap-to-usdc-usdc/?path=//proc/thread-self/root/sys/class/misc/udmabuf/subsystem/udmabuf/subsystem/btrfs-control/subsystem/tun/subsystem/tun/subsystem/kvm/subsystem/tun/subsystem/hpet HTTP/2.0" 200 3935 "https://quadcodewordpressapi.foach.site/early-early-risers-swap-to-usdc-usdc/?path=//proc/thread-self/root/sys/class/misc/udmabuf/subsystem/udmabuf/subsystem/btrfs-control/subsystem/tun/subsystem/tun/subsystem/kvm/subsystem/tun/subsystem" "Mozilla/5.0 AppleWebKit/537.36 (KHTML, like Gecko; compatible; GPTBot/1.3; +https://openai.com/gptbot)"
74.7.243.251 - - [17/Apr/2026:00:18:44 +0000] "GET /early-early-risers-swap-to-usdc-usdc/?path=//proc/thread-self/root/sys/class/misc/udmabuf/subsystem/udmabuf/subsystem/tun/subsystem/tun/subsystem/btrfs-control/subsystem/tun/subsystem/kvm/subsystem/fuse/subsystem/hpet/power HTTP/2.0" 200 4203 "https://quadcodewordpressapi.foach.site/early-early-risers-swap-to-usdc-usdc/?path=//proc/thread-self/root/sys/class/misc/udmabuf/subsystem/udmabuf/subsystem/tun/subsystem/tun/subsystem/btrfs-control/subsystem/tun/subsystem/kvm/subsystem/fuse/subsystem/hpet" "Mozilla/5.0 AppleWebKit/537.36 (KHTML, like Gecko; compatible; GPTBot/1.3; +https://openai.com/gptbot)"
74.7.243.251 - - [17/Apr/2026:00:18:44 +0000] "GET /early-early-risers-swap-to-usdc-usdc/?fileloc=//proc/thread-self/root/sys/class/misc/udmabuf/subsystem/udmabuf/subsystem/tun/subsystem/tun/subsystem/vfio/subsystem/fuse/subsystem/device-mapper/power/runtime_status&path=//proc/thread-self/root/sys/class/misc/udmabuf/subsystem/udmabuf/subsystem/tun/subsystem/tun/subsystem/vfio/subsystem/fuse/subsystem/device-mapper/power HTTP/2.0" 200 3329 "https://quadcodewordpressapi.foach.site/early-early-risers-swap-to-usdc-usdc/?path=//proc/thread-self/root/sys/class/misc/udmabuf/subsystem/udmabuf/subsystem/tun/subsystem/tun/subsystem/vfio/subsystem/fuse/subsystem/device-mapper/power" "Mozilla/5.0 AppleWebKit/537.36 (KHTML, like Gecko; compatible; GPTBot/1.3; +https://openai.com/gptbot)"
74.7.243.251 - - [17/Apr/2026:00:18:45 +0000] "GET /early-early-risers-swap-to-usdc-usdc/?path=//proc/thread-self/root/sys/class/misc/udmabuf/subsystem/udmabuf/subsystem/tun/subsystem/tun/subsystem/uinput/subsystem/tun/subsystem/kvm/subsystem/vga_arbiter/subsystem/psaux HTTP/2.0" 200 3959 "https://quadcodewordpressapi.foach.site/early-early-risers-swap-to-usdc-usdc/?path=//proc/thread-self/root/sys/class/misc/udmabuf/subsystem/udmabuf/subsystem/tun/subsystem/tun/subsystem/uinput/subsystem/tun/subsystem/kvm/subsystem/vga_arbiter/subsystem" "Mozilla/5.0 AppleWebKit/537.36 (KHTML, like Gecko; compatible; GPTBot/1.3; +https://openai.com/gptbot)"
